000
CXUS56 KHNX 030638
CF6MAE
PRELIMINARY LOCAL CLIMATOLOGICAL DATA (WS FORM: F-6)
STATION: MADERA CA AIRPORT
MONTH: APRIL
YEAR: 2023
LATITUDE: 36 58 N
LONGITUDE: 120 7 W
TEMPERATURE IN F: :PCPN: SNOW: WIND :SUNSHINE: SKY :PK WND
================================================================================
1 2 3 4 5 6A 6B 7 8 9 10 11 12 13 14 15 16 17 18
12Z AVG MX 2MIN
DY MAX MIN AVG DEP HDD CDD WTR SNW DPTH SPD SPD DIR MIN PSBL S-S WX SPD DR
================================================================================
1 67 37 52 -6 13 0 0.00 0.0 0 5.1 13 320 M M 0 15 340
2 66 41 54 -4 11 0 0.00 0.0 0 8.1 17 330 M M 3 1 22 330
3 57 40 49 -9 16 0 T 0.0 0 16.1 32 320 M M 2 40 330
4 59 36 48 -10 17 0 0.00 0.0 0 8.3 18 320 M M M 32 320
5 63 34 49 -9 16 0 0.00 0.0 0 3.7 10 290 M M M 15 290
6 70 37 54 -5 11 0 0.00 0.0 0 2.3 12 150 M M M 17 160
7 67 50 59 0 6 0 0.00 0.0 0 5.5 13 350 M M 7 15 360
8 72 44 58 -1 7 0 0.00 0.0 0 5.1 10 310 M M 0 15 290
9 76 44 60 1 5 0 0.00 0.0 0 4.1 12 320 M M M 16 290
10 82 48 65 6 0 0 0.00 0.0 0 5.2 17 320 M M M 23 320
11 74 52 63 3 2 0 0.00 0.0 0 9.5 17 320 M M M 24 350
12 68 45 57 -3 8 0 0.00 0.0 0 9.6 18 310 M M 0 22 320
13 66 41 54 -6 11 0 0.00 0.0 0 7.4 16 310 M M 0 19 310
14 72 38 55 -5 10 0 0.00 0.0 0 4.4 10 280 M M 0 13 290
15 76 40 58 -2 7 0 0.00 0.0 0 4.2 12 290 M M 0 14 300
16 74 44 59 -2 6 0 0.00 0.0 0 8.5 16 300 M M 0 22 300
17 68 44 56 -5 9 0 0.00 0.0 0 9.1 17 320 M M 0 24 320
18 65 40 53 -8 12 0 T 0.0 0 8.6 17 340 M M 2 22 330
19 67 37 52 -9 13 0 0.00 0.0 0 9.9 18 320 M M 0 24 320
20 74 36 55 -7 10 0 0.00 0.0 0 5.9 16 340 M M 0 20 340
21 80 43 62 0 3 0 0.00 0.0 0 3.9 16 340 M M 0 21 310
22 83 48 66 4 0 1 0.00 0.0 0 4.1 15 310 M M M 17 320
23 82 50 66 4 0 1 0.00 0.0 0 8.1 16 310 M M M 21 320
24 84 47 66 3 0 1 0.00 0.0 0 6.3 15 310 M M M 18 310
25 82 46 64 1 1 0 0.00 0.0 0 6.2 14 330 M M M 17 320
26 89 51 70 7 0 5 0.00 0.0 0 3.7 12 290 M M M 15 300
27 91 53 72 8 0 7 0.00 0.0 0 3.9 9 300 M M M 13 270
28 95 53 74 10 0 9 0.00 0.0 0 4.8 12 320 M M M 16 320
29 91 55 73 9 0 8 0.00 0.0 0 6.5 12 310 M M M 14 310
30 69 69 69 5 0 4 0.00 0.0 0 8.1 8 310 M M 0 M M
================================================================================
SM 2229 1343 194 36 T 0.0 196.2 M 14
================================================================================
AV 74.3 44.8 6.5 FASTST M M 1 MAX(MPH)
MISC ----> 32 320 40 330
================================================================================
NOTES:
# LAST OF SEVERAL OCCURRENCES
COLUMN 17 PEAK WIND IN M.P.H.
PRELIMINARY LOCAL CLIMATOLOGICAL DATA (WS FORM: F-6) , PAGE 2
STATION: MADERA CA AIRPORT
MONTH: APRIL
YEAR: 2023
LATITUDE: 36 58 N
LONGITUDE: 120 7 W
[TEMPERATURE DATA] [PRECIPITATION DATA] SYMBOLS USED IN COLUMN 16
AVERAGE MONTHLY: 59.5 TOTAL FOR MONTH: T 1 = FOG OR MIST
DPTR FM NORMAL: -1.2 DPTR FM NORMAL: -0.89 2 = FOG REDUCING VISIBILITY
HIGHEST: 95 ON 28 GRTST 24HR T ON 18-18 TO 1/4 MILE OR LESS
LOWEST: 34 ON 5 3 = THUNDER
SNOW, ICE PELLETS, HAIL 4 = ICE PELLETS
TOTAL MONTH: 0.0 INCH 5 = HAIL
GRTST 24HR 0.0 6 = FREEZING RAIN OR DRIZZLE
GRTST DEPTH: 0 7 = DUSTSTORM OR SANDSTORM:
VSBY 1/2 MILE OR LESS
8 = SMOKE OR HAZE
[NO. OF DAYS WITH] [WEATHER - DAYS WITH] 9 = BLOWING SNOW
X = TORNADO
MAX 32 OR BELOW: 0 0.01 INCH OR MORE: 0
MAX 90 OR ABOVE: 3 0.10 INCH OR MORE: 0
MIN 32 OR BELOW: 0 0.50 INCH OR MORE: 0
MIN 0 OR BELOW: 0 1.00 INCH OR MORE: 0
[HDD (BASE 65) ]
TOTAL THIS MO. 194 CLEAR (SCALE 0-3) 15
DPTR FM NORMAL 35 PTCLDY (SCALE 4-7) 1
TOTAL FM JUL 1 2667 CLOUDY (SCALE 8-10) 14
DPTR FM NORMAL 354
[CDD (BASE 65) ]
TOTAL THIS MO. 36
DPTR FM NORMAL 6 [PRESSURE DATA]
TOTAL FM JAN 1 36 HIGHEST SLP M ON M
DPTR FM NORMAL 3 LOWEST SLP 29.90 ON 17
[REMARKS]
#FINAL-04-23#