000
CXUS56 KHNX 051440
CF6MAE
PRELIMINARY LOCAL CLIMATOLOGICAL DATA (WS FORM: F-6)
STATION: MADERA CA AIRPORT
MONTH: SEPTEMBER
YEAR: 2023
LATITUDE: 36 58 N
LONGITUDE: 120 7 W
TEMPERATURE IN F: :PCPN: SNOW: WIND :SUNSHINE: SKY :PK WND
================================================================================
1 2 3 4 5 6A 6B 7 8 9 10 11 12 13 14 15 16 17 18
12Z AVG MX 2MIN
DY MAX MIN AVG DEP HDD CDD WTR SNW DPTH SPD SPD DIR MIN PSBL S-S WX SPD DR
================================================================================
1 90 58 74 -4 0 9 0.00 0.0 0 6.8 30 100 M M 2 34 80
2 87 62 75 -3 0 10 0.00 0.0 0 7.6 14 330 M M 4 16 340
3 81 61 71 -7 0 6 T 0.0 0 8.2 15 330 M M 5 20 320
4 86 54 70 -7 0 5 0.00 0.0 0 5.8 12 320 M M 0 15 320
5 92 57 75 -2 0 10 0.00 0.0 0 3.9 10 310 M M 0 13 290
6 93 60 77 0 0 12 0.00 0.0 0 6.4 14 310 M M 0 19 330
7 95 57 76 -1 0 11 0.00 0.0 0 4.2 9 310 M M 0 12 310
8 99 59 79 2 0 14 0.00 0.0 0 4.7 13 170 M M 0 17 170
9 96 66 81 5 0 16 0.04 0.0 0 5.9 13 270 M M 1 3 15 320
10 96 65 81 5 0 16 0.00 0.0 0 6.5 15 290 M M 1 17 320
11 95 58 77 1 0 12 0.00 0.0 0 6.1 12 310 M M 0 8 15 310
12 94 58 76 0 0 11 0.00 0.0 0 4.9 12 310 M M 0 14 300
13 94 56 75 -1 0 10 0.00 0.0 0 4.1 12 310 M M 0 14 330
14 96 59 78 2 0 13 0.00 0.0 0 4.8 10 320 M M 0 13 340
15 95 60 78 3 0 13 0.00 0.0 0 6.4 10 300 M M 0 8 15 310
16 91 61 76 1 0 11 0.00 0.0 0 7.7 14 290 M M 0 20 300
17 85 60 73 -2 0 8 0.00 0.0 0 8.4 14 320 M M 0 18 330
18 85 59 72 -2 0 7 0.00 0.0 0 7.6 15 300 M M 3 19 300
19 87 58 73 -1 0 8 0.00 0.0 0 6.6 13 310 M M 0 8 17 320
20 90 58 74 0 0 9 0.00 0.0 0 5.1 13 290 M M 0 8 16 290
21 82 58 70 -4 0 5 0.00 0.0 0 5.7 13 300 M M 1 8 16 300
22 84 51 68 -5 0 3 0.00 0.0 0 4.7 9 300 M M 0 18 14 320
23 87 51 69 -4 0 4 0.00 0.0 0 4.8 9 290 M M 0 18 13 10
24 89 51 70 -3 0 5 0.00 0.0 0 3.9 8 300 M M 0 18 12 190
25 86 53 70 -2 0 5 0.00 0.0 0 7.0 15 290 M M 0 8 20 300
26 86 53 70 -2 0 5 0.00 0.0 0 6.9 15 330 M M 0 23 300
27 86 54 70 -2 0 5 0.00 0.0 0 8.0 16 320 M M 0 22 300
28 86 53 70 -1 0 5 0.00 0.0 0 6.6 15 320 M M 0 20 300
29 86 52 69 -2 0 4 0.00 0.0 0 5.5 18 280 M M 0 23 290
30 75 52 64 -7 1 0 0.04 0.0 0 4.4 13 300 M M 5 1 17 300
================================================================================
SM 2674 1714 1 252 0.08 0.0 179.2 M 22
================================================================================
AV 89.1 57.1 6.0 FASTST M M 1 MAX(MPH)
MISC ----> 30 100 34 80
================================================================================
NOTES:
# LAST OF SEVERAL OCCURRENCES
COLUMN 17 PEAK WIND IN M.P.H.
PRELIMINARY LOCAL CLIMATOLOGICAL DATA (WS FORM: F-6) , PAGE 2
STATION: MADERA CA AIRPORT
MONTH: SEPTEMBER
YEAR: 2023
LATITUDE: 36 58 N
LONGITUDE: 120 7 W
[TEMPERATURE DATA] [PRECIPITATION DATA] SYMBOLS USED IN COLUMN 16
AVERAGE MONTHLY: 73.1 TOTAL FOR MONTH: 0.08 1 = FOG OR MIST
DPTR FM NORMAL: -1.7 DPTR FM NORMAL: 0.05 2 = FOG REDUCING VISIBILITY
HIGHEST: 99 ON 8 GRTST 24HR 0.04 ON 9- 9 TO 1/4 MILE OR LESS
LOWEST: 51 ON 24,23 3 = THUNDER
SNOW, ICE PELLETS, HAIL 4 = ICE PELLETS
TOTAL MONTH: 0.0 INCH 5 = HAIL
GRTST 24HR 0.0 6 = FREEZING RAIN OR DRIZZLE
GRTST DEPTH: 0 7 = DUSTSTORM OR SANDSTORM:
VSBY 1/2 MILE OR LESS
8 = SMOKE OR HAZE
[NO. OF DAYS WITH] [WEATHER - DAYS WITH] 9 = BLOWING SNOW
X = TORNADO
MAX 32 OR BELOW: 0 0.01 INCH OR MORE: 2
MAX 90 OR ABOVE: 14 0.10 INCH OR MORE: 0
MIN 32 OR BELOW: 0 0.50 INCH OR MORE: 0
MIN 0 OR BELOW: 0 1.00 INCH OR MORE: 0
[HDD (BASE 65) ]
TOTAL THIS MO. 1 CLEAR (SCALE 0-3) 27
DPTR FM NORMAL -3 PTCLDY (SCALE 4-7) 3
TOTAL FM JUL 1 1 CLOUDY (SCALE 8-10) 0
DPTR FM NORMAL 1
[CDD (BASE 65) ]
TOTAL THIS MO. 252
DPTR FM NORMAL -44 [PRESSURE DATA]
TOTAL FM JAN 1 1670 HIGHEST SLP 30.13 ON 26
DPTR FM NORMAL -3 LOWEST SLP 29.72 ON 20
[REMARKS]
#FINAL-09-23#