000
CXUS56 KHNX 051520
CLMMAE
CLIMATE REPORT
NATIONAL WEATHER SERVICE
820 AM PDT SAT AUG 05 2023
...................................
...THE MADERA CA AIRPORT CLIMATE SUMMARY FOR THE MONTH OF JULY 2023...
CLIMATE NORMAL PERIOD 1991 TO 2020
CLIMATE RECORD PERIOD 1898 TO 2023
WEATHER OBSERVED NORMAL DEPART LAST YEAR`S
VALUE DATE(S) VALUE FROM VALUE DATE(S)
NORMAL
................................................................
TEMPERATURE (F)
RECORD
HIGH 116 07/13/1961
LOW 42 07/01/1963
HIGHEST 109 07/01 MM 107 07/17
07/23
LOWEST 52 07/10 MM 53 07/04
07/03
MEAN 81.6 80.2 1.4 80.8
DAYS MAX >= 90 29 28.8 0.2 28
DAYS MIN <= 32 0 0.0 0.0 0
PRECIPITATION (INCHES)
RECORD
MAXIMUM 0.38 1958
MINIMUM 0.00 2022
TOTALS 0.00 0.01 -0.01
DAYS >= .01 0 0.1 -0.1 0
DAYS >= .10 0 0.0 0.0 0
DAYS >= .50 0 0.0 0.0 0
DAYS >= 1.00 0 0.0 0.0 0
SNOWFALL (INCHES)
RECORDS
TOTAL MM MM
TOTALS 0.0 MM
DEGREE DAYS
HEATING TOTAL 0 0 0 0
SINCE 7/1 0 0 0 MM
COOLING TOTAL 526 470 56 496
SINCE 1/1 938 943 -5 MM
................................................................
WIND (MPH)
AVERAGE WIND SPEED 6.5
HIGHEST WIND SPEED/DIRECTION 16/300 DATE 07/02
HIGHEST GUST SPEED/DIRECTION 22/010 DATE 07/23
AVERAGE RH (PERCENT) 47
WEATHER CONDITIONS. NUMBER OF DAYS WITH
THUNDERSTORM 0 RAIN 0
HAIL 0 FOG 0
FOG W/VIS <= 1/4 MILE 0 HAZE 4
- INDICATES NEGATIVE NUMBERS.
R INDICATES RECORD WAS SET OR TIED.
MM INDICATES DATA IS MISSING.
T INDICATES TRACE AMOUNT.
$$