000
CXUS54 KMAF 011514
CF6MAF
PRELIMINARY LOCAL CLIMATOLOGICAL DATA (WS FORM: F-6)
STATION: MIDLAND INTERNATIONAL AIRPORT
MONTH: MARCH
YEAR: 2024
LATITUDE: 31 57 N
LONGITUDE: 102 11 W
TEMPERATURE IN F: :PCPN: SNOW: WIND :SUNSHINE: SKY :PK WND
================================================================================
1 2 3 4 5 6A 6B 7 8 9 10 11 12 13 14 15 16 17 18
12Z AVG MX 2MIN
DY MAX MIN AVG DEP HDD CDD WTR SNW DPTH SPD SPD DIR MIN PSBL S-S WX SPD DR
================================================================================
1 73 39 56 2 9 0 0.00 0.0 0 10.2 20 230 M M 0 25 230
2 79 48 64 10 1 0 0.00 0.0 0 11.5 25 240 M M 0 34 210
3 78 49 64 10 1 0 0.00 0.0 0 16.0 33 260 M M 0 43 260
4 76 49 63 9 2 0 0.00 0.0 0 11.2 24 260 M M 0 32 270
5 76 45 61 6 4 0 0.00 0.0 0 8.0 17 80 M M 0 21 70
6 78 42 60 5 5 0 0.00 0.0 0 6.9 26 250 M M 1 36 270
7 75 56 66 11 0 1 0.00 0.0 0 7.5 22 270 M M 3 27 260
8 59 40 50 -6 15 0 0.00 0.0 0 16.0 26 30 M M 2 33 30
9 54 36 45 -11 20 0 0.00 0.0 0 8.7 23 10 M M 5 28 10
10 63 31 47 -9 18 0 0.00 0.0 0 5.4 14 180 M M 1 20 170
11 72 39 56 -1 9 0 0.00 0.0 0 10.0 18 190 M M 0 31 180
12 80 52 66 9 0 1 0.00 0.0 0 12.4 22 230 M M 0 29 230
13 81 53 67 10 0 2 0.00 0.0 0 13.6 32 250 M M 0 41 250
14 79 45 62 4 3 0 0.00 0.0 0 9.5 20 80 M M 0 28 90
15 62 43 53 -5 12 0 0.49 T 0 19.2 38 40 M M 8 135 51 10
16 53 46 50 -8 15 0 0.05 0.0 0 9.1 16 60 M M 10 1 20 40
17 53 48 51 -7 14 0 0.01 0.0 0 10.2 16 30 M M 10 1 20 10
18 61 44 53 -6 12 0 0.00 0.0 0 9.4 17 80 M M 6 22 110
19 66 44 55 -4 10 0 0.00 0.0 0 10.3 20 170 M M 3 25 190
20 74 44 59 0 6 0 0.04 0.0 0 8.7 30 280 M M 2 39 260
21 71 50 61 1 4 0 0.01 0.0 0 7.4 21 330 M M 3 3 27 340
22 78 45 62 2 3 0 0.00 0.0 0 8.0 18 80 M M 0 26 70
23 74 49 62 2 3 0 0.00 0.0 0 17.7 32 160 M M 1 40 170
24 79 54 67 7 0 2 0.00 0.0 0 22.6 43 280 M M 1 8 61 290
25 65 41 53 -8 12 0 T 0.0 0 17.0 37 310 M M 3 8 54 320
26 65 33 49 -12 16 0 T 0.0 0 9.9 32 270 M M 1 42 260
27 69 42 56 -5 9 0 0.00 0.0 0 12.3 26 300 M M 1 37 290
28 77 35 56 -6 9 0 0.00 0.0 0 10.6 24 190 M M 0 32 190
29 83 56 70 8 0 5 0.00 0.0 0 14.0 23 190 M M 0 33 190
30 83 56 70 8 0 5 0.00 0.0 0 8.8 20 170 M M 0 26 170
31 84 59 72 10 0 7 0.00 0.0 0 12.3 22 150 M M 1 26 200
================================================================================
SM 2220 1413 212 23 0.60 T 354.4 M 62
================================================================================
AV 71.6 45.6 11.4 FASTST M M 2 MAX(MPH)
MISC ----> 43 280 61 290
================================================================================
NOTES:
# LAST OF SEVERAL OCCURRENCES
COLUMN 17 PEAK WIND IN M.P.H.
PRELIMINARY LOCAL CLIMATOLOGICAL DATA (WS FORM: F-6) , PAGE 2
STATION: MIDLAND INTERNATIONAL AIRPORT
MONTH: MARCH
YEAR: 2024
LATITUDE: 31 57 N
LONGITUDE: 102 11 W
[TEMPERATURE DATA] [PRECIPITATION DATA] SYMBOLS USED IN COLUMN 16
AVERAGE MONTHLY: 58.6 TOTAL FOR MONTH: 0.60 1 = FOG OR MIST
DPTR FM NORMAL: 0.6 DPTR FM NORMAL: -0.08 2 = FOG REDUCING VISIBILITY
HIGHEST: 84 ON 31 GRTST 24HR 0.53 ON 15-16 TO 1/4 MILE OR LESS
LOWEST: 31 ON 10 3 = THUNDER
SNOW, ICE PELLETS, HAIL 4 = ICE PELLETS
TOTAL MONTH: T 5 = HAIL
GRTST 24HR T ON 15-15 6 = FREEZING RAIN OR DRIZZLE
GRTST DEPTH: 0 7 = DUSTSTORM OR SANDSTORM:
VSBY 1/2 MILE OR LESS
8 = SMOKE OR HAZE
[NO. OF DAYS WITH] [WEATHER - DAYS WITH] 9 = BLOWING SNOW
X = TORNADO
MAX 32 OR BELOW: 0 0.01 INCH OR MORE: 5
MAX 90 OR ABOVE: 0 0.10 INCH OR MORE: 1
MIN 32 OR BELOW: 1 0.50 INCH OR MORE: 0
MIN 0 OR BELOW: 0 1.00 INCH OR MORE: 0
[HDD (BASE 65) ]
TOTAL THIS MO. 212 CLEAR (SCALE 0-3) 23
DPTR FM NORMAL -37 PTCLDY (SCALE 4-7) 5
TOTAL FM JUL 1 2163 CLOUDY (SCALE 8-10) 3
DPTR FM NORMAL -107
[CDD (BASE 65) ]
TOTAL THIS MO. 23
DPTR FM NORMAL -10 [PRESSURE DATA]
TOTAL FM JAN 1 34 HIGHEST SLP 30.32 ON 9
DPTR FM NORMAL -3 LOWEST SLP 29.31 ON 24
[REMARKS]
#FINAL-03-24#