000
CXUS54 KLIX 010810
CF6MCB
PRELIMINARY LOCAL CLIMATOLOGICAL DATA (WS FORM: F-6)
STATION: MCCOMB
MONTH: MARCH
YEAR: 2024
LATITUDE: 31 10 N
LONGITUDE: 90 28 W
TEMPERATURE IN F: :PCPN: SNOW: WIND :SUNSHINE: SKY :PK WND
================================================================================
1 2 3 4 5 6A 6B 7 8 9 10 11 12 13 14 15 16 17 18
12Z AVG MX 2MIN
DY MAX MIN AVG DEP HDD CDD WTR SNW DPTH SPD SPD DIR MIN PSBL S-S WX SPD DR
================================================================================
1 58 43 51 -5 14 0 2.53 M M 4.2 12 320 M M 9 123 16 350
2 69 48 59 3 6 0 0.00 0.0 M 3.3 9 150 M M 8 12 13 160
3 76 57 67 10 0 2 0.00 0.0 M 5.8 14 160 M M 8 12 18 170
4 73 64 69 12 0 4 0.66 0.0 M 5.8 13 140 M M 9 123 18 160
5 66 57 62 5 3 0 0.90 0.0 M 3.6 15 310 M M 8 123 21 140
6 79 57 68 11 0 3 0.00 0.0 M 4.1 12 350 M M 4 12 15 350
7 78 56 67 9 0 2 0.00 0.0 M 6.8 16 160 M M 0 1 21 150
8 77 58 68 10 0 3 1.27 0.0 M 9.5 23 180 M M 9 13 36 170
9 66 51 59 1 6 0 0.00 0.0 M 11.4 21 330 M M 8 27 330
10 65 39 52 -6 13 0 0.00 0.0 M 5.8 17 320 M M 0 22 320
11 69 45 57 -1 8 0 0.00 0.0 M 3.1 9 120 M M 0 16 120
12 73 40 57 -2 8 0 0.00 0.0 M 4.3 16 180 M M 2 18 23 150
13 76 53 65 6 0 0 T 0.0 M 7.5 20 160 M M 4 1 26 160
14 83 57 70 11 0 5 T 0.0 M 10.6 21 150 M M 7 13 29 170
15 81 60 71 12 0 6 0.56 0.0 M 6.9 30 340 M M 6 123 45 350
16 73 57 65 5 0 0 0.00 0.0 M 3.2 9 350 M M 7 1 14 360
17 64 56 60 0 5 0 1.58 0.0 M 4.1 14 350 M M 8 123 19 10
18 63 42 53 -7 12 0 0.00 0.0 M 11.7 28 340 M M 4 37 330
19 62 29 46 -14 19 0 0.00 0.0 M 2.5 10 140 M M 0 16 20
20 70 34 52 -8 13 0 0.00 0.0 M 2.4 12 230 M M 2 16 200
21 68 43 56 -4 9 0 T 0.0 M 4.4 15 160 M M 4 22 150
22 69 54 62 1 3 0 0.10 0.0 M 7.9 17 280 M M 9 1 25 300
23 71 50 61 0 4 0 0.00 0.0 M 11.0 20 330 M M 4 1 28 330
24 65 45 55 -6 10 0 0.00 0.0 M 7.8 18 150 M M 1 1 27 160
25 74 55 65 4 0 0 0.82 0.0 M 17.4 30 160 M M 9 13 46 120
26 73 53 63 2 2 0 1.36 0.0 M 4.4 16 190 M M 5 13 20 180
27 65 47 56 -6 9 0 0.00 0.0 M 7.6 14 340 M M 0 21 20
28 71 42 57 -5 8 0 0.00 0.0 M 5.5 13 360 M M 0 18 360
29 74 38 56 -6 9 0 0.00 0.0 M 6.3 18 160 M M 0 26 160
30 78 49 64 2 1 0 0.00 0.0 M 6.7 15 160 M M 4 25 180
31 78 60 69 7 0 4 0.00 0.0 M 7.8 16 160 M M 7 12 24 160
================================================================================
SM 2207 1539 162 29 9.78 0.0 203.4 M 146
================================================================================
AV 71.2 49.6 6.6 FASTST M M 5 MAX(MPH)
MISC ----> # 30 340 46 120
================================================================================
NOTES:
# LAST OF SEVERAL OCCURRENCES
COLUMN 17 PEAK WIND IN M.P.H.
PRELIMINARY LOCAL CLIMATOLOGICAL DATA (WS FORM: F-6) , PAGE 2
STATION: MCCOMB
MONTH: MARCH
YEAR: 2024
LATITUDE: 31 10 N
LONGITUDE: 90 28 W
[TEMPERATURE DATA] [PRECIPITATION DATA] SYMBOLS USED IN COLUMN 16
AVERAGE MONTHLY: 60.4 TOTAL FOR MONTH: 9.78 1 = FOG OR MIST
DPTR FM NORMAL: 0.9 DPTR FM NORMAL: 4.27 2 = FOG REDUCING VISIBILITY
HIGHEST: 83 ON 14 GRTST 24HR 2.53 ON 1- 1 TO 1/4 MILE OR LESS
LOWEST: 29 ON 19 3 = THUNDER
SNOW, ICE PELLETS, HAIL 4 = ICE PELLETS
TOTAL MONTH: 0.0 INCH 5 = HAIL
GRTST 24HR 0.0 6 = FREEZING RAIN OR DRIZZLE
GRTST DEPTH: M ON M 7 = DUSTSTORM OR SANDSTORM:
VSBY 1/2 MILE OR LESS
8 = SMOKE OR HAZE
[NO. OF DAYS WITH] [WEATHER - DAYS WITH] 9 = BLOWING SNOW
X = TORNADO
MAX 32 OR BELOW: 0 0.01 INCH OR MORE: 9
MAX 90 OR ABOVE: 0 0.10 INCH OR MORE: 9
MIN 32 OR BELOW: 1 0.50 INCH OR MORE: 8
MIN 0 OR BELOW: 0 1.00 INCH OR MORE: 4
[HDD (BASE 65) ]
TOTAL THIS MO. 162 CLEAR (SCALE 0-3) 10
DPTR FM NORMAL -49 PTCLDY (SCALE 4-7) 15
TOTAL FM JUL 1 1758 CLOUDY (SCALE 8-10) 6
DPTR FM NORMAL -75
[CDD (BASE 65) ]
TOTAL THIS MO. 29
DPTR FM NORMAL -10 [PRESSURE DATA]
TOTAL FM JAN 1 46 HIGHEST SLP M ON M
DPTR FM NORMAL -13 LOWEST SLP 29.59 ON 25
[REMARKS]
#FINAL-03-24#