000
CXUS54 KLIX 010810
CF6MCB
PRELIMINARY LOCAL CLIMATOLOGICAL DATA (WS FORM: F-6)
STATION: MCCOMB
MONTH: APRIL
YEAR: 2021
LATITUDE: 31 10 N
LONGITUDE: 90 28 W
TEMPERATURE IN F: :PCPN: SNOW: WIND :SUNSHINE: SKY :PK WND
================================================================================
1 2 3 4 5 6A 6B 7 8 9 10 11 12 13 14 15 16 17 18
12Z AVG MX 2MIN
DY MAX MIN AVG DEP HDD CDD WTR SNW DPTH SPD SPD DIR MIN PSBL S-S WX SPD DR
================================================================================
1 64 42 53 -9 12 0 0.00 0.0 M 10.7 23 340 M M 1 35 350
2 65 37 51 -11 14 0 0.00 M M 4.8 14 70 M M 0 24 50
3 68 36 52 -10 13 0 0.00 M M 2.0 12 160 M M 0 8 15 150
4 75 43 59 -3 6 0 0.00 M M 2.2 10 160 M M 0 1 13 160
5 79 49 64 1 1 0 0.00 M M 3.7 15 150 M M 2 19 150
6 80 53 67 4 0 2 0.00 M M 7.2 23 160 M M 6 12 31 160
7 79 60 70 7 0 5 0.16 M M 9.5 28 180 M M 6 138 34 180
8 83 58 71 8 0 6 0.92 M M 3.6 20 200 M M 4 123 27 190
9 87 59 73 9 0 8 0.43 M M 10.8 28 330 M M 7 123 35 340
10 81 59 70 6 0 5 2.56 M M 6.4 20 270 M M 5 13 30 40
11 79 51 65 1 0 0 0.00 M M 4.6 13 350 M M 1 16 330
12 84 47 66 2 0 1 0.00 M M 3.7 15 160 M M 0 8 20 170
13 67 54 61 -3 4 0 0.71 M M 5.8 25 150 M M 2 138 42 150
14 63 55 59 -6 6 0 2.02 0.0 M 4.6 25 140 M M 7 13 33 130
15 74 61 68 3 0 3 0.57 0.0 M 6.3 17 350 M M 7 13 21 350
16 69 56 63 -2 2 0 0.75 0.0 M 5.1 14 130 M M 7 1 18 140
17 64 55 60 -5 5 0 0.01 0.0 M 7.4 16 340 M M 8 1 18 340
18 71 51 61 -5 4 0 0.00 0.0 M 6.1 16 310 M M 1 19 310
19 73 46 60 -6 5 0 0.00 0.0 M 4.3 15 350 M M 0 20 350
20 78 54 66 0 0 1 0.00 0.0 M 3.1 12 310 M M 2 16 260
21 64 44 54 -12 11 0 0.00 M M 11.0 22 350 M M 0 30 330
22 71 44 58 -8 7 0 0.00 M M 5.1 12 140 M M 0 16 80
23 74 51 63 -4 2 0 0.92 M M 8.6 20 150 M M 8 138 27 160
24 83 61 72 5 0 7 1.90 M M 10.4 24 180 M M 5 13 35 270
25 80 54 67 0 0 2 0.00 M M 3.9 12 340 M M 0 16 30
26 80 51 66 -2 0 1 0.00 M M 6.4 15 160 M M 0 19 160
27 84 61 73 5 0 8 0.00 M M 10.0 21 170 M M 8 1 26 160
28 86 70 78 10 0 13 T M M 11.9 21 180 M M 5 1 29 160
29 87 71 79 11 0 14 0.00 M M 6.6 16 170 M M 7 20 170
30 79 64 72 3 0 7 0.10 0.0 M 4.6 17 340 M M 5 18 22 330
================================================================================
SM 2271 1597 92 83 11.05 0.0 190.4 M 104
================================================================================
AV 75.7 53.2 6.3 FASTST M M 3 MAX(MPH)
MISC ----> # 28 180 42 150
================================================================================
NOTES:
# LAST OF SEVERAL OCCURRENCES
COLUMN 17 PEAK WIND IN M.P.H.
PRELIMINARY LOCAL CLIMATOLOGICAL DATA (WS FORM: F-6) , PAGE 2
STATION: MCCOMB
MONTH: APRIL
YEAR: 2021
LATITUDE: 31 10 N
LONGITUDE: 90 28 W
[TEMPERATURE DATA] [PRECIPITATION DATA] SYMBOLS USED IN COLUMN 16
AVERAGE MONTHLY: 64.5 TOTAL FOR MONTH: 11.05 1 = FOG OR MIST
DPTR FM NORMAL: -0.6 DPTR FM NORMAL: 6.17 2 = FOG REDUCING VISIBILITY
HIGHEST: 87 ON 29, 9 GRTST 24HR 2.99 ON 9-10 TO 1/4 MILE OR LESS
LOWEST: 36 ON 3 3 = THUNDER
SNOW, ICE PELLETS, HAIL 4 = ICE PELLETS
TOTAL MONTH: 0.0 INCH 5 = HAIL
GRTST 24HR 0.0 6 = FREEZING RAIN OR DRIZZLE
GRTST DEPTH: M ON M 7 = DUSTSTORM OR SANDSTORM:
VSBY 1/2 MILE OR LESS
8 = SMOKE OR HAZE
[NO. OF DAYS WITH] [WEATHER - DAYS WITH] 9 = BLOWING SNOW
X = TORNADO
MAX 32 OR BELOW: 0 0.01 INCH OR MORE: 12
MAX 90 OR ABOVE: 0 0.10 INCH OR MORE: 11
MIN 32 OR BELOW: 0 0.50 INCH OR MORE: 8
MIN 0 OR BELOW: 0 1.00 INCH OR MORE: 3
[HDD (BASE 65) ]
TOTAL THIS MO. 92 CLEAR (SCALE 0-3) 15
DPTR FM NORMAL 5 PTCLDY (SCALE 4-7) 14
TOTAL FM JUL 1 1830 CLOUDY (SCALE 8-10) 1
DPTR FM NORMAL -192
[CDD (BASE 65) ]
TOTAL THIS MO. 83
DPTR FM NORMAL -5 [PRESSURE DATA]
TOTAL FM JAN 1 194 HIGHEST SLP M ON M
DPTR FM NORMAL 60 LOWEST SLP 29.64 ON 24
[REMARKS]
#FINAL-04-21#