000
CXUS55 KEAX 010836
CF6MCI
PRELIMINARY LOCAL CLIMATOLOGICAL DATA (WS FORM: F-6)
STATION: KANSAS CITY INTERNATIONAL MO
MONTH: JANUARY
YEAR: 2021
LATITUDE: 39 19 N
LONGITUDE: 94 43 W
TEMPERATURE IN F: :PCPN: SNOW: WIND :SUNSHINE: SKY :PK WND
================================================================================
1 2 3 4 5 6A 6B 7 8 9 10 11 12 13 14 15 16 17 18
12Z AVG MX 2MIN
DY MAX MIN AVG DEP HDD CDD WTR SNW DPTH SPD SPD DIR MIN PSBL S-S WX SPD DR
================================================================================
1 33 23 28 -1 37 0 0.57 2.2 0 12.7 22 350 M M 9 14 29 350
2 34 20 27 -2 38 0 0.00 0.0 2 3.4 8 340 M M 8 18 12 320
3 38 19 29 0 36 0 0.00 0.0 1 8.3 16 150 M M 9 128 19 160
4 45 29 37 8 28 0 0.00 0.0 T 7.7 17 310 M M 5 12 23 320
5 52 24 38 9 27 0 0.00 0.0 T 9.2 17 120 M M 5 21 130
6 41 38 40 11 25 0 0.28 0.0 0 10.5 20 150 M M 10 1 24 140
7 39 27 33 4 32 0 0.01 0.0 0 10.3 16 50 M M 10 18 21 50
8 39 26 33 4 32 0 0.00 0.0 0 6.1 10 360 M M 6 18 14 330
9 36 25 31 3 34 0 0.00 0.0 0 6.3 12 330 M M 9 18 16 350
10 34 24 29 1 36 0 0.00 0.0 0 5.9 13 340 M M 10 8 16 350
11 46 24 35 7 30 0 0.00 0.0 0 9.4 17 210 M M 2 1 24 230
12 55 28 42 14 23 0 0.00 0.0 0 9.9 15 210 M M 1 21 210
13 56 32 44 16 21 0 0.00 0.0 0 10.8 20 210 M M 5 26 180
14 49 36 43 15 22 0 0.01 0.0 0 17.0 30 320 M M 8 49 340
15 37 31 34 6 31 0 0.16 1.0 1 18.1 31 300 M M 10 19 44 300
16 35 27 31 3 34 0 0.00 0.0 1 8.9 17 330 M M 9 9 25 330
17 44 23 34 5 31 0 0.00 0.0 T 8.2 18 290 M M 6 27 320
18 40 26 33 4 32 0 0.00 0.0 0 6.3 17 110 M M 7 12 23 100
19 48 26 37 8 28 0 0.00 0.0 0 8.3 24 290 M M 6 12 35 290
20 55 21 38 9 27 0 0.00 0.0 0 13.1 29 220 M M 2 8 40 220
21 60 24 42 13 23 0 0.00 0.0 0 7.3 17 10 M M 1 23 10
22 36 24 30 1 35 0 0.00 0.0 0 7.3 13 30 M M 4 17 20
23 42 21 32 3 33 0 0.00 0.0 0 12.0 20 140 M M 5 29 130
24 40 36 38 9 27 0 0.01 T 0 7.3 15 70 M M 10 1 19 60
25 38 29 34 5 31 0 0.44 0.2 0 12.7 21 70 M M 10 16 31 70
26 29 23 26 -3 39 0 0.02 0.4 1 10.3 16 60 M M 10 1 20 10
27 28 22 25 -4 40 0 0.12 1.3 2 7.2 14 30 M M 10 1 17 50
28 34 18 26 -3 39 0 0.00 0.0 2 9.1 17 170 M M 8 23 180
29 50 26 38 8 27 0 0.00 0.0 T 12.9 18 170 M M 5 25 160
30 51 32 42 12 23 0 0.85 0.0 0 12.6 26 340 M M 7 1 36 330
31 35 30 33 3 32 0 0.00 0.0 0 15.0 26 330 M M 10 18 36 330
================================================================================
SM 1299 814 953 0 2.47 5.1 304.1 M 217
================================================================================
AV 41.9 26.3 9.8 FASTST M M 7 MAX(MPH)
MISC ----> 31 300 49 340
================================================================================
NOTES:
# LAST OF SEVERAL OCCURRENCES
COLUMN 17 PEAK WIND IN M.P.H.
PRELIMINARY LOCAL CLIMATOLOGICAL DATA (WS FORM: F-6) , PAGE 2
STATION: KANSAS CITY INTERNATIONAL MO
MONTH: JANUARY
YEAR: 2021
LATITUDE: 39 19 N
LONGITUDE: 94 43 W
[TEMPERATURE DATA] [PRECIPITATION DATA] SYMBOLS USED IN COLUMN 16
AVERAGE MONTHLY: 34.1 TOTAL FOR MONTH: 2.47 1 = FOG OR MIST
DPTR FM NORMAL: 5.3 DPTR FM NORMAL: 1.40 2 = FOG REDUCING VISIBILITY
HIGHEST: 60 ON 21 GRTST 24HR 0.96 ON 30-30 TO 1/4 MILE OR LESS
LOWEST: 18 ON 28 3 = THUNDER
SNOW, ICE PELLETS, HAIL 4 = ICE PELLETS
TOTAL MONTH: 5.1 INCHES 5 = HAIL
GRTST 24HR 2.2 ON 1- 1 6 = FREEZING RAIN OR DRIZZLE
GRTST DEPTH: 2 ON 27,28 7 = DUSTSTORM OR SANDSTORM:
VSBY 1/2 MILE OR LESS
8 = SMOKE OR HAZE
[NO. OF DAYS WITH] [WEATHER - DAYS WITH] 9 = BLOWING SNOW
X = TORNADO
MAX 32 OR BELOW: 2 0.01 INCH OR MORE: 10
MAX 90 OR ABOVE: 0 0.10 INCH OR MORE: 6
MIN 32 OR BELOW: 28 0.50 INCH OR MORE: 2
MIN 0 OR BELOW: 0 1.00 INCH OR MORE: 0
[HDD (BASE 65) ]
TOTAL THIS MO. 953 CLEAR (SCALE 0-3) 4
DPTR FM NORMAL -169 PTCLDY (SCALE 4-7) 13
TOTAL FM JUL 1 2752 CLOUDY (SCALE 8-10) 14
DPTR FM NORMAL -404
[CDD (BASE 65) ]
TOTAL THIS MO. 0
DPTR FM NORMAL 0 [PRESSURE DATA]
TOTAL FM JAN 1 0 HIGHEST SLP 30.65 ON 28
DPTR FM NORMAL 0 LOWEST SLP 29.48 ON 30
[REMARKS]
#FINAL-01-21#