000
CXUS53 KGLD 022006
CLMMCK
CLIMATE REPORT
NATIONAL WEATHER SERVICE
206 PM MDT SUN JUL 02 2023
...................................
...THE MCCOOK NE CLIMATE SUMMARY FOR THE MONTH OF JUNE 2023...
CLIMATE NORMAL PERIOD: 1991 TO 2020
CLIMATE RECORD PERIOD: 1896 TO 2023
WEATHER OBSERVED NORMAL DEPART LAST YEAR`S
VALUE DATE(S) VALUE FROM VALUE DATE(S)
NORMAL
................................................................
TEMPERATURE (F)
RECORD
HIGH 115 06/26/2012
LOW 33 06/11/1998
06/06/1998
HIGHEST 90 06/23 99 -9 109 06/13
06/24
06/28
LOWEST 50 06/14 45 5 41 06/02
AVG. MAXIMUM 83.1 86.0 -2.9 90.2
AVG. MINIMUM 58.4 58.4 -0.0 60.7
MEAN 70.7 72.2 -1.5 75.4
DAYS MAX >= 90 3 11.7 -8.7 15
DAYS MAX <= 32 0 0.0 0.0 0
DAYS MIN <= 32 0 0.0 0.0 0
DAYS MIN <= 0 0 0.0 0.0 0
PRECIPITATION (INCHES)
RECORD
MAXIMUM 8.05 2014
MINIMUM 0.27 2017
TOTALS 2.71 3.09 -0.38 1.85
DAILY AVG. 0.09 0.10 -0.01 0.06
DAYS >= .01 8 9.6 -1.6 7
DAYS >= .10 6 5.5 0.5 3
DAYS >= .50 2 1.7 0.3 1
DAYS >= 1.00 1 0.8 0.2 1
GREATEST
24 HR. TOTAL 1.47 06/16 TO 06/17 1.18
STORM TOTAL 1.08
(MM/DD(HH))
................................................................
- INDICATES NEGATIVE NUMBERS.
R INDICATES RECORD WAS SET OR TIED.
MM INDICATES DATA IS MISSING.
T INDICATES TRACE AMOUNT.
$$