000
CXUS54 KMAF 011210
CF6MDD
PRELIMINARY LOCAL CLIMATOLOGICAL DATA (WS FORM: F-6)
STATION: MIDLAND AIRPARK
MONTH: JANUARY
YEAR: 2022
LATITUDE: 32 2 N
LONGITUDE: 102 6 W
TEMPERATURE IN F: :PCPN: SNOW: WIND :SUNSHINE: SKY :PK WND
================================================================================
1 2 3 4 5 6A 6B 7 8 9 10 11 12 13 14 15 16 17 18
12Z AVG MX 2MIN
DY MAX MIN AVG DEP HDD CDD WTR SNW DPTH SPD SPD DIR MIN PSBL S-S WX SPD DR
================================================================================
1 67 20 44 M 21 0 0.04 M M 17.2 28 250 M M 2 40 250
2 47 16 32 M 33 0 M M M 9.0 16 340 M M 0 22 340
3 58 22 40 M 25 0 M M M 6.8 16 210 M M 0 20 200
4 70 33 52 M 13 0 M M M 12.7 20 260 M M 0 25 260
5 58 42 50 M 15 0 M M M 8.8 16 40 M M 0 21 360
6 51 26 39 M 26 0 M M M 11.6 22 40 M M 0 28 40
7 59 20 40 M 25 0 M M M 9.4 14 180 M M 0 M M
8 75 38 57 M 8 0 M M M 12.2 22 250 M M 0 29 250
9 58 39 49 M 16 0 M M M 11.2 17 20 M M 0 25 20
10 51 29 40 M 25 0 M M M 4.7 10 20 M M 3 M M
11 56 35 46 M 19 0 M M M 6.4 14 160 M M 5 18 180
12 68 29 49 M 16 0 M M M 5.3 14 270 M M 0 17 270
13 71 32 52 M 13 0 M M M 3.7 8 280 M M 0 8 M M
14 80 38 59 M 6 0 M M M 12.7 26 360 M M 1 8 38 360
15 49 28 39 M 26 0 M M M 17.4 30 350 M M 2 8 40 350
16 69 23 46 M 19 0 M M M 6.4 13 260 M M 0 18 280
17 69 29 49 M 16 0 M M M 6.5 17 210 M M 0 20 210
18 74 49 62 M 3 0 M M M 13.9 21 240 M M 0 36 270
19 65 35 50 M 15 0 M M M 15.5 21 320 M M 2 29 280
20 34 26 30 M 35 0 M M M 11.3 22 30 M M 10 26 30
21 50 21 36 M 29 0 M M M 8.2 14 150 M M 1 22 160
22 42 21 32 M 33 0 M M M 6.1 10 70 M M 7 M M
23 51 39 45 M 20 0 M M M 3.6 9 200 M M 7 M M
24 64 35 50 M 15 0 M M M 6.3 13 300 M M 2 18 300
25 63 28 46 M 19 0 M M M 8.8 15 140 M M 0 21 120
26 42 23 33 M 32 0 M M M 10.3 22 70 M M 10 1 30 70
27 55 26 41 M 24 0 M M M 6.7 20 50 M M 4 1 26 40
28 52 24 38 M 27 0 M M M 7.3 16 30 M M 1 23 30
29 60 25 43 M 22 0 M M M 7.4 14 230 M M 0 17 210
30 68 33 51 M 14 0 M M M 5.4 12 170 M M 2 21 170
31 66 38 52 M 13 0 M M M 6.3 12 230 M M 0 17 230
================================================================================
SM 1842 922 623 0 0.04 M 279.0 M 59
================================================================================
AV 59.4 29.7 9.0 FASTST M M 2 MAX(MPH)
MISC ----> 30 350 # 40 250
================================================================================
NOTES:
# LAST OF SEVERAL OCCURRENCES
COLUMN 17 PEAK WIND IN M.P.H.
PRELIMINARY LOCAL CLIMATOLOGICAL DATA (WS FORM: F-6) , PAGE 2
STATION: MIDLAND AIRPARK
MONTH: JANUARY
YEAR: 2022
LATITUDE: 32 2 N
LONGITUDE: 102 6 W
[TEMPERATURE DATA] [PRECIPITATION DATA] SYMBOLS USED IN COLUMN 16
AVERAGE MONTHLY: 44.6 TOTAL FOR MONTH: 0.04 1 = FOG OR MIST
DPTR FM NORMAL: 0.0 DPTR FM NORMAL: M 2 = FOG REDUCING VISIBILITY
HIGHEST: 80 ON 14 GRTST 24HR 0.04 ON 1- 1 TO 1/4 MILE OR LESS
LOWEST: 16 ON 2 3 = THUNDER
SNOW, ICE PELLETS, HAIL 4 = ICE PELLETS
TOTAL MONTH: M 5 = HAIL
GRTST 24HR M ON M 6 = FREEZING RAIN OR DRIZZLE
GRTST DEPTH: M ON M 7 = DUSTSTORM OR SANDSTORM:
VSBY 1/2 MILE OR LESS
8 = SMOKE OR HAZE
[NO. OF DAYS WITH] [WEATHER - DAYS WITH] 9 = BLOWING SNOW
X = TORNADO
MAX 32 OR BELOW: 0 0.01 INCH OR MORE: 1
MAX 90 OR ABOVE: 0 0.10 INCH OR MORE: 0
MIN 32 OR BELOW: 19 0.50 INCH OR MORE: 0
MIN 0 OR BELOW: 0 1.00 INCH OR MORE: 0
[HDD (BASE 65) ]
TOTAL THIS MO. 623 CLEAR (SCALE 0-3) 25
DPTR FM NORMAL M PTCLDY (SCALE 4-7) 4
TOTAL FM JUL 1 1123 CLOUDY (SCALE 8-10) 2
DPTR FM NORMAL M
[CDD (BASE 65) ]
TOTAL THIS MO. 0
DPTR FM NORMAL M [PRESSURE DATA]
TOTAL FM JAN 1 0 HIGHEST SLP M ON M
DPTR FM NORMAL M LOWEST SLP M ON M
[REMARKS]
#FINAL-01-22#