517
CXUS55 KPAH 010700
CF6MDH
PRELIMINARY LOCAL CLIMATOLOGICAL DATA (WS FORM: F-6)
STATION: CARBONDALE IL
MONTH: DECEMBER
YEAR: 2020
LATITUDE: 37 46 N
LONGITUDE: 89 15 W
TEMPERATURE IN F: :PCPN: SNOW: WIND :SUNSHINE: SKY :PK WND
================================================================================
1 2 3 4 5 6A 6B 7 8 9 10 11 12 13 14 15 16 17 18
12Z AVG MX 2MIN
DY MAX MIN AVG DEP HDD CDD WTR SNW DPTH SPD SPD DIR MIN PSBL S-S WX SPD DR
================================================================================
1 41 23 32 -8 33 0 0.00 M M 4.2 10 220 M M 2 17 280
2 51 20 36 -4 29 0 0.00 M M 1.6 7 100 M M 0 9 30
3 44 29 37 -2 28 0 0.02 M M 4.0 12 250 M M 7 1 15 160
4 48 23 36 -3 29 0 0.00 M M 4.2 15 250 M M 3 12 21 260
5 54 27 41 3 24 0 0.00 M M 2.3 7 50 M M 0 1 9 270
6 46 26 36 -2 29 0 0.00 M M 4.3 14 360 M M 3 1 18 350
7 45 27 36 -2 29 0 0.00 M M 4.7 13 310 M M 8 18 17 300
8 50 23 37 -1 28 0 0.00 M M 2.1 10 210 M M 4 18 15 160
9 65 33 49 12 16 0 0.00 M M 4.0 10 270 M M 0 18 13 280
10 70 32 51 14 14 0 0.00 M M 4.9 17 210 M M 0 18 25 210
11 65 43 54 17 11 0 0.41 M M 11.6 24 210 M M 4 1 32 200
12 58 41 50 14 15 0 0.18 M M 10.0 24 210 M M 10 1 31 190
13 41 37 39 3 26 0 0.00 M M 6.2 16 350 M M 10 22 340
14 40 27 34 -2 31 0 0.00 M M 9.8 21 340 M M 5 30 330
15 37 22 30 -6 35 0 T M M 6.6 17 80 M M 4 18 21 70
16 34 23 29 -7 36 0 0.02 M M 6.2 15 310 M M 8 128 21 320
17 37 18 28 -7 37 0 0.00 M M 3.4 10 240 M M 1 18 15 230
18 45 23 34 -1 31 0 0.00 M M 9.1 17 190 M M 0 18 23 170
19 44 40 42 7 23 0 T M M 11.4 20 200 M M 9 1 26 200
20 50 36 43 8 22 0 0.00 M M 8.0 16 190 M M 6 18 20 190
21 61 38 50 16 15 0 0.00 M M 12.2 26 300 M M 1 1 37 300
22 56 29 43 9 22 0 0.00 M M 7.3 17 160 M M 0 24 160
23 57 32 45 11 20 0 0.40 M M 17.3 29 180 M M 6 1 39 310
24 32 18 25 -9 40 0 0.00 M M 10.1 24 300 M M 4 33 290
25 24 14 19 -15 46 0 0.00 M M 8.3 20 320 M M 2 26 280
26 49 21 35 1 30 0 0.00 M M 7.7 12 170 M M 0 16 210
27 58 38 48 14 17 0 0.00 M M 17.1 39 210 M M 1 58 190
28 44 25 35 1 30 0 0.00 M M 7.9 15 350 M M 4 21 330
29 45 25 35 1 30 0 0.00 M M 8.9 17 160 M M 7 25 160
30 54 34 44 11 21 0 0.93 M M 9.8 23 200 M M 9 1 33 190
31 34 30 32 -1 33 0 T M M 9.3 17 50 M M 8 1 22 40
================================================================================
SM 1479 877 830 0 1.96 M 234.5 M 126
================================================================================
AV 47.7 28.3 7.6 FASTST M M 4 MAX(MPH)
MISC ----> 39 210 58 190
================================================================================
NOTES:
# LAST OF SEVERAL OCCURRENCES
COLUMN 17 PEAK WIND IN M.P.H.
PRELIMINARY LOCAL CLIMATOLOGICAL DATA (WS FORM: F-6) , PAGE 2
STATION: CARBONDALE IL
MONTH: DECEMBER
YEAR: 2020
LATITUDE: 37 46 N
LONGITUDE: 89 15 W
[TEMPERATURE DATA] [PRECIPITATION DATA] SYMBOLS USED IN COLUMN 16
AVERAGE MONTHLY: 38.0 TOTAL FOR MONTH: 1.96 1 = FOG OR MIST
DPTR FM NORMAL: 2.1 DPTR FM NORMAL: -1.67 2 = FOG REDUCING VISIBILITY
HIGHEST: 70 ON 10 GRTST 24HR 0.93 ON 30-30 TO 1/4 MILE OR LESS
LOWEST: 14 ON 25 3 = THUNDER
SNOW, ICE PELLETS, HAIL 4 = ICE PELLETS
TOTAL MONTH: M 5 = HAIL
GRTST 24HR M ON M 6 = FREEZING RAIN OR DRIZZLE
GRTST DEPTH: M ON M 7 = DUSTSTORM OR SANDSTORM:
VSBY 1/2 MILE OR LESS
8 = SMOKE OR HAZE
[NO. OF DAYS WITH] [WEATHER - DAYS WITH] 9 = BLOWING SNOW
X = TORNADO
MAX 32 OR BELOW: 2 0.01 INCH OR MORE: 6
MAX 90 OR ABOVE: 0 0.10 INCH OR MORE: 4
MIN 32 OR BELOW: 22 0.50 INCH OR MORE: 1
MIN 0 OR BELOW: 0 1.00 INCH OR MORE: 0
[HDD (BASE 65) ]
TOTAL THIS MO. 830 CLEAR (SCALE 0-3) 13
DPTR FM NORMAL -72 PTCLDY (SCALE 4-7) 14
TOTAL FM JUL 1 1625 CLOUDY (SCALE 8-10) 4
DPTR FM NORMAL -138
[CDD (BASE 65) ]
TOTAL THIS MO. 0
DPTR FM NORMAL 0 [PRESSURE DATA]
TOTAL FM JAN 1 1459 HIGHEST SLP M ON M
DPTR FM NORMAL 88 LOWEST SLP 29.63 ON 23
[REMARKS]
#FINAL-12-20#