000
CXUS54 KMEG 011000
CF6MEG
PRELIMINARY LOCAL CLIMATOLOGICAL DATA (WS FORM: F-6)
STATION: MEMPHIS/GERMANTOWN WFO
MONTH: DECEMBER
YEAR: 2021
LATITUDE: 35 7 N
LONGITUDE: 89 48 W
TEMPERATURE IN F: :PCPN: SNOW: WIND :SUNSHINE: SKY :PK WND
================================================================================
1 2 3 4 5 6A 6B 7 8 9 10 11 12 13 14 15 16 17 18
12Z AVG MX 2MIN
DY MAX MIN AVG DEP HDD CDD WTR SNW DPTH SPD SPD DIR MIN PSBL S-S WX SPD DR
================================================================================
1 66 48 57 11 8 0 T 0.0 0 M M M M M M M M
2 74 44 59 13 6 0 0.00 0.0 0 M M M M M M 12 M M
3 76 47 62 17 3 0 T 0.0 0 M M M M M M 1 M M
4 63 58 61 16 4 0 0.01 0.0 0 M M M M M M 12 M M
5 71 58 65 20 0 0 0.43 0.0 0 M M M M M M 123 M M
6 67 34 51 6 14 0 0.82 0.0 0 M M M M M M 13 M M
7 46 29 38 -6 27 0 0.00 0.0 0 M M M M M M M M
8 57 34 46 2 19 0 0.00 0.0 0 M M M M M M M M
9 63 37 50 6 15 0 0.00 0.0 0 M M M M M M M M
10 78 61 70 26 0 5 0.01 0.0 0 M M M M M M 13 M M
11 76 32 54 11 11 0 1.49 0.0 0 M M M M M M 13 M M
12 55 28 42 -1 23 0 0.00 0.0 0 M M M M M M M M
13 63 33 48 5 17 0 0.00 0.0 0 M M M M M M M M
14 70 44 57 14 8 0 0.00 0.0 0 M M M M M M M M
15 65 57 61 18 4 0 0.00 0.0 0 M M M M M M 1 M M
16 68 50 59 17 6 0 0.60 0.0 0 M M M M M M 1 M M
17 71 50 61 19 4 0 0.29 0.0 0 M M M M M M 1 M M
18 66 40 53 11 12 0 0.41 0.0 0 M M M M M M 1 M M
19 44 29 37 -5 28 0 0.00 0.0 0 M M M M M M M M
20 48 27 38 -4 27 0 T 0.0 0 M M M M M M M M
21 54 37 46 4 19 0 T 0.0 0 M M M M M 0 M M
22 50 32 41 0 24 0 0.00 0.0 0 M M M M M 0 M M
23 63 32 48 7 17 0 0.00 0.0 0 M M M M M 0 M M
24 71 53 62 21 3 0 0.00 0.0 0 M M M M M 0 M M
25 75 60 68 27 0 3 0.00 0.0 0 M M M M M 0 M M
26 69 55 62 21 3 0 0.00 0.0 0 M M M M M 0 M M
27 71 62 67 26 0 2 T 0.0 0 M M M M M 0 M M
28 72 64 68 28 0 3 0.03 0.0 0 M M M M M 0 M M
29 70 54 62 22 3 0 1.21 0.0 0 M M M M M 0 M M
30 67 51 59 19 6 0 T 0.0 0 M M M M M 0 M M
31 71 56 64 24 1 0 T 0.0 0 M M M M M 0 M M
================================================================================
SM 2020 1396 312 13 5.30 0.0 M M 0
================================================================================
AV 65.2 45.0 M FASTST M M 0 MAX(MPH)
MISC ----> M M M M
================================================================================
NOTES:
# LAST OF SEVERAL OCCURRENCES
COLUMN 17 PEAK WIND IN M.P.H.
PRELIMINARY LOCAL CLIMATOLOGICAL DATA (WS FORM: F-6) , PAGE 2
STATION: MEMPHIS/GERMANTOWN WFO
MONTH: DECEMBER
YEAR: 2021
LATITUDE: 35 7 N
LONGITUDE: 89 48 W
[TEMPERATURE DATA] [PRECIPITATION DATA] SYMBOLS USED IN COLUMN 16
AVERAGE MONTHLY: 55.1 TOTAL FOR MONTH: 5.30 1 = FOG OR MIST
DPTR FM NORMAL: 12.5 DPTR FM NORMAL: -0.38 2 = FOG REDUCING VISIBILITY
HIGHEST: 78 ON 10 GRTST 24HR 1.49 ON 11-11 TO 1/4 MILE OR LESS
LOWEST: 27 ON 20 3 = THUNDER
SNOW, ICE PELLETS, HAIL 4 = ICE PELLETS
TOTAL MONTH: 0.0 INCH 5 = HAIL
GRTST 24HR 0.0 6 = FREEZING RAIN OR DRIZZLE
GRTST DEPTH: 0 7 = DUSTSTORM OR SANDSTORM:
VSBY 1/2 MILE OR LESS
8 = SMOKE OR HAZE
[NO. OF DAYS WITH] [WEATHER - DAYS WITH] 9 = BLOWING SNOW
X = TORNADO
MAX 32 OR BELOW: 0 0.01 INCH OR MORE: 10
MAX 90 OR ABOVE: 0 0.10 INCH OR MORE: 7
MIN 32 OR BELOW: 7 0.50 INCH OR MORE: 4
MIN 0 OR BELOW: 0 1.00 INCH OR MORE: 2
[HDD (BASE 65) ]
TOTAL THIS MO. 312 CLEAR (SCALE 0-3) 11
DPTR FM NORMAL -383 PTCLDY (SCALE 4-7) 0
TOTAL FM JUL 1 867 CLOUDY (SCALE 8-10) 20
DPTR FM NORMAL -445
[CDD (BASE 65) ]
TOTAL THIS MO. 13
DPTR FM NORMAL 12 [PRESSURE DATA]
TOTAL FM JAN 1 2030 HIGHEST SLP M ON M
DPTR FM NORMAL 54 LOWEST SLP M ON M
[REMARKS]
#FINAL-12-21#