000
CXUS54 KJAN 012216
CF6MEI
PRELIMINARY LOCAL CLIMATOLOGICAL DATA (WS FORM: F-6)
STATION: MERIDIAN
MONTH: JULY
YEAR: 2023
LATITUDE: 32 19 N
LONGITUDE: 88 45 W
TEMPERATURE IN F: :PCPN: SNOW: WIND :SUNSHINE: SKY :PK WND
================================================================================
1 2 3 4 5 6A 6B 7 8 9 10 11 12 13 14 15 16 17 18
12Z AVG MX 2MIN
DY MAX MIN AVG DEP HDD CDD WTR SNW DPTH SPD SPD DIR MIN PSBL S-S WX SPD DR
================================================================================
1 97 76 87 5 0 22 0.00 0.0 0 3.5 14 260 M M 1 8 21 260
2 96 76 86 4 0 21 0.00 0.0 0 6.9 20 120 M M 1 18 27 120
3 93 75 84 2 0 19 0.02 0.0 0 5.7 18 20 M M 1 38 23 40
4 92 73 83 1 0 18 0.29 0.0 0 5.7 18 200 M M 3 13 25 10
5 91 72 82 0 0 17 0.26 0.0 0 3.8 23 360 M M 2 138 34 360
6 94 71 83 1 0 18 0.00 0.0 0 3.8 10 310 M M 1 3 15 330
7 92 74 83 1 0 18 0.66 0.0 0 2.5 25 290 M M 2 3 39 310
8 93 72 83 1 0 18 0.66 0.0 0 5.3 22 50 M M 4 138 31 30
9 92 73 83 1 0 18 0.60 0.0 0 5.2 25 290 M M 6 138 38 290
10 89 74 82 0 0 17 0.06 0.0 0 3.6 12 340 M M 5 1 17 360
11 90 72 81 -1 0 16 0.21 0.0 0 3.0 13 180 M M 3 13 17 190
12 93 72 83 0 0 18 0.55 0.0 0 4.8 22 300 M M 3 13 32 300
13 80 73 77 -6 0 12 1.95 0.0 0 3.2 21 330 M M 6 13 30 300
14 93 73 83 0 0 18 0.37 0.0 0 4.3 25 50 M M 4 123 37 50
15 93 73 83 0 0 18 0.24 0.0 0 4.7 30 360 M M 2 138 45 350
16 93 73 83 0 0 18 T 0.0 0 2.8 9 180 M M 3 3 12 310
17 94 75 85 2 0 20 0.00 0.0 0 1.8 9 290 M M 1 18 12 300
18 95 73 84 1 0 19 0.00 0.0 0 4.3 14 100 M M 1 1 19 110
19 98 78 88 5 0 23 0.00 0.0 0 5.0 13 250 M M 1 19 230
20 97 77 87 4 0 22 0.00 0.0 0 5.3 13 250 M M 0 1 17 250
21 96 78 87 4 0 22 0.00 0.0 0 4.8 14 230 M M 1 3 20 220
22 91 75 83 0 0 18 0.01 0.0 0 4.5 20 20 M M 4 3 27 10
23 89 68 79 -4 0 14 0.00 0.0 0 5.3 16 10 M M 2 22 10
24 92 66 79 -4 0 14 0.00 0.0 0 2.4 10 20 M M 1 15 340
25 93 67 80 -3 0 15 0.00 0.0 0 1.7 9 130 M M 0 13 120
26 94 67 81 -2 0 16 0.00 0.0 0 2.3 9 210 M M 0 13 200
27 98 72 85 2 0 20 0.00 0.0 0 1.5 10 140 M M 0 15 160
28 96 74 85 2 0 20 0.00 0.0 0 2.4 15 80 M M 0 13 21 110
29 99 72 86 3 0 21 0.09 0.0 0 2.8 17 160 M M 1 38 22 170
30 97 72 85 2 0 20 1.00 0.0 0 2.8 28 350 M M 1 138 47 360
31 94 69 82 -1 0 17 0.00 0.0 0 3.6 10 350 M M 3 12 15 350
================================================================================
SM 2894 2255 0 567 6.97 0.0 119.3 M 63
================================================================================
AV 93.4 72.7 3.8 FASTST M M 2 MAX(MPH)
MISC ----> 30 360 47 360
================================================================================
NOTES:
# LAST OF SEVERAL OCCURRENCES
COLUMN 17 PEAK WIND IN M.P.H.
PRELIMINARY LOCAL CLIMATOLOGICAL DATA (WS FORM: F-6) , PAGE 2
STATION: MERIDIAN
MONTH: JULY
YEAR: 2023
LATITUDE: 32 19 N
LONGITUDE: 88 45 W
[TEMPERATURE DATA] [PRECIPITATION DATA] SYMBOLS USED IN COLUMN 16
AVERAGE MONTHLY: 83.0 TOTAL FOR MONTH: 6.97 1 = FOG OR MIST
DPTR FM NORMAL: 0.3 DPTR FM NORMAL: 1.86 2 = FOG REDUCING VISIBILITY
HIGHEST: 99 ON 29 GRTST 24HR 2.50 ON 12-13 TO 1/4 MILE OR LESS
LOWEST: 66 ON 24 3 = THUNDER
SNOW, ICE PELLETS, HAIL 4 = ICE PELLETS
TOTAL MONTH: 0.0 INCH 5 = HAIL
GRTST 24HR 0.0 6 = FREEZING RAIN OR DRIZZLE
GRTST DEPTH: 0 7 = DUSTSTORM OR SANDSTORM:
VSBY 1/2 MILE OR LESS
8 = SMOKE OR HAZE
[NO. OF DAYS WITH] [WEATHER - DAYS WITH] 9 = BLOWING SNOW
X = TORNADO
MAX 32 OR BELOW: 0 0.01 INCH OR MORE: 15
MAX 90 OR ABOVE: 28 0.10 INCH OR MORE: 11
MIN 32 OR BELOW: 0 0.50 INCH OR MORE: 6
MIN 0 OR BELOW: 0 1.00 INCH OR MORE: 2
[HDD (BASE 65) ]
TOTAL THIS MO. 0 CLEAR (SCALE 0-3) 24
DPTR FM NORMAL 0 PTCLDY (SCALE 4-7) 7
TOTAL FM JUL 1 0 CLOUDY (SCALE 8-10) 0
DPTR FM NORMAL 0
[CDD (BASE 65) ]
TOTAL THIS MO. 567
DPTR FM NORMAL 20 [PRESSURE DATA]
TOTAL FM JAN 1 1507 HIGHEST SLP 30.19 ON 25
DPTR FM NORMAL 94 LOWEST SLP 29.85 ON 9
[REMARKS]
#FINAL-07-23#