000
CXUS54 KJAN 190956
CF6MEI
PRELIMINARY LOCAL CLIMATOLOGICAL DATA (WS FORM: F-6)
STATION: MERIDIAN
MONTH: JANUARY
YEAR: 2023
LATITUDE: 32 19 N
LONGITUDE: 88 45 W
TEMPERATURE IN F: :PCPN: SNOW: WIND :SUNSHINE: SKY :PK WND
================================================================================
1 2 3 4 5 6A 6B 7 8 9 10 11 12 13 14 15 16 17 18
12Z AVG MX 2MIN
DY MAX MIN AVG DEP HDD CDD WTR SNW DPTH SPD SPD DIR MIN PSBL S-S WX SPD DR
================================================================================
1 77 52 65 17 0 0 0.00 0.0 0 5.0 15 170 M M 6 12 20 170
2 80 65 73 25 0 8 0.01 0.0 0 9.9 21 170 M M 8 1 31 150
3 73 67 70 22 0 5 0.63 0.0 0 10.3 25 190 M M 7 13 34 200
4 71 44 58 10 7 0 0.40 0.0 0 3.6 18 180 M M 2 123 23 180
5 64 37 51 3 14 0 0.00 0.0 0 4.4 18 280 M M 0 12 26 290
6 65 31 48 0 17 0 0.00 0.0 0 0.8 8 280 M M 0 11 270
7 74 37 56 9 9 0 0.00 0.0 0 5.5 16 220 M M 0 24 200
8 62 47 55 8 10 0 0.95 0.0 0 5.4 13 300 M M 8 13 19 300
9 58 36 47 0 18 0 0.00 0.0 0 2.2 14 30 M M 3 12 18 40
10 66 32 49 2 16 0 0.00 0.0 0 5.4 14 200 M M 2 1 17 210
11 77 52 65 18 0 0 0.00 0.0 0 10.3 23 220 M M 5 18 29 220
12 74 45 60 13 5 0 0.16 0.0 0 13.9 25 280 M M 7 23 44 300
13 49 31 40 -7 25 0 0.00 0.0 0 12.2 23 350 M M 8 32 320
14 53 30 42 -5 23 0 0.00 0.0 0 4.1 13 340 M M 2 19 350
15 61 27 44 -3 21 0 0.00 0.0 0 1.8 12 190 M M 0 15 190
16 67 37 52 5 13 0 0.00 0.0 0 10.5 24 180 M M 6 31 180
17 74 53 64 17 1 0 0.22 0.0 0 6.8 17 180 M M 7 12 25 180
18 77 53 65 18 0 0 T 0.0 0 11.5 25 190 M M 7 12 32 190
19 71 41 56 8 9 0 0.34 0.0 0 6.9 29 210 M M 2 1 47 200
20 61 36 49 1 16 0 T 0.0 0 3.3 13 20 M M 3 18 30
21 53 46 50 2 15 0 1.14 0.0 0 5.4 13 110 M M 8 1 19 90
22 52 38 45 -3 20 0 0.06 0.0 0 4.8 13 290 M M 8 1 20 290
23 56 33 45 -3 20 0 0.00 0.0 0 5.5 15 10 M M 4 20 290
24 55 30 43 -5 22 0 0.76 0.0 0 7.5 23 260 M M 5 13 37 250
25 59 41 50 2 15 0 0.25 0.0 0 9.5 20 250 M M 9 1 29 260
26 53 30 42 -6 23 0 0.00 0.0 0 5.5 16 280 M M 2 25 310
27 59 27 43 -5 22 0 0.00 0.0 0 3.8 14 220 M M 0 19 220
28 66 29 48 0 17 0 0.00 0.0 0 7.1 21 150 M M 0 26 140
29 58 50 54 6 11 0 1.46 0.0 0 4.9 22 310 M M 8 1 29 310
30 61 53 57 8 8 0 0.23 0.0 0 4.0 10 10 M M 10 12 13 360
31 59 44 52 3 13 0 0.27 0.0 0 4.9 15 350 M M 10 1 19 350
================================================================================
SM 1985 1274 390 13 6.88 0.0 196.7 M 147
================================================================================
AV 64.0 41.1 6.3 FASTST M M 5 MAX(MPH)
MISC ----> 29 210 47 200
================================================================================
NOTES:
# LAST OF SEVERAL OCCURRENCES
COLUMN 17 PEAK WIND IN M.P.H.
PRELIMINARY LOCAL CLIMATOLOGICAL DATA (WS FORM: F-6) , PAGE 2
STATION: MERIDIAN
MONTH: JANUARY
YEAR: 2023
LATITUDE: 32 19 N
LONGITUDE: 88 45 W
[TEMPERATURE DATA] [PRECIPITATION DATA] SYMBOLS USED IN COLUMN 16
AVERAGE MONTHLY: 52.6 TOTAL FOR MONTH: 6.88 1 = FOG OR MIST
DPTR FM NORMAL: 4.9 DPTR FM NORMAL: 1.27 2 = FOG REDUCING VISIBILITY
HIGHEST: 80 ON 2 GRTST 24HR 1.63 ON 24-25 TO 1/4 MILE OR LESS
LOWEST: 27 ON 27,15 3 = THUNDER
SNOW, ICE PELLETS, HAIL 4 = ICE PELLETS
TOTAL MONTH: 0.0 INCH 5 = HAIL
GRTST 24HR 0.0 6 = FREEZING RAIN OR DRIZZLE
GRTST DEPTH: 0 7 = DUSTSTORM OR SANDSTORM:
VSBY 1/2 MILE OR LESS
8 = SMOKE OR HAZE
[NO. OF DAYS WITH] [WEATHER - DAYS WITH] 9 = BLOWING SNOW
X = TORNADO
MAX 32 OR BELOW: 0 0.01 INCH OR MORE: 14
MAX 90 OR ABOVE: 0 0.10 INCH OR MORE: 12
MIN 32 OR BELOW: 9 0.50 INCH OR MORE: 5
MIN 0 OR BELOW: 0 1.00 INCH OR MORE: 2
[HDD (BASE 65) ]
TOTAL THIS MO. 390 CLEAR (SCALE 0-3) 13
DPTR FM NORMAL -151 PTCLDY (SCALE 4-7) 10
TOTAL FM JUL 1 1213 CLOUDY (SCALE 8-10) 8
DPTR FM NORMAL -193
[CDD (BASE 65) ]
TOTAL THIS MO. 13
DPTR FM NORMAL 8 [PRESSURE DATA]
TOTAL FM JAN 1 13 HIGHEST SLP 30.42 ON 27
DPTR FM NORMAL 8 LOWEST SLP 29.66 ON 25
[REMARKS]
#FINAL-01-23#