000
CXUS54 KBRO 010900
CF6MFE
PRELIMINARY LOCAL CLIMATOLOGICAL DATA (WS FORM: F-6)
STATION: MCALLEN
MONTH: FEBRUARY
YEAR: 2022
LATITUDE: 26 10 N
LONGITUDE: 98 14 W
TEMPERATURE IN F: :PCPN: SNOW: WIND :SUNSHINE: SKY :PK WND
================================================================================
1 2 3 4 5 6A 6B 7 8 9 10 11 12 13 14 15 16 17 18
12Z AVG MX 2MIN
DY MAX MIN AVG DEP HDD CDD WTR SNW DPTH SPD SPD DIR MIN PSBL S-S WX SPD DR
================================================================================
1 77 55 66 1 0 1 0.00 0.0 0 7.1 14 120 M M 4 12 20 340
2 83 63 73 8 0 8 T 0.0 0 12.9 23 130 M M 8 1 31 150
3 72 39 56 -9 9 0 0.01 0.0 0 17.6 26 330 M M 10 1 38 320
4 50 35 43 -22 22 0 T 0.0 0 15.0 23 330 M M 9 35 340
5 55 29 42 -23 23 0 0.00 0.0 0 6.9 14 360 M M 0 19 350
6 66 36 51 -15 14 0 0.21 0.0 0 4.7 13 130 M M 6 1 17 170
7 65 49 57 -9 8 0 0.64 0.0 0 8.2 20 350 M M 9 1 26 20
8 70 41 56 -10 9 0 0.00 0.0 0 3.8 14 110 M M 0 1 19 110
9 72 39 56 -10 9 0 0.00 0.0 0 5.3 15 110 M M 0 1 20 120
10 71 47 59 -7 6 0 T 0.0 0 4.0 14 140 M M 5 1 19 110
11 72 53 63 -3 2 0 0.00 0.0 0 4.9 15 150 M M 8 1 20 140
12 73 48 61 -6 4 0 T 0.0 0 11.5 29 360 M M 6 1 43 350
13 64 37 51 -16 14 0 0.00 0.0 0 7.8 18 360 M M 0 27 10
14 72 38 55 -12 10 0 0.00 0.0 0 6.8 21 150 M M 0 26 150
15 78 45 62 -5 3 0 0.00 0.0 0 13.7 30 130 M M 0 40 130
16 83 60 72 5 0 7 0.00 0.0 0 22.0 35 160 M M 1 49 150
17 88 55 72 4 0 7 0.00 0.0 0 13.1 29 20 M M 0 39 150
18 67 43 55 -13 10 0 T 0.0 0 10.7 25 20 M M 1 8 37 10
19 73 46 60 -8 5 0 T 0.0 0 7.8 17 70 M M 2 29 10
20 79 51 65 -3 0 0 T 0.0 0 7.8 18 120 M M 5 1 25 110
21 87 66 77 9 0 12 0.00 0.0 0 16.7 32 140 M M 6 1 41 140
22 93 68 81 12 0 16 0.00 0.0 0 15.8 25 130 M M 2 18 33 150
23 82 40 61 -8 4 0 T 0.0 0 15.6 30 10 M M 10 18 40 20
24 53 39 46 -23 19 0 0.04 0.0 0 9.1 17 350 M M 10 1 27 10
25 45 41 43 -26 22 0 0.06 0.0 0 11.9 17 10 M M 10 18 24 360
26 46 40 43 -26 22 0 0.03 0.0 0 9.5 16 360 M M 10 1 20 340
27 54 44 49 -21 16 0 0.01 0.0 0 9.1 18 340 M M 9 1 25 20
28 71 37 54 -16 11 0 0.00 0.0 0 6.4 15 90 M M 2 19 100
================================================================================
SM 1961 1284 242 51 1.00 0.0 285.7 M 133
================================================================================
AV 70.0 45.9 10.2 FASTST M M 5 MAX(MPH)
MISC ----> 35 160 49 150
================================================================================
NOTES:
# LAST OF SEVERAL OCCURRENCES
COLUMN 17 PEAK WIND IN M.P.H.
PRELIMINARY LOCAL CLIMATOLOGICAL DATA (WS FORM: F-6) , PAGE 2
STATION: MCALLEN
MONTH: FEBRUARY
YEAR: 2022
LATITUDE: 26 10 N
LONGITUDE: 98 14 W
[TEMPERATURE DATA] [PRECIPITATION DATA] SYMBOLS USED IN COLUMN 16
AVERAGE MONTHLY: 57.9 TOTAL FOR MONTH: 1.00 1 = FOG OR MIST
DPTR FM NORMAL: -9.3 DPTR FM NORMAL: 0.28 2 = FOG REDUCING VISIBILITY
HIGHEST: 93 ON 22 GRTST 24HR 0.85 ON 6- 7 TO 1/4 MILE OR LESS
LOWEST: 29 ON 5 3 = THUNDER
SNOW, ICE PELLETS, HAIL 4 = ICE PELLETS
TOTAL MONTH: 0.0 INCH 5 = HAIL
GRTST 24HR 0.0 6 = FREEZING RAIN OR DRIZZLE
GRTST DEPTH: 0 7 = DUSTSTORM OR SANDSTORM:
VSBY 1/2 MILE OR LESS
8 = SMOKE OR HAZE
[NO. OF DAYS WITH] [WEATHER - DAYS WITH] 9 = BLOWING SNOW
X = TORNADO
MAX 32 OR BELOW: 0 0.01 INCH OR MORE: 7
MAX 90 OR ABOVE: 1 0.10 INCH OR MORE: 2
MIN 32 OR BELOW: 1 0.50 INCH OR MORE: 1
MIN 0 OR BELOW: 0 1.00 INCH OR MORE: 0
[HDD (BASE 65) ]
TOTAL THIS MO. 242 CLEAR (SCALE 0-3) 12
DPTR FM NORMAL 163 PTCLDY (SCALE 4-7) 8
TOTAL FM JUL 1 523 CLOUDY (SCALE 8-10) 8
DPTR FM NORMAL 103
[CDD (BASE 65) ]
TOTAL THIS MO. 51
DPTR FM NORMAL -88 [PRESSURE DATA]
TOTAL FM JAN 1 93 HIGHEST SLP 30.67 ON 5
DPTR FM NORMAL -127 LOWEST SLP 29.64 ON 2
[REMARKS]
#FINAL-02-22#