000
CXUS53 KGRB 291233
CF6MFI
PRELIMINARY LOCAL CLIMATOLOGICAL DATA (WS FORM: F-6)
STATION: MARSHFIELD WI
MONTH: FEBRUARY
YEAR: 2022
LATITUDE: 44 37 N
LONGITUDE: 90 11 W
TEMPERATURE IN F: :PCPN: SNOW: WIND :SUNSHINE: SKY :PK WND
================================================================================
1 2 3 4 5 6A 6B 7 8 9 10 11 12 13 14 15 16 17 18
12Z AVG MX 2MIN
DY MAX MIN AVG DEP HDD CDD WTR SNW DPTH SPD SPD DIR MIN PSBL S-S WX SPD DR
================================================================================
1 34 7 21 6 44 0 0.00 0.0 8 14.2 25 280 M M 2 37 270
2 9 0 5 -10 60 0 0.00 0.0 8 12.4 20 330 M M 0 24 340
3 8 -8 0 -15 65 0 0.00 0.0 8 6.5 14 50 M M 0 18 50
4 11 -11 0 -15 65 0 T T 8 3.7 9 320 M M 6 8 13 310
5 19 -9 5 -11 60 0 0.01 0.2 8 9.0 21 170 M M 6 27 170
6 26 11 19 3 46 0 T T 8 9.0 18 330 M M 9 18 23 330
7 20 8 14 -2 51 0 0.00 0.0 8 7.4 15 310 M M 7 19 330
8 36 14 25 9 40 0 0.00 0.0 8 7.9 14 160 M M 2 19 260
9 36 22 29 13 36 0 0.01 T 7 14.2 28 310 M M 10 1 36 320
10 31 16 24 7 41 0 0.07 1.0 8 13.6 22 190 M M 9 128 31 190
11 37 4 21 4 44 0 0.01 T 8 16.6 31 330 M M 10 1 38 330
12 6 -6 0 -17 65 0 0.00 0.0 8 8.1 16 330 M M 4 24 340
13 9 -10 0 -18 65 0 T T 8 5.4 12 340 M M 4 8 16 340
14 15 3 9 -9 56 0 0.01 0.2 8 5.2 10 320 M M 5 18 12 310
15 29 1 15 -3 50 0 0.00 0.0 8 11.7 24 140 M M 3 8 33 140
16 34 20 27 8 38 0 0.00 0.0 7 10.4 21 350 M M 2 18 30 10
17 20 -6 7 -12 58 0 0.00 0.0 7 11.7 20 330 M M 1 25 340
18 28 -11 9 -10 56 0 0.04 1.0 8 16.1 39 310 M M 6 1289 52 290
19 15 -6 5 -15 60 0 0.00 0.0 7 13.7 25 300 M M 1 37 300
20 43 14 29 9 36 0 0.00 0.0 7 12.2 23 250 M M 0 35 240
21 27 13 20 0 45 0 T T 6 15.6 25 70 M M 9 1 33 70
22 18 6 12 -9 53 0 0.03 0.4 6 15.7 24 320 M M 10 18 35 60
23 14 -1 7 -14 58 0 0.07 1.5 7 10.2 20 330 M M 1 8 25 310
24 18 2 10 -12 55 0 0.08 1.6 8 8.2 14 70 M M 8 18 19 80
25 20 3 12 -10 53 0 T T 8 7.1 12 250 M M 4 18 16 50
26 31 1 16 -6 49 0 0.00 0.0 8 11.7 22 250 M M 0 31 240
27 29 17 23 0 42 0 0.00 0.0 8 7.5 14 320 M M 0 20 260
28 40 19 30 7 35 0 0.00 0.0 8 6.6 14 110 M M 4 19 120
================================================================================
SM 663 113 1426 0 0.33 5.9 291.6 M 123
================================================================================
AV 23.7 4.0 10.4 FASTST M M 4 MAX(MPH)
MISC ----> 39 310 52 290
================================================================================
NOTES:
# LAST OF SEVERAL OCCURRENCES
COLUMN 17 PEAK WIND IN M.P.H.
PRELIMINARY LOCAL CLIMATOLOGICAL DATA (WS FORM: F-6) , PAGE 2
STATION: MARSHFIELD WI
MONTH: FEBRUARY
YEAR: 2022
LATITUDE: 44 37 N
LONGITUDE: 90 11 W
[TEMPERATURE DATA] [PRECIPITATION DATA] SYMBOLS USED IN COLUMN 16
AVERAGE MONTHLY: 13.9 TOTAL FOR MONTH: 0.33 1 = FOG OR MIST
DPTR FM NORMAL: -4.6 DPTR FM NORMAL: -0.18 2 = FOG REDUCING VISIBILITY
HIGHEST: 43 ON 20 GRTST 24HR 0.08 ON 24-24 TO 1/4 MILE OR LESS
LOWEST: -11 ON 18, 4 3 = THUNDER
SNOW, ICE PELLETS, HAIL 4 = ICE PELLETS
TOTAL MONTH: 5.9 INCHES 5 = HAIL
GRTST 24HR 1.6 ON 24-24 6 = FREEZING RAIN OR DRIZZLE
GRTST DEPTH: 8 ON 27,28 7 = DUSTSTORM OR SANDSTORM:
VSBY 1/2 MILE OR LESS
8 = SMOKE OR HAZE
[NO. OF DAYS WITH] [WEATHER - DAYS WITH] 9 = BLOWING SNOW
X = TORNADO
MAX 32 OR BELOW: 21 0.01 INCH OR MORE: 9
MAX 90 OR ABOVE: 0 0.10 INCH OR MORE: 0
MIN 32 OR BELOW: 28 0.50 INCH OR MORE: 0
MIN 0 OR BELOW: 10 1.00 INCH OR MORE: 0
[HDD (BASE 65) ]
TOTAL THIS MO. 1426 CLEAR (SCALE 0-3) 12
DPTR FM NORMAL 123 PTCLDY (SCALE 4-7) 10
TOTAL FM JUL 1 5862 CLOUDY (SCALE 8-10) 6
DPTR FM NORMAL -174
[CDD (BASE 65) ]
TOTAL THIS MO. 0
DPTR FM NORMAL 0 [PRESSURE DATA]
TOTAL FM JAN 1 0 HIGHEST SLP 30.69 ON 3
DPTR FM NORMAL 0 LOWEST SLP 29.28 ON 11
[REMARKS]
#FINAL-02-22#