000
CXUS53 KTOP 010910
CF6MHK
PRELIMINARY LOCAL CLIMATOLOGICAL DATA (WS FORM: F-6)
STATION: MANHATTAN KS
MONTH: NOVEMBER
YEAR: 2022
LATITUDE: 39 9 N
LONGITUDE: 96 40 W
TEMPERATURE IN F: :PCPN: SNOW: WIND :SUNSHINE: SKY :PK WND
================================================================================
1 2 3 4 5 6A 6B 7 8 9 10 11 12 13 14 15 16 17 18
12Z AVG MX 2MIN
DY MAX MIN AVG DEP HDD CDD WTR SNW DPTH SPD SPD DIR MIN PSBL S-S WX SPD DR
================================================================================
1 82 38 60 11 5 0 0.00 M M 7.8 22 210 M M 0 32 210
2 78 57 68 19 0 3 0.00 M M 14.3 31 180 M M 0 41 170
3 77 61 69 21 0 4 0.00 M M 18.9 33 210 M M 4 46 180
4 70 38 54 6 11 0 2.03 M M 8.4 18 30 M M 10 13 35 340
5 61 35 48 1 17 0 0.58 M M 12.5 24 210 M M 3 18 35 200
6 65 36 51 4 14 0 0.00 M M 6.9 20 50 M M 0 8 26 210
7 61 38 50 4 15 0 0.00 M M 10.4 21 100 M M 1 28 90
8 70 53 62 16 3 0 0.00 M M 10.2 18 180 M M 10 28 180
9 77 67 72 26 0 7 0.00 M M 16.8 28 180 M M 8 43 170
10 69 33 51 6 14 0 T M M 12.7 24 250 M M 8 42 260
11 38 21 30 -15 35 0 0.00 M M 6.5 14 20 M M 0 25 20
12 34 14 24 -20 41 0 0.00 M M 2.7 10 340 M M 3 17 320
13 46 13 30 -14 35 0 0.00 M M 6.3 18 150 M M 1 24 140
14 43 29 36 -8 29 0 0.07 M M 3.5 10 360 M M 8 1 16 330
15 40 20 30 -13 35 0 T M M 3.3 13 340 M M 4 1 22 340
16 35 17 26 -17 39 0 T M M 5.2 15 290 M M 2 1 25 270
17 42 19 31 -11 34 0 0.00 M M 3.9 17 360 M M 6 30 10
18 30 14 22 -20 43 0 0.00 M M 7.0 16 260 M M 0 26 300
19 37 12 25 -16 40 0 0.00 M M 6.2 15 320 M M 0 28 350
20 54 11 33 -8 32 0 0.00 M M 10.1 23 210 M M 0 31 200
21 59 20 40 0 25 0 0.00 M M 2.9 13 230 M M 0 16 220
22 66 18 42 2 23 0 0.00 M M 3.5 15 220 M M 0 19 220
23 64 28 46 6 19 0 0.00 M M 7.0 20 170 M M 3 1 28 160
24 55 39 47 8 18 0 0.00 M M 3.8 12 10 M M 5 1 19 20
25 56 19 38 -1 27 0 0.00 M M 2.7 9 210 M M 0 12 210
26 50 22 36 -2 29 0 0.10 M M 1.8 9 340 M M 4 1 16 340
27 48 23 36 -2 29 0 0.19 M M 5.0 14 360 M M 3 1 29 350
28 59 20 40 2 25 0 0.00 M M 6.3 17 160 M M 0 24 190
29 51 22 37 0 28 0 0.00 M M 7.1 18 360 M M 5 18 32 170
30 37 17 27 -10 38 0 0.00 M M 3.3 10 250 M M 0 17 310
================================================================================
SM 1654 854 703 14 2.97 M 217.0 M 88
================================================================================
AV 55.1 28.5 7.2 FASTST M M 3 MAX(MPH)
MISC ----> 33 210 46 180
================================================================================
NOTES:
# LAST OF SEVERAL OCCURRENCES
COLUMN 17 PEAK WIND IN M.P.H.
PRELIMINARY LOCAL CLIMATOLOGICAL DATA (WS FORM: F-6) , PAGE 2
STATION: MANHATTAN KS
MONTH: NOVEMBER
YEAR: 2022
LATITUDE: 39 9 N
LONGITUDE: 96 40 W
[TEMPERATURE DATA] [PRECIPITATION DATA] SYMBOLS USED IN COLUMN 16
AVERAGE MONTHLY: 41.8 TOTAL FOR MONTH: 2.97 1 = FOG OR MIST
DPTR FM NORMAL: -1.1 DPTR FM NORMAL: 1.43 2 = FOG REDUCING VISIBILITY
HIGHEST: 82 ON 1 GRTST 24HR 2.57 ON 4- 5 TO 1/4 MILE OR LESS
LOWEST: 11 ON 20 3 = THUNDER
SNOW, ICE PELLETS, HAIL 4 = ICE PELLETS
TOTAL MONTH: M 5 = HAIL
GRTST 24HR M ON M 6 = FREEZING RAIN OR DRIZZLE
GRTST DEPTH: M ON M 7 = DUSTSTORM OR SANDSTORM:
VSBY 1/2 MILE OR LESS
8 = SMOKE OR HAZE
[NO. OF DAYS WITH] [WEATHER - DAYS WITH] 9 = BLOWING SNOW
X = TORNADO
MAX 32 OR BELOW: 1 0.01 INCH OR MORE: 5
MAX 90 OR ABOVE: 0 0.10 INCH OR MORE: 4
MIN 32 OR BELOW: 19 0.50 INCH OR MORE: 2
MIN 0 OR BELOW: 0 1.00 INCH OR MORE: 1
[HDD (BASE 65) ]
TOTAL THIS MO. 703 CLEAR (SCALE 0-3) 18
DPTR FM NORMAL 39 PTCLDY (SCALE 4-7) 9
TOTAL FM JUL 1 996 CLOUDY (SCALE 8-10) 3
DPTR FM NORMAL -35
[CDD (BASE 65) ]
TOTAL THIS MO. 14
DPTR FM NORMAL 13 [PRESSURE DATA]
TOTAL FM JAN 1 1763 HIGHEST SLP 30.59 ON 18
DPTR FM NORMAL 274 LOWEST SLP 29.35 ON 29
[REMARKS]
#FINAL-11-22#