000
CXUS53 KIND 010700
CF6MIE
PRELIMINARY LOCAL CLIMATOLOGICAL DATA (WS FORM: F-6)
STATION: MUNCIE IN
MONTH: NOVEMBER
YEAR: 2022
LATITUDE: 40 13 N
LONGITUDE: 85 23 W
TEMPERATURE IN F: :PCPN: SNOW: WIND :SUNSHINE: SKY :PK WND
================================================================================
1 2 3 4 5 6A 6B 7 8 9 10 11 12 13 14 15 16 17 18
12Z AVG MX 2MIN
DY MAX MIN AVG DEP HDD CDD WTR SNW DPTH SPD SPD DIR MIN PSBL S-S WX SPD DR
================================================================================
1 69 47 58 8 7 0 0.00 M M 4.9 12 280 M M 3 18 16 290
2 67 43 55 6 10 0 0.00 M M 3.7 12 140 M M 0 18 16 200
3 73 46 60 11 5 0 0.00 M M 6.4 12 190 M M 0 128 17 190
4 77 58 68 20 0 3 0.00 M M 12.7 23 200 M M 0 34 210
5 72 52 62 14 3 0 0.02 M M 18.1 37 210 M M 3 54 220
6 69 47 58 10 7 0 0.00 M M 7.3 18 210 M M 0 29 220
7 64 41 53 6 12 0 0.00 M M 6.7 16 10 M M 0 19 20
8 60 40 50 3 15 0 0.00 M M 12.3 23 100 M M 0 28 100
9 75 36 56 10 9 0 0.00 M M 5.0 10 190 M M 0 16 230
10 74 56 65 19 0 0 0.00 M M 7.8 17 220 M M 0 24 220
11 64 36 50 4 15 0 0.00 M M 10.3 24 310 M M 6 32 310
12 36 30 33 -12 32 0 0.16 M M 10.2 16 280 M M 9 12 22 280
13 39 25 32 -13 33 0 T M M 8.4 15 330 M M 7 22 280
14 40 20 30 -14 35 0 0.00 M M 4.6 13 70 M M 3 15 90
15 39 34 37 -7 28 0 0.04 M M 8.4 16 280 M M 9 18 22 250
16 38 30 34 -10 31 0 0.01 M M 12.5 22 260 M M 10 8 33 270
17 33 29 31 -12 34 0 T M M 13.7 21 270 M M 10 18 30 280
18 32 24 28 -15 37 0 T M M 13.8 23 270 M M 10 32 270
19 34 21 28 -14 37 0 T M M 15.2 28 280 M M 3 8 41 280
20 31 14 23 -19 42 0 0.00 M M 9.8 21 280 M M 0 28 270
21 51 27 39 -3 26 0 0.00 M M 11.4 21 210 M M 0 33 210
22 56 31 44 3 21 0 0.00 M M 8.0 21 250 M M 0 26 260
23 60 35 48 7 17 0 0.00 M M 5.3 12 230 M M 0 8 17 210
24 62 28 45 4 20 0 0.03 M M 6.4 22 280 M M 4 18 29 280
25 52 37 45 5 20 0 0.01 M M 9.0 17 310 M M 5 18 22 320
26 56 28 42 2 23 0 0.00 M M 5.9 14 210 M M 0 18 17 190
27 54 43 49 9 16 0 0.58 M M 12.5 25 320 M M 10 18 35 240
28 46 41 44 5 21 0 0.00 M M 4.9 10 200 M M 10 18 15 200
29 61 45 53 14 12 0 T M M 12.1 24 180 M M 6 38 170
30 59 26 43 5 22 0 0.03 M M 19.6 31 280 M M 5 41 270
================================================================================
SM 1643 1070 590 3 0.88 M 286.9 M 113
================================================================================
AV 54.8 35.7 9.6 FASTST M M 4 MAX(MPH)
MISC ----> 37 210 54 220
================================================================================
NOTES:
# LAST OF SEVERAL OCCURRENCES
COLUMN 17 PEAK WIND IN M.P.H.
PRELIMINARY LOCAL CLIMATOLOGICAL DATA (WS FORM: F-6) , PAGE 2
STATION: MUNCIE IN
MONTH: NOVEMBER
YEAR: 2022
LATITUDE: 40 13 N
LONGITUDE: 85 23 W
[TEMPERATURE DATA] [PRECIPITATION DATA] SYMBOLS USED IN COLUMN 16
AVERAGE MONTHLY: 45.2 TOTAL FOR MONTH: 0.88 1 = FOG OR MIST
DPTR FM NORMAL: 1.3 DPTR FM NORMAL: -2.35 2 = FOG REDUCING VISIBILITY
HIGHEST: 77 ON 4 GRTST 24HR 0.58 ON 27-27 TO 1/4 MILE OR LESS
LOWEST: 14 ON 20 3 = THUNDER
SNOW, ICE PELLETS, HAIL 4 = ICE PELLETS
TOTAL MONTH: M 5 = HAIL
GRTST 24HR M ON M 6 = FREEZING RAIN OR DRIZZLE
GRTST DEPTH: M ON M 7 = DUSTSTORM OR SANDSTORM:
VSBY 1/2 MILE OR LESS
8 = SMOKE OR HAZE
[NO. OF DAYS WITH] [WEATHER - DAYS WITH] 9 = BLOWING SNOW
X = TORNADO
MAX 32 OR BELOW: 2 0.01 INCH OR MORE: 8
MAX 90 OR ABOVE: 0 0.10 INCH OR MORE: 2
MIN 32 OR BELOW: 13 0.50 INCH OR MORE: 1
MIN 0 OR BELOW: 0 1.00 INCH OR MORE: 0
[HDD (BASE 65) ]
TOTAL THIS MO. 590 CLEAR (SCALE 0-3) 14
DPTR FM NORMAL -43 PTCLDY (SCALE 4-7) 9
TOTAL FM JUL 1 978 CLOUDY (SCALE 8-10) 7
DPTR FM NORMAL -37
[CDD (BASE 65) ]
TOTAL THIS MO. 3
DPTR FM NORMAL 1 [PRESSURE DATA]
TOTAL FM JAN 1 1239 HIGHEST SLP M ON M
DPTR FM NORMAL 67 LOWEST SLP 29.33 ON 27
[REMARKS]
#FINAL-11-22#