000
CXUS53 KIND 010600
CF6MIE
PRELIMINARY LOCAL CLIMATOLOGICAL DATA (WS FORM: F-6)
STATION: MUNCIE IN
MONTH: JULY
YEAR: 2022
LATITUDE: 40 13 N
LONGITUDE: 85 23 W
TEMPERATURE IN F: :PCPN: SNOW: WIND :SUNSHINE: SKY :PK WND
================================================================================
1 2 3 4 5 6A 6B 7 8 9 10 11 12 13 14 15 16 17 18
12Z AVG MX 2MIN
DY MAX MIN AVG DEP HDD CDD WTR SNW DPTH SPD SPD DIR MIN PSBL S-S WX SPD DR
================================================================================
1 96 76 86 10 0 21 0.00 M M 9.4 25 320 M M 1 32 320
2 87 68 78 2 0 13 0.00 M M 6.4 13 330 M M 2 18 16 340
3 91 62 77 1 0 12 0.00 M M 4.2 14 50 M M 0 22 40
4 92 65 79 3 0 14 T M M 6.6 16 190 M M 0 22 200
5 97 71 84 8 0 19 0.36 M M 8.4 30 20 M M 2 3 40 80
6 89 73 81 5 0 16 0.21 M M 8.1 24 20 M M 6 13 32 10
7 83 68 76 0 0 11 T M M 6.1 14 110 M M 1 18 17 120
8 76 70 73 -3 0 8 0.49 M M 9.2 21 80 M M 10 1 25 80
9 82 63 73 -3 0 8 0.00 M M 9.8 18 30 M M 2 23 30
10 84 55 70 -6 0 5 0.00 M M 6.6 15 40 M M 0 18 40
11 89 62 76 0 0 11 0.00 M M 7.5 17 250 M M 1 28 250
12 84 70 77 1 0 12 0.00 M M 9.1 21 320 M M 2 30 320
13 88 66 77 1 0 12 0.00 M M 7.8 18 310 M M 2 30 320
14 85 61 73 -3 0 8 0.00 M M 4.2 10 50 M M 1 1 13 20
15 83 61 72 -4 0 7 0.24 M M 5.1 14 240 M M 5 1 18 240
16 88 69 79 3 0 14 T M M 5.7 14 220 M M 7 18 18 260
17 79 68 74 -2 0 9 3.38 M M 7.7 17 240 M M 8 123 26 220
18 85 69 77 1 0 12 0.00 M M 5.2 13 330 M M 7 1 17 360
19 88 66 77 1 0 12 0.00 M M 5.0 13 220 M M 1 128 19 210
20 93 73 83 7 0 18 0.00 M M 10.3 22 260 M M 2 33 270
21 87 71 79 3 0 14 0.00 M M 8.2 16 260 M M 0 23 240
22 88 74 81 5 0 16 0.00 M M 6.0 16 320 M M 0 22 310
23 80 M M M M M 0.22 M M 16.1 52 320 M M 3 38 63 320
24 85 75 80 4 0 15 0.10 M M 9.3 16 240 M M 2 3 27 240
25 81 67 74 -2 0 9 0.00 M M 5.4 14 260 M M 4 18 19 280
26 77 65 71 -5 0 6 T M M 5.5 12 210 M M 6 14 260
27 84 72 78 3 0 13 0.64 M M 6.9 15 280 M M 7 123 20 260
28 85 70 78 3 0 13 0.00 M M 7.3 16 280 M M 2 21 280
29 79 63 71 -4 0 6 T M M 6.5 17 280 M M 3 22 280
30 83 59 71 -4 0 6 0.00 M M 2.3 8 20 M M 1 1 12 90
31 83 65 74 -1 0 9 0.00 M M 4.2 10 260 M M 2 17 170
================================================================================
SM 2651 2017 0 349 5.64 M 220.1 M 90
================================================================================
AV 85.5 67.2 7.1 FASTST M M 3 MAX(MPH)
MISC ----> 52 320 63 320
================================================================================
NOTES:
# LAST OF SEVERAL OCCURRENCES
COLUMN 17 PEAK WIND IN M.P.H.
PRELIMINARY LOCAL CLIMATOLOGICAL DATA (WS FORM: F-6) , PAGE 2
STATION: MUNCIE IN
MONTH: JULY
YEAR: 2022
LATITUDE: 40 13 N
LONGITUDE: 85 23 W
[TEMPERATURE DATA] [PRECIPITATION DATA] SYMBOLS USED IN COLUMN 16
AVERAGE MONTHLY: 76.4 TOTAL FOR MONTH: 5.64 1 = FOG OR MIST
DPTR FM NORMAL: 0.4 DPTR FM NORMAL: 1.54 2 = FOG REDUCING VISIBILITY
HIGHEST: 97 ON 5 GRTST 24HR 3.38 ON 17-17 TO 1/4 MILE OR LESS
LOWEST: 55 ON 10 3 = THUNDER
SNOW, ICE PELLETS, HAIL 4 = ICE PELLETS
TOTAL MONTH: M 5 = HAIL
GRTST 24HR M ON M 6 = FREEZING RAIN OR DRIZZLE
GRTST DEPTH: M ON M 7 = DUSTSTORM OR SANDSTORM:
VSBY 1/2 MILE OR LESS
8 = SMOKE OR HAZE
[NO. OF DAYS WITH] [WEATHER - DAYS WITH] 9 = BLOWING SNOW
X = TORNADO
MAX 32 OR BELOW: 0 0.01 INCH OR MORE: 8
MAX 90 OR ABOVE: 5 0.10 INCH OR MORE: 8
MIN 32 OR BELOW: 0 0.50 INCH OR MORE: 2
MIN 0 OR BELOW: 0 1.00 INCH OR MORE: 1
[HDD (BASE 65) ]
TOTAL THIS MO. 0 CLEAR (SCALE 0-3) 21
DPTR FM NORMAL -1 PTCLDY (SCALE 4-7) 9
TOTAL FM JUL 1 0 CLOUDY (SCALE 8-10) 1
DPTR FM NORMAL 0
[CDD (BASE 65) ]
TOTAL THIS MO. 349
DPTR FM NORMAL 5 [PRESSURE DATA]
TOTAL FM JAN 1 801 HIGHEST SLP M ON M
DPTR FM NORMAL 67 LOWEST SLP 29.60 ON 20
[REMARKS]
#FINAL-07-22#