000
CXUS53 KIND 011542
CLMMIE
CLIMATE REPORT
NATIONAL WEATHER SERVICE INDIANAPOLIS IN
1142 AM EDT SUN OCT 01 2023
...................................
...THE MUNCIE IN CLIMATE SUMMARY FOR THE MONTH OF SEPTEMBER 2023...
CLIMATE NORMAL PERIOD 1991 TO 2020
CLIMATE RECORD PERIOD 9999 TO 9999
WEATHER OBSERVED NORMAL DEPART LAST YEAR`S
VALUE DATE(S) VALUE FROM VALUE DATE(S)
NORMAL
................................................................
TEMPERATURE (F)
HIGHEST 92 09/05 94 09/21
LOWEST 44 09/14 35 09/30
AVG. MAXIMUM 80.3 78.8 1.5 78.2
AVG. MINIMUM 55.1 55.7 -0.6 56.3
MEAN 67.7 67.2 0.5 67.2
DAYS MAX >= 90 3 2.1 0.9 1
DAYS MAX <= 32 0 0.0 0.0 0
DAYS MIN <= 32 0 0.1 -0.1 0
DAYS MIN <= 0 0 0.0 0.0 0
PRECIPITATION (INCHES)
TOTALS 1.46 3.09 -1.63 1.42
DAILY AVG. 0.05 0.10 -0.05 0.05
DAYS >= .01 6 9.9 -3.9 6
DAYS >= .10 3 5.1 -2.1 3
DAYS >= .50 1 2.0 -1.0 1
DAYS >= 1.00 0 0.9 -0.9 1
GREATEST
24 HR. TOTAL 1.04 09/26 TO 09/27
DEGREE DAYS
HEATING TOTAL 26 66 -40 75
SINCE 7/1 32 71 -39 MM
COOLING TOTAL 114 134 -20 148
SINCE 1/1 951 1143 -192 MM
................................................................
WIND (MPH)
AVERAGE WIND SPEED 4.5
HIGHEST WIND SPEED/DIRECTION 21/020 DATE 09/13
HIGHEST GUST SPEED/DIRECTION 28/190 DATE 09/06
28/020 09/13
SKY COVER
AVERAGE SKY COVER 0.33
AVERAGE RH (PERCENT) 67
WEATHER CONDITIONS. NUMBER OF DAYS WITH
THUNDERSTORM 1 MIXED PRECIP 1
HEAVY RAIN 3 RAIN 9
LIGHT RAIN 8 FREEZING RAIN 0
LT FREEZING RAIN 0 HAIL 0
HEAVY SNOW 0 SNOW 0
LIGHT SNOW 0 SLEET 0
FOG 17 FOG W/VIS <= 1/4 MILE 7
HAZE 11
- INDICATES NEGATIVE NUMBERS.
R INDICATES RECORD WAS SET OR TIED.
MM INDICATES DATA IS MISSING.
T INDICATES TRACE AMOUNT.
$$