933
CXUS53 KGRR 011010
CF6MKG
PRELIMINARY LOCAL CLIMATOLOGICAL DATA (WS FORM: F-6)
STATION: MUSKEGON
MONTH: FEBRUARY
YEAR: 2021
LATITUDE: 43 10 N
LONGITUDE: 86 14 W
TEMPERATURE IN F: :PCPN: SNOW: WIND :SUNSHINE: SKY :PK WND
================================================================================
1 2 3 4 5 6A 6B 7 8 9 10 11 12 13 14 15 16 17 18
12Z AVG MX 2MIN
DY MAX MIN AVG DEP HDD CDD WTR SNW DPTH SPD SPD DIR MIN PSBL S-S WX SPD DR
================================================================================
1 33 20 27 2 38 0 0.00 0.0 4 9.0 15 350 M M 5 20 10
2 36 16 26 1 39 0 0.00 0.0 4 7.7 21 340 M M 4 28 330
3 35 12 24 -1 41 0 0.00 0.0 3 3.9 10 250 M M 2 13 250
4 37 26 32 6 33 0 0.49 5.9 2 12.9 26 280 M M 7 12 39 270
5 33 16 25 -1 40 0 0.03 0.6 8 18.5 30 270 M M 10 189 45 260
6 18 14 16 -10 49 0 0.02 0.7 9 14.7 24 280 M M 10 33 280
7 14 7 11 -15 54 0 0.07 1.0 10 10.9 18 300 M M 10 8 29 280
8 17 10 14 -12 51 0 0.08 0.7 11 4.2 10 280 M M 10 18 13 290
9 18 12 15 -11 50 0 0.02 0.3 12 7.8 14 330 M M 9 8 21 270
10 20 6 13 -13 52 0 T T 11 5.3 12 330 M M 9 16 330
11 20 10 15 -11 50 0 T T 11 6.1 13 60 M M 10 8 17 60
12 26 15 21 -5 44 0 0.06 1.0 12 5.7 13 340 M M 10 8 21 290
13 21 16 19 -8 46 0 0.09 1.2 12 5.6 17 320 M M 10 18 23 310
14 17 9 13 -14 52 0 0.02 0.3 13 8.8 15 340 M M 10 8 22 290
15 15 8 12 -15 53 0 0.09 0.8 13 10.6 18 30 M M 9 89 28 350
16 21 0 11 -16 54 0 0.10 1.8 15 6.9 17 20 M M 7 8 23 40
17 25 -9 8 -19 57 0 0.00 0.0 15 4.9 12 180 M M 6 8 15 170
18 26 7 17 -11 48 0 0.00 0.0 14 4.6 13 100 M M 8 18 100
19 25 13 19 -9 46 0 0.06 0.9 13 7.1 16 220 M M 10 18 21 230
20 25 14 20 -8 45 0 0.03 0.6 15 8.5 16 220 M M 9 8 20 310
21 33 9 21 -7 44 0 0.10 2.0 15 13.4 26 110 M M 6 18 35 100
22 37 30 34 6 31 0 0.15 1.1 16 15.2 23 210 M M 10 18 32 200
23 42 36 39 10 26 0 0.02 T 13 13.0 23 220 M M 7 34 230
24 43 30 37 8 28 0 0.00 0.0 7 12.9 26 330 M M 8 18 36 350
25 36 18 27 -2 38 0 0.00 0.0 5 6.8 20 280 M M 3 26 290
26 42 20 31 2 34 0 0.00 0.0 4 9.7 20 130 M M 3 18 27 180
27 41 28 35 5 30 0 0.09 T 3 7.0 15 190 M M 5 128 20 220
28 46 28 37 7 28 0 0.09 0.0 1 12.0 22 190 M M 7 128 33 180
================================================================================
SM 802 421 1201 0 1.61 18.9 253.7 M 214
================================================================================
AV 28.6 15.0 9.1 FASTST M M 8 MAX(MPH)
MISC ----> 30 270 45 260
================================================================================
NOTES:
# LAST OF SEVERAL OCCURRENCES
COLUMN 17 PEAK WIND IN M.P.H.
PRELIMINARY LOCAL CLIMATOLOGICAL DATA (WS FORM: F-6) , PAGE 2
STATION: MUSKEGON
MONTH: FEBRUARY
YEAR: 2021
LATITUDE: 43 10 N
LONGITUDE: 86 14 W
[TEMPERATURE DATA] [PRECIPITATION DATA] SYMBOLS USED IN COLUMN 16
AVERAGE MONTHLY: 21.8 TOTAL FOR MONTH: 1.61 1 = FOG OR MIST
DPTR FM NORMAL: -5.3 DPTR FM NORMAL: -0.22 2 = FOG REDUCING VISIBILITY
HIGHEST: 46 ON 28 GRTST 24HR 0.52 ON 4- 5 TO 1/4 MILE OR LESS
LOWEST: -9 ON 17 3 = THUNDER
SNOW, ICE PELLETS, HAIL 4 = ICE PELLETS
TOTAL MONTH: 20.5 INCHES 5 = HAIL
GRTST 24HR 5.9 ON 4- 4 6 = FREEZING RAIN OR DRIZZLE
GRTST DEPTH: 16 ON 22 7 = DUSTSTORM OR SANDSTORM:
VSBY 1/2 MILE OR LESS
8 = SMOKE OR HAZE
[NO. OF DAYS WITH] [WEATHER - DAYS WITH] 9 = BLOWING SNOW
X = TORNADO
MAX 32 OR BELOW: 15 0.01 INCH OR MORE: 18
MAX 90 OR ABOVE: 0 0.10 INCH OR MORE: 4
MIN 32 OR BELOW: 27 0.50 INCH OR MORE: 0
MIN 0 OR BELOW: 2 1.00 INCH OR MORE: 0
[HDD (BASE 65) ]
TOTAL THIS MO. 1201 CLEAR (SCALE 0-3) 3
DPTR FM NORMAL 141 PTCLDY (SCALE 4-7) 10
TOTAL FM JUL 1 4413 CLOUDY (SCALE 8-10) 15
DPTR FM NORMAL -320
[CDD (BASE 65) ]
TOTAL THIS MO. 0
DPTR FM NORMAL 0 [PRESSURE DATA]
TOTAL FM JAN 1 0 HIGHEST SLP 30.51 ON 11
DPTR FM NORMAL 0 LOWEST SLP 29.19 ON 4
[REMARKS]
#FINAL-02-21#