000
CXUS54 KMEG 021233
CF6MKL
PRELIMINARY LOCAL CLIMATOLOGICAL DATA (WS FORM: F-6)
STATION: JACKSON
MONTH: MARCH
YEAR: 2022
LATITUDE: 35 35 N
LONGITUDE: 88 55 W
TEMPERATURE IN F: :PCPN: SNOW: WIND :SUNSHINE: SKY :PK WND
================================================================================
1 2 3 4 5 6A 6B 7 8 9 10 11 12 13 14 15 16 17 18
12Z AVG MX 2MIN
DY MAX MIN AVG DEP HDD CDD WTR SNW DPTH SPD SPD DIR MIN PSBL S-S WX SPD DR
================================================================================
1 70 27 49 3 16 0 0.00 M M 7.0 17 270 M M 0 21 260
2 76 39 58 11 7 0 0.00 M M 6.6 13 260 M M 0 17 280
3 76 45 61 14 4 0 0.00 M M 4.9 10 330 M M 0 13 340
4 80 45 63 16 2 0 0.00 M M 4.9 13 170 M M 0 17 230
5 77 50 64 16 1 0 T M M 11.3 22 200 M M 5 31 190
6 80 67 74 26 0 9 0.00 M M 14.5 24 200 M M 7 35 200
7 72 39 56 8 9 0 0.47 M M 15.2 29 200 M M 9 13 36 200
8 46 37 42 -6 23 0 0.15 M M 8.2 15 30 M M 8 1 19 40
9 53 34 44 -5 21 0 0.03 M M 5.8 14 340 M M 4 1 18 30
10 61 34 48 -1 17 0 0.00 M M 3.3 10 350 M M 0 14 30
11 52 27 40 -9 25 0 0.05 M M 10.1 29 350 M M 5 12 36 360
12 30 20 25 -25 40 0 T M M 9.9 22 350 M M 2 27 320
13 59 20 40 -10 25 0 0.00 M M 9.7 18 210 M M 0 25 230
14 67 41 54 4 11 0 T M M 7.5 18 210 M M 3 27 190
15 68 47 58 7 7 0 0.06 M M 5.4 15 50 M M 7 1 19 60
16 70 52 61 10 4 0 0.06 M M 4.1 13 100 M M 8 1 18 110
17 74 42 58 7 7 0 0.00 M M 4.1 13 180 M M 2 12 18 180
18 71 48 60 8 5 0 0.44 M M 13.2 28 240 M M 7 13 38 230
19 59 35 47 -5 18 0 0.00 M M 10.9 22 260 M M 6 27 250
20 72 31 52 0 13 0 0.00 M M 1.4 10 250 M M 0 13 240
21 74 38 56 4 9 0 0.00 M M 7.5 20 170 M M 1 31 160
22 68 52 60 7 5 0 1.69 M M 8.8 24 180 M M 7 13 34 170
23 58 37 48 -5 17 0 0.03 M M 10.1 22 240 M M 9 1 32 240
24 59 33 46 -7 19 0 0.00 M M 9.7 24 250 M M 5 31 250
25 55 43 49 -5 16 0 0.00 M M 8.9 17 300 M M 6 22 310
26 63 39 51 -3 14 0 0.00 M M 10.5 24 310 M M 0 30 300
27 52 33 43 -11 22 0 0.00 M M 6.2 15 20 M M 1 20 10
28 62 35 49 -5 16 0 0.00 M M 6.7 13 40 M M 4 20 80
29 78 49 64 9 1 0 0.00 M M 10.0 20 200 M M 5 28 180
30 78 48 63 8 2 0 0.95 M M 11.4 26 170 M M M 13 60 290
31 62 43 53 -2 12 0 0.10 M M 12.3 16 250 M M 3 25 250
================================================================================
SM 2022 1230 388 9 4.03 M 260.1 M 114
================================================================================
AV 65.2 39.7 8.4 FASTST M M 4 MAX(MPH)
MISC ----> # 29 200 60 290
================================================================================
NOTES:
# LAST OF SEVERAL OCCURRENCES
COLUMN 17 PEAK WIND IN M.P.H.
PRELIMINARY LOCAL CLIMATOLOGICAL DATA (WS FORM: F-6) , PAGE 2
STATION: JACKSON
MONTH: MARCH
YEAR: 2022
LATITUDE: 35 35 N
LONGITUDE: 88 55 W
[TEMPERATURE DATA] [PRECIPITATION DATA] SYMBOLS USED IN COLUMN 16
AVERAGE MONTHLY: 52.5 TOTAL FOR MONTH: 4.03 1 = FOG OR MIST
DPTR FM NORMAL: 1.6 DPTR FM NORMAL: -1.52 2 = FOG REDUCING VISIBILITY
HIGHEST: 80 ON 6, 4 GRTST 24HR 1.71 ON 22-23 TO 1/4 MILE OR LESS
LOWEST: 20 ON 13,12 3 = THUNDER
SNOW, ICE PELLETS, HAIL 4 = ICE PELLETS
TOTAL MONTH: M 5 = HAIL
GRTST 24HR M ON M 6 = FREEZING RAIN OR DRIZZLE
GRTST DEPTH: M ON M 7 = DUSTSTORM OR SANDSTORM:
VSBY 1/2 MILE OR LESS
8 = SMOKE OR HAZE
[NO. OF DAYS WITH] [WEATHER - DAYS WITH] 9 = BLOWING SNOW
X = TORNADO
MAX 32 OR BELOW: 1 0.01 INCH OR MORE: 11
MAX 90 OR ABOVE: 0 0.10 INCH OR MORE: 6
MIN 32 OR BELOW: 5 0.50 INCH OR MORE: 2
MIN 0 OR BELOW: 0 1.00 INCH OR MORE: 1
[HDD (BASE 65) ]
TOTAL THIS MO. 388 CLEAR (SCALE 0-3) 12
DPTR FM NORMAL -59 PTCLDY (SCALE 4-7) 15
TOTAL FM JUL 1 2994 CLOUDY (SCALE 8-10) 4
DPTR FM NORMAL -289
[CDD (BASE 65) ]
TOTAL THIS MO. 9
DPTR FM NORMAL -1 [PRESSURE DATA]
TOTAL FM JAN 1 11 HIGHEST SLP 30.42 ON 12
DPTR FM NORMAL 0 LOWEST SLP 29.35 ON 30
[REMARKS]
#FINAL-03-22#