000
CXUS53 KMPX 052102
CF6MKT
PRELIMINARY LOCAL CLIMATOLOGICAL DATA (WS FORM: F-6)
STATION: MANKATO MN
MONTH: MARCH
YEAR: 2021
LATITUDE: 44 13 N
LONGITUDE: 93 55 W
TEMPERATURE IN F: :PCPN: SNOW: WIND :SUNSHINE: SKY :PK WND
================================================================================
1 2 3 4 5 6A 6B 7 8 9 10 11 12 13 14 15 16 17 18
12Z AVG MX 2MIN
DY MAX MIN AVG DEP HDD CDD WTR SNW DPTH SPD SPD DIR MIN PSBL S-S WX SPD DR
================================================================================
1 31 15 23 -2 42 0 0.12 M M 7.6 17 20 M M 3 1 22 20
2 47 21 34 8 31 0 0.00 M M 15.0 24 230 M M 0 35 200
3 48 29 39 13 26 0 0.00 M M 4.2 8 130 M M 1 1 M M
4 44 32 38 12 27 0 0.00 M M 11.8 20 120 M M 4 M M
5 46 30 38 11 27 0 0.00 M M 7.5 10 100 M M 5 M M
6 46 27 37 10 28 0 0.00 M M 10.3 15 130 M M 0 M M
7 62 36 49 21 16 0 0.00 M M 14.2 31 210 M M 0 37 210
8 57 34 46 18 19 0 0.00 M M 7.0 13 120 M M 0 M M
9 63 43 53 24 12 0 0.00 M M 13.4 22 180 M M 2 32 200
10 50 33 42 13 23 0 0.03 M M 11.2 32 260 M M 9 123 41 250
11 46 31 39 10 26 0 0.32 M M 17.4 27 280 M M 4 1 39 270
12 43 27 35 5 30 0 0.00 M M 5.6 10 300 M M 0 M M
13 56 31 44 14 21 0 0.00 M M 6.9 16 230 M M 0 M M
14 45 36 41 10 24 0 0.00 M M 15.7 22 80 M M 0 31 90
15 36 28 32 1 33 0 0.47 M M 15.1 23 110 M M 9 12 30 90
16 35 28 32 0 33 0 0.94 M M 6.9 10 90 M M 10 18 M M
17 38 30 34 2 31 0 0.13 M M 7.8 16 360 M M 9 18 M M
18 47 28 38 6 27 0 0.00 M M 9.3 16 360 M M 0 M M
19 46 26 36 3 29 0 0.00 M M 9.5 14 170 M M 0 M M
20 57 33 45 11 20 0 0.00 M M 15.8 22 170 M M 0 32 160
21 61 39 50 16 15 0 0.00 M M 16.5 32 190 M M 4 44 190
22 54 34 44 10 21 0 0.00 M M 5.2 15 130 M M 3 M M
23 51 42 47 12 18 0 0.18 M M 12.0 18 20 M M 10 1 24 10
24 44 39 42 7 23 0 0.78 M M 15.3 21 310 M M 10 1 29 330
25 51 30 41 5 24 0 0.15 M M 5.9 12 60 M M 4 1 M M
26 52 27 40 4 25 0 0.00 M M 8.6 13 60 M M 3 M M
27 45 34 40 3 25 0 0.13 M M 11.2 21 330 M M 8 1 31 350
28 45 30 38 1 27 0 0.00 M M 12.4 18 300 M M 3 25 310
29 73 39 56 18 9 0 T M M 19.4 29 190 M M 2 45 190
30 52 28 40 2 25 0 T M M 21.6 29 290 M M 4 39 270
31 32 23 28 -11 37 0 T M M 14.8 22 300 M M 6 32 320
================================================================================
SM 1503 963 774 0 3.25 M 355.1 M 113
================================================================================
AV 48.5 31.1 11.5 FASTST M M 4 MAX(MPH)
MISC ----> # 32 260 45 190
================================================================================
NOTES:
# LAST OF SEVERAL OCCURRENCES
COLUMN 17 PEAK WIND IN M.P.H.
PRELIMINARY LOCAL CLIMATOLOGICAL DATA (WS FORM: F-6) , PAGE 2
STATION: MANKATO MN
MONTH: MARCH
YEAR: 2021
LATITUDE: 44 13 N
LONGITUDE: 93 55 W
[TEMPERATURE DATA] [PRECIPITATION DATA] SYMBOLS USED IN COLUMN 16
AVERAGE MONTHLY: 39.8 TOTAL FOR MONTH: 3.25 1 = FOG OR MIST
DPTR FM NORMAL: 8.1 DPTR FM NORMAL: 1.29 2 = FOG REDUCING VISIBILITY
HIGHEST: 73 ON 29 GRTST 24HR 0.94 ON 16-16 TO 1/4 MILE OR LESS
LOWEST: 15 ON 1 3 = THUNDER
SNOW, ICE PELLETS, HAIL 4 = ICE PELLETS
TOTAL MONTH: M 5 = HAIL
GRTST 24HR M ON M 6 = FREEZING RAIN OR DRIZZLE
GRTST DEPTH: M ON M 7 = DUSTSTORM OR SANDSTORM:
VSBY 1/2 MILE OR LESS
8 = SMOKE OR HAZE
[NO. OF DAYS WITH] [WEATHER - DAYS WITH] 9 = BLOWING SNOW
X = TORNADO
MAX 32 OR BELOW: 2 0.01 INCH OR MORE: 10
MAX 90 OR ABOVE: 0 0.10 INCH OR MORE: 9
MIN 32 OR BELOW: 19 0.50 INCH OR MORE: 2
MIN 0 OR BELOW: 0 1.00 INCH OR MORE: 0
[HDD (BASE 65) ]
TOTAL THIS MO. 774 CLEAR (SCALE 0-3) 16
DPTR FM NORMAL -257 PTCLDY (SCALE 4-7) 9
TOTAL FM JUL 1 6417 CLOUDY (SCALE 8-10) 6
DPTR FM NORMAL -537
[CDD (BASE 65) ]
TOTAL THIS MO. 0
DPTR FM NORMAL 0 [PRESSURE DATA]
TOTAL FM JAN 1 0 HIGHEST SLP M ON M
DPTR FM NORMAL 0 LOWEST SLP M ON M
[REMARKS]
#FINAL-03-21#
THE PRECIPITATION DATA FROM MARCH 1ST THROUGH THE 25TH IS FROM THE 4 INCH DIAMETER RAIN GAUGE AT COCORAHS STATION MN-BU-23 WITH AN OBSERVATION TIME OF 7 AM.