000
CXUS53 KMPX 010710
CF6MKT
PRELIMINARY LOCAL CLIMATOLOGICAL DATA (WS FORM: F-6)
STATION: MANKATO MN
MONTH: MAY
YEAR: 2020
LATITUDE: 44 13 N
LONGITUDE: 93 55 W
TEMPERATURE IN F: :PCPN: SNOW: WIND :SUNSHINE: SKY :PK WND
================================================================================
1 2 3 4 5 6A 6B 7 8 9 10 11 12 13 14 15 16 17 18
12Z AVG MX 2MIN
DY MAX MIN AVG DEP HDD CDD WTR SNW DPTH SPD SPD DIR MIN PSBL S-S WX SPD DR
================================================================================
1 85 50 68 15 0 3 T M M 16.9 25 170 M M 3 41 150
2 74 53 64 10 1 0 0.00 M M 15.2 24 300 M M 0 35 290
3 71 46 59 5 6 0 0.00 M M 10.1 20 330 M M 0 27 340
4 60 41 51 -3 14 0 0.00 M M 12.6 17 110 M M 3 23 90
5 57 45 51 -4 14 0 0.06 M M 9.3 13 140 M M 9 16 30
6 64 42 53 -2 12 0 0.00 M M 10.9 20 300 M M 5 24 270
7 62 40 51 -5 14 0 0.00 M M 10.6 18 320 M M 2 31 340
8 51 35 43 -13 22 0 0.00 M M 13.8 25 350 M M 0 36 350
9 66 30 48 -8 17 0 0.03 M M 11.9 27 280 M M 6 1 38 260
10 47 37 42 -14 23 0 0.04 M M 15.3 22 330 M M 10 29 330
11 54 39 47 -10 18 0 0.00 M M 9.6 18 270 M M 5 25 300
12 58 32 45 -12 20 0 0.00 M M 6.0 14 80 M M 0 M M
13 64 46 55 -3 10 0 0.01 M M 14.3 28 150 M M 10 1 35 150
14 73 52 63 5 2 0 T M M 7.8 18 330 M M 6 1 M M
15 70 45 58 0 7 0 0.00 M M 8.1 14 340 M M 0 17 20
16 68 50 59 1 6 0 1.30 M M 14.3 25 20 M M 5 1 36 40
17 54 50 52 -7 13 0 1.40 M M 18.9 28 50 M M 10 1 39 50
18 61 50 56 -3 9 0 T M M 14.1 23 30 M M 10 30 20
19 65 52 59 -1 6 0 0.00 M M 9.5 17 120 M M 10 23 80
20 75 57 66 6 0 1 0.00 M M 12.1 20 120 M M 8 22 130
21 64 55 60 0 5 0 0.01 M M 9.5 21 140 M M 9 1 22 150
22 67 56 62 2 3 0 T M M 8.1 13 150 M M 10 1 M M
23 71 59 65 4 0 0 0.11 M M 7.6 14 100 M M 7 1 17 100
24 75 58 67 6 0 2 0.23 M M 7.6 27 110 M M 5 123 37 110
25 77 62 70 9 0 5 0.14 M M 3.1 10 240 M M 7 18 M M
26 74 65 70 8 0 5 0.29 M M 8.3 13 340 M M 9 1 M M
27 74 63 69 7 0 4 0.17 M M 6.9 13 90 M M 10 1 M M
28 78 59 69 7 0 4 0.00 M M 12.8 23 330 M M 1 36 340
29 67 50 59 -4 6 0 0.00 M M 9.6 17 360 M M 2 25 340
30 70 51 61 -2 4 0 0.00 M M 7.0 15 340 M M 2 17 350
31 79 48 64 1 1 0 0.00 M M 9.9 20 190 M M 3 23 190
================================================================================
SM 2075 1518 233 24 3.79 M 331.7 M 167
================================================================================
AV 66.9 49.0 10.7 FASTST M M 5 MAX(MPH)
MISC ----> # 28 150 41 150
================================================================================
NOTES:
# LAST OF SEVERAL OCCURRENCES
COLUMN 17 PEAK WIND IN M.P.H.
PRELIMINARY LOCAL CLIMATOLOGICAL DATA (WS FORM: F-6) , PAGE 2
STATION: MANKATO MN
MONTH: MAY
YEAR: 2020
LATITUDE: 44 13 N
LONGITUDE: 93 55 W
[TEMPERATURE DATA] [PRECIPITATION DATA] SYMBOLS USED IN COLUMN 16
AVERAGE MONTHLY: 58.0 TOTAL FOR MONTH: 3.79 1 = FOG OR MIST
DPTR FM NORMAL: -0.4 DPTR FM NORMAL: 0.34 2 = FOG REDUCING VISIBILITY
HIGHEST: 85 ON 1 GRTST 24HR 1.40 ON 17-17 TO 1/4 MILE OR LESS
LOWEST: 30 ON 9 3 = THUNDER
SNOW, ICE PELLETS, HAIL 4 = ICE PELLETS
TOTAL MONTH: M 5 = HAIL
GRTST 24HR M ON M 6 = FREEZING RAIN OR DRIZZLE
GRTST DEPTH: M ON M 7 = DUSTSTORM OR SANDSTORM:
VSBY 1/2 MILE OR LESS
8 = SMOKE OR HAZE
[NO. OF DAYS WITH] [WEATHER - DAYS WITH] 9 = BLOWING SNOW
X = TORNADO
MAX 32 OR BELOW: 0 0.01 INCH OR MORE: 12
MAX 90 OR ABOVE: 0 0.10 INCH OR MORE: 7
MIN 32 OR BELOW: 2 0.50 INCH OR MORE: 2
MIN 0 OR BELOW: 0 1.00 INCH OR MORE: 2
[HDD (BASE 65) ]
TOTAL THIS MO. 233 CLEAR (SCALE 0-3) 12
DPTR FM NORMAL -9 PTCLDY (SCALE 4-7) 9
TOTAL FM JUL 1 6528 CLOUDY (SCALE 8-10) 10
DPTR FM NORMAL -1233
[CDD (BASE 65) ]
TOTAL THIS MO. 24
DPTR FM NORMAL -15 [PRESSURE DATA]
TOTAL FM JAN 1 24 HIGHEST SLP M ON M
DPTR FM NORMAL -20 LOWEST SLP M ON M
[REMARKS]
#FINAL-05-20#