000
CXUS52 KMLB 010636
CF6MLB
PRELIMINARY LOCAL CLIMATOLOGICAL DATA (WS FORM: F-6)
STATION: MELBOURNE
MONTH: MARCH
YEAR: 2020
LATITUDE: 28 6 N
LONGITUDE: 80 39 W
TEMPERATURE IN F: :PCPN: SNOW: WIND :SUNSHINE: SKY :PK WND
================================================================================
1 2 3 4 5 6A 6B 7 8 9 10 11 12 13 14 15 16 17 18
12Z AVG MX 2MIN
DY MAX MIN AVG DEP HDD CDD WTR SNW DPTH SPD SPD DIR MIN PSBL S-S WX SPD DR
================================================================================
1 70 40 55 -9 10 0 0.00 0.0 0 5.9 14 340 M M 0 17 350
2 73 50 62 -2 3 0 T 0.0 0 8.9 24 140 M M 4 30 140
3 83 58 71 7 0 6 0.00 0.0 0 8.2 20 200 M M 2 26 190
4 87 61 74 10 0 9 0.00 0.0 0 8.1 16 210 M M 3 12 22 190
5 90 69 80 15 0 15 0.00 0.0 0 13.0 20 220 M M 4 1 33 240
6 75 59 67 2 0 2 T 0.0 0 12.0 22 290 M M 3 27 290
7 65 50 58 -7 7 0 0.00 0.0 0 16.8 26 360 M M 2 35 20
8 73 52 63 -2 2 0 0.00 0.0 0 14.7 22 70 M M 7 27 70
9 75 65 70 5 0 5 0.03 0.0 0 13.4 28 100 M M 7 18 35 100
10 77 62 70 5 0 5 0.00 0.0 0 8.6 18 120 M M 6 22 120
11 78 57 68 3 0 3 0.00 0.0 0 5.8 15 100 M M 2 1 19 90
12 79 61 70 5 0 5 0.00 0.0 0 5.7 14 100 M M 1 17 80
13 80 59 70 4 0 5 0.00 0.0 0 6.9 15 110 M M 0 1 19 100
14 80 61 71 5 0 6 0.00 0.0 0 7.3 14 70 M M 0 18 90
15 81 61 71 5 0 6 0.00 0.0 0 5.9 13 110 M M 1 16 100
16 79 62 71 5 0 6 T 0.0 0 8.2 18 30 M M 4 1 23 30
17 80 72 76 10 0 11 0.00 0.0 0 9.3 15 110 M M 1 22 100
18 80 62 71 5 0 6 0.00 0.0 0 7.3 16 100 M M 2 1 19 110
19 81 71 76 10 0 11 0.00 0.0 0 11.2 20 120 M M 1 26 110
20 82 71 77 11 0 12 0.00 0.0 0 12.0 21 110 M M 1 24 110
21 82 61 72 6 0 7 0.00 0.0 0 7.4 16 110 M M 2 1 20 110
22 82 64 73 6 0 8 0.00 0.0 0 6.9 16 100 M M 2 1 22 110
23 84 67 76 9 0 11 0.00 0.0 0 9.9 17 140 M M 3 22 110
24 87 66 77 10 0 12 0.00 0.0 0 8.1 17 140 M M 4 24 120
25 89 67 78 11 0 13 0.00 0.0 0 10.1 18 260 M M 5 18 24 260
26 82 69 76 9 0 11 0.00 0.0 0 8.6 16 120 M M 5 1 23 110
27 83 65 74 7 0 9 0.00 0.0 0 8.8 18 110 M M 1 1 22 100
28 82 62 72 5 0 7 0.00 0.0 0 9.0 21 120 M M 0 128 26 110
29 84 62 73 5 0 8 0.00 0.0 0 8.1 20 120 M M 1 1 24 130
30 84 65 75 7 0 10 0.00 0.0 0 7.2 14 130 M M 2 1 17 130
31 90 69 80 12 0 15 0.07 0.0 0 13.8 28 240 M M 2 1 36 250
================================================================================
SM 2497 1920 22 224 0.10 0.0 287.1 M 78
================================================================================
AV 80.5 61.9 9.3 FASTST M M 3 MAX(MPH)
MISC ----> # 28 100 36 250
================================================================================
NOTES:
# LAST OF SEVERAL OCCURRENCES
COLUMN 17 PEAK WIND IN M.P.H.
PRELIMINARY LOCAL CLIMATOLOGICAL DATA (WS FORM: F-6) , PAGE 2
STATION: MELBOURNE
MONTH: MARCH
YEAR: 2020
LATITUDE: 28 6 N
LONGITUDE: 80 39 W
[TEMPERATURE DATA] [PRECIPITATION DATA] SYMBOLS USED IN COLUMN 16
AVERAGE MONTHLY: 71.2 TOTAL FOR MONTH: 0.10 1 = FOG OR MIST
DPTR FM NORMAL: 5.3 DPTR FM NORMAL: -3.18 2 = FOG REDUCING VISIBILITY
HIGHEST: 90 ON 31, 5 GRTST 24HR 0.07 ON 31-31 TO 1/4 MILE OR LESS
LOWEST: 40 ON 1 3 = THUNDER
SNOW, ICE PELLETS, HAIL 4 = ICE PELLETS
TOTAL MONTH: 0.0 INCH 5 = HAIL
GRTST 24HR 0.0 6 = FREEZING RAIN OR DRIZZLE
GRTST DEPTH: 0 7 = DUSTSTORM OR SANDSTORM:
VSBY 1/2 MILE OR LESS
8 = SMOKE OR HAZE
[NO. OF DAYS WITH] [WEATHER - DAYS WITH] 9 = BLOWING SNOW
X = TORNADO
MAX 32 OR BELOW: 0 0.01 INCH OR MORE: 2
MAX 90 OR ABOVE: 2 0.10 INCH OR MORE: 0
MIN 32 OR BELOW: 0 0.50 INCH OR MORE: 0
MIN 0 OR BELOW: 0 1.00 INCH OR MORE: 0
[HDD (BASE 65) ]
TOTAL THIS MO. 22 CLEAR (SCALE 0-3) 22
DPTR FM NORMAL -49 PTCLDY (SCALE 4-7) 9
TOTAL FM JUL 1 299 CLOUDY (SCALE 8-10) 0
DPTR FM NORMAL -260
[CDD (BASE 65) ]
TOTAL THIS MO. 224
DPTR FM NORMAL 125 [PRESSURE DATA]
TOTAL FM JAN 1 461 HIGHEST SLP M ON M
DPTR FM NORMAL 264 LOWEST SLP 29.69 ON 31
[REMARKS]
#FINAL-03-20#