000
CXUS54 KTSA 021218
CF6MLC
PRELIMINARY LOCAL CLIMATOLOGICAL DATA (WS FORM: F-6)
STATION: MCALESTER OKLAHOMA
MONTH: DECEMBER
YEAR: 2022
LATITUDE: 34 52 N
LONGITUDE: 95 47 W
TEMPERATURE IN F: :PCPN: SNOW: WIND :SUNSHINE: SKY :PK WND
================================================================================
1 2 3 4 5 6A 6B 7 8 9 10 11 12 13 14 15 16 17 18
12Z AVG MX 2MIN
DY MAX MIN AVG DEP HDD CDD WTR SNW DPTH SPD SPD DIR MIN PSBL S-S WX SPD DR
================================================================================
1 53 29 41 -6 24 0 0.00 0.0 M 5.8 15 160 M M 5 27 170
2 63 46 55 9 10 0 T 0.0 M 10.0 22 310 M M 10 1 34 190
3 61 30 46 0 19 0 T 0.0 M 10.8 28 360 M M 4 39 350
4 45 30 38 -8 27 0 0.02 0.0 M 2.2 9 340 M M 7 18 120
5 66 42 54 8 11 0 T 0.0 M 6.6 14 180 M M 8 1 26 180
6 66 49 58 13 7 0 0.00 0.0 M 6.5 13 310 M M 8 1 18 260
7 52 49 51 6 14 0 0.39 0.0 M 4.8 10 360 M M 10 1 14 10
8 66 51 59 14 6 0 0.95 0.0 M 3.7 15 340 M M 10 1 19 340
9 62 52 57 13 8 0 T 0.0 M 6.2 14 20 M M 6 1 21 30
10 63 49 56 12 9 0 0.16 0.0 M 7.3 18 340 M M 10 13 23 330
11 52 47 50 6 15 0 T 0.0 M 4.6 13 20 M M 10 1 17 360
12 59 50 55 11 10 0 0.08 0.0 M 6.2 15 130 M M 10 1 30 110
13 61 42 52 8 13 0 0.81 0.0 M 7.3 23 270 M M 7 13 34 120
14 50 31 41 -2 24 0 0.00 0.0 M 6.5 16 260 M M 4 26 260
15 49 27 38 -5 27 0 0.00 0.0 M 6.6 17 270 M M 2 25 290
16 47 26 37 -6 28 0 0.00 0.0 M 6.2 21 270 M M 5 32 270
17 47 22 35 -8 30 0 0.00 0.0 M 4.5 18 320 M M 3 24 320
18 53 20 37 -5 28 0 0.00 0.0 M 3.6 12 210 M M 2 17 210
19 48 43 46 4 19 0 T 0.0 M 5.1 15 160 M M 9 27 150
20 51 33 42 0 23 0 0.00 0.0 M 6.9 15 350 M M 7 1 23 360
21 50 30 40 -2 25 0 0.00 0.0 M 3.5 12 200 M M 7 12 20 150
22 42 4 23 -19 42 0 0.06 M M 15.4 32 340 M M 8 1 47 340
23 19 4 12 -30 53 0 T M M 10.0 21 320 M M 2 29 320
24 31 7 19 -23 46 0 T M M 2.3 10 330 M M 2 15 300
25 46 13 30 -12 35 0 0.00 0.0 M 3.9 13 220 M M 1 20 190
26 51 20 36 -5 29 0 T M M 9.8 26 350 M M 3 34 360
27 46 15 31 -10 34 0 0.00 0.0 M 6.7 15 160 M M 2 27 160
28 66 40 53 12 12 0 T 0.0 M 12.8 23 180 M M 1 41 190
29 69 52 61 20 4 0 0.00 0.0 M 9.7 23 210 M M 5 36 210
30 59 37 48 7 17 0 0.00 0.0 M 3.9 12 360 M M 1 16 360
31 68 37 53 12 12 0 0.00 0.0 M 6.1 16 190 M M 3 26 180
================================================================================
SM 1661 1027 661 0 2.47 0.0 205.5 M 172
================================================================================
AV 53.6 33.1 6.6 FASTST M M 6 MAX(MPH)
MISC ----> 32 340 47 340
================================================================================
NOTES:
# LAST OF SEVERAL OCCURRENCES
COLUMN 17 PEAK WIND IN M.P.H.
PRELIMINARY LOCAL CLIMATOLOGICAL DATA (WS FORM: F-6) , PAGE 2
STATION: MCALESTER OKLAHOMA
MONTH: DECEMBER
YEAR: 2022
LATITUDE: 34 52 N
LONGITUDE: 95 47 W
[TEMPERATURE DATA] [PRECIPITATION DATA] SYMBOLS USED IN COLUMN 16
AVERAGE MONTHLY: 43.4 TOTAL FOR MONTH: 2.47 1 = FOG OR MIST
DPTR FM NORMAL: 0.1 DPTR FM NORMAL: -0.55 2 = FOG REDUCING VISIBILITY
HIGHEST: 69 ON 29 GRTST 24HR 1.34 ON 7- 8 TO 1/4 MILE OR LESS
LOWEST: 4 ON 23,22 3 = THUNDER
SNOW, ICE PELLETS, HAIL 4 = ICE PELLETS
TOTAL MONTH: 0.0 INCH 5 = HAIL
GRTST 24HR 0.0 6 = FREEZING RAIN OR DRIZZLE
GRTST DEPTH: M ON M 7 = DUSTSTORM OR SANDSTORM:
VSBY 1/2 MILE OR LESS
8 = SMOKE OR HAZE
[NO. OF DAYS WITH] [WEATHER - DAYS WITH] 9 = BLOWING SNOW
X = TORNADO
MAX 32 OR BELOW: 2 0.01 INCH OR MORE: 7
MAX 90 OR ABOVE: 0 0.10 INCH OR MORE: 4
MIN 32 OR BELOW: 15 0.50 INCH OR MORE: 2
MIN 0 OR BELOW: 0 1.00 INCH OR MORE: 0
[HDD (BASE 65) ]
TOTAL THIS MO. 661 CLEAR (SCALE 0-3) 10
DPTR FM NORMAL -15 PTCLDY (SCALE 4-7) 13
TOTAL FM JUL 1 1260 CLOUDY (SCALE 8-10) 8
DPTR FM NORMAL 31
[CDD (BASE 65) ]
TOTAL THIS MO. 0
DPTR FM NORMAL -2 [PRESSURE DATA]
TOTAL FM JAN 1 2565 HIGHEST SLP 30.76 ON 23
DPTR FM NORMAL 432 LOWEST SLP 29.60 ON 13
[REMARKS]
#FINAL-12-22#