000
CXUS51 KCAR 010600
CF6MLT
PRELIMINARY LOCAL CLIMATOLOGICAL DATA (WS FORM: F-6)
STATION: MILLINOCKET ME
MONTH: OCTOBER
YEAR: 2021
LATITUDE: 45 39 N
LONGITUDE: 68 41 W
TEMPERATURE IN F: :PCPN: SNOW: WIND :SUNSHINE: SKY :PK WND
================================================================================
1 2 3 4 5 6A 6B 7 8 9 10 11 12 13 14 15 16 17 18
12Z AVG MX 2MIN
DY MAX MIN AVG DEP HDD CDD WTR SNW DPTH SPD SPD DIR MIN PSBL S-S WX SPD DR
================================================================================
1 55 48 52 0 13 0 0.02 M M 5.0 14 300 M M 9 20 320
2 59 44 52 1 13 0 0.00 M M 2.3 12 310 M M 6 15 310
3 63 37 50 -1 15 0 0.00 M M 2.0 12 50 M M 6 12 14 60
4 64 36 50 0 15 0 0.00 M M 0.8 8 360 M M 1 12 40
5 69 35 52 2 13 0 0.00 M M 0.1 7 310 M M 3 12 8 310
6 72 36 54 4 11 0 0.00 M M 1.4 10 290 M M 0 1 13 270
7 72 40 56 7 9 0 0.00 M M 1.2 8 270 M M 0 13 280
8 62 39 51 2 14 0 0.00 M M 3.9 15 90 M M 2 19 70
9 60 32 46 -2 19 0 0.00 M M 1.2 9 160 M M 1 12 13 160
10 59 40 50 2 15 0 0.00 M M 1.6 9 180 M M 5 1 17 170
11 70 48 59 11 6 0 0.00 M M 0.4 6 180 M M 4 12 10 200
12 78 47 63 16 2 0 0.00 M M 1.7 9 280 M M 2 12 14 290
13 78 49 64 17 1 0 T M M 0.5 8 120 M M 2 1 11 270
14 71 52 62 15 3 0 0.00 M M 4.5 14 30 M M 4 17 350
15 57 54 56 10 9 0 T M M 3.1 7 160 M M 10 1 10 150
16 63 55 59 13 6 0 0.78 M M 5.9 14 170 M M 10 1 27 180
17 63 48 56 10 9 0 0.94 M M 7.8 18 310 M M 9 1 27 320
18 54 45 50 5 15 0 0.00 M M 8.9 16 310 M M 6 25 290
19 49 44 47 2 18 0 0.01 M M 10.9 18 300 M M 8 27 270
20 53 40 47 3 18 0 T M M 4.8 12 300 M M 8 18 310
21 61 42 52 8 13 0 0.02 M M 1.1 6 160 M M 10 1 9 180
22 65 47 56 12 9 0 0.06 M M 4.8 16 310 M M 9 1 23 300
23 51 42 47 3 18 0 0.00 M M 6.1 15 310 M M 8 22 290
24 51 38 45 2 20 0 0.00 M M 11.5 23 300 M M 3 32 300
25 48 35 42 -1 23 0 0.00 M M 1.6 10 310 M M 6 15 310
26 57 42 50 8 15 0 0.00 M M 8.8 18 60 M M 8 24 50
27 53 41 47 5 18 0 0.00 M M 13.1 23 50 M M 10 33 50
28 52 39 46 4 19 0 0.00 M M 7.9 18 350 M M 5 25 30
29 56 30 43 2 22 0 0.00 M M 2.9 13 60 M M 0 17 50
30 50 30 40 -1 25 0 0.02 M M 4.7 12 50 M M 7 1 16 40
31 63 45 54 13 11 0 2.77 M M 8.0 20 110 M M 8 1 28 140
================================================================================
SM 1878 1300 417 0 4.62 M 138.5 M 170
================================================================================
AV 60.6 41.9 4.5 FASTST M M 5 MAX(MPH)
MISC ----> # 23 300 33 50
================================================================================
NOTES:
# LAST OF SEVERAL OCCURRENCES
COLUMN 17 PEAK WIND IN M.P.H.
PRELIMINARY LOCAL CLIMATOLOGICAL DATA (WS FORM: F-6) , PAGE 2
STATION: MILLINOCKET ME
MONTH: OCTOBER
YEAR: 2021
LATITUDE: 45 39 N
LONGITUDE: 68 41 W
[TEMPERATURE DATA] [PRECIPITATION DATA] SYMBOLS USED IN COLUMN 16
AVERAGE MONTHLY: 51.3 TOTAL FOR MONTH: 4.62 1 = FOG OR MIST
DPTR FM NORMAL: 5.3 DPTR FM NORMAL: 0.07 2 = FOG REDUCING VISIBILITY
HIGHEST: 78 ON 13,12 GRTST 24HR 2.77 ON 30-31 TO 1/4 MILE OR LESS
LOWEST: 30 ON 30,29 3 = THUNDER
SNOW, ICE PELLETS, HAIL 4 = ICE PELLETS
TOTAL MONTH: M 5 = HAIL
GRTST 24HR M ON M 6 = FREEZING RAIN OR DRIZZLE
GRTST DEPTH: M ON M 7 = DUSTSTORM OR SANDSTORM:
VSBY 1/2 MILE OR LESS
8 = SMOKE OR HAZE
[NO. OF DAYS WITH] [WEATHER - DAYS WITH] 9 = BLOWING SNOW
X = TORNADO
MAX 32 OR BELOW: 0 0.01 INCH OR MORE: 8
MAX 90 OR ABOVE: 0 0.10 INCH OR MORE: 3
MIN 32 OR BELOW: 3 0.50 INCH OR MORE: 3
MIN 0 OR BELOW: 0 1.00 INCH OR MORE: 1
[HDD (BASE 65) ]
TOTAL THIS MO. 417 CLEAR (SCALE 0-3) 10
DPTR FM NORMAL -173 PTCLDY (SCALE 4-7) 12
TOTAL FM JUL 1 641 CLOUDY (SCALE 8-10) 9
DPTR FM NORMAL -247
[CDD (BASE 65) ]
TOTAL THIS MO. 0
DPTR FM NORMAL -1 [PRESSURE DATA]
TOTAL FM JAN 1 422 HIGHEST SLP M ON M
DPTR FM NORMAL 129 LOWEST SLP 29.42 ON 31
[REMARKS]
#FINAL-10-21#