000
CXUS54 KSHV 011400
CF6MLU
PRELIMINARY LOCAL CLIMATOLOGICAL DATA (WS FORM: F-6)
STATION: MONROE
MONTH: NOVEMBER
YEAR: 2021
LATITUDE: 32 30 N
LONGITUDE: 92 2 W
TEMPERATURE IN F: :PCPN: SNOW: WIND :SUNSHINE: SKY :PK WND
================================================================================
1 2 3 4 5 6A 6B 7 8 9 10 11 12 13 14 15 16 17 18
12Z AVG MX 2MIN
DY MAX MIN AVG DEP HDD CDD WTR SNW DPTH SPD SPD DIR MIN PSBL S-S WX SPD DR
================================================================================
1 74 46 60 0 5 0 0.00 0.0 0 4.3 10 70 M M 0 1 14 80
2 67 49 58 -2 7 0 0.00 0.0 0 9.5 16 50 M M 1 20 50
3 51 46 49 -10 16 0 0.26 0.0 0 9.2 16 40 M M 10 1 22 40
4 61 40 51 -8 14 0 0.00 0.0 0 7.7 16 40 M M 3 22 60
5 64 36 50 -9 15 0 0.00 0.0 0 4.6 13 50 M M 0 12 19 360
6 65 38 52 -6 13 0 0.00 0.0 0 1.3 9 40 M M 5 12 12 40
7 70 37 54 -4 11 0 0.00 0.0 0 0.3 7 130 M M 4 12 8 110
8 74 36 55 -3 10 0 0.00 0.0 0 0.9 7 180 M M 1 12 11 130
9 72 39 56 -1 9 0 0.00 0.0 0 1.7 10 240 M M 1 128 13 220
10 77 40 59 2 6 0 0.00 0.0 0 3.8 14 200 M M 5 128 19 160
11 72 49 61 4 4 0 0.29 0.0 0 6.3 17 270 M M 5 13 26 170
12 73 38 56 0 9 0 0.00 0.0 0 6.0 24 310 M M 1 12 34 300
13 57 38 48 -8 17 0 0.00 0.0 0 5.0 14 350 M M 0 17 20
14 73 34 54 -2 11 0 0.00 0.0 0 4.3 18 270 M M 0 1 23 270
15 79 42 61 5 4 0 0.00 0.0 0 4.7 16 230 M M 2 1 22 220
16 80 58 69 14 0 4 0.00 0.0 0 8.1 18 210 M M 3 23 210
17 83 60 72 17 0 7 0.00 0.0 0 8.5 24 210 M M 3 30 230
18 67 41 54 -1 11 0 0.17 0.0 0 10.1 25 350 M M 6 12 30 360
19 61 33 47 -7 18 0 0.00 0.0 0 4.7 14 50 M M 0 19 80
20 70 32 51 -3 14 0 0.00 0.0 0 1.6 8 160 M M 0 12 180
21 75 50 63 9 2 0 0.43 0.0 0 7.2 18 10 M M 8 13 24 260
22 64 40 52 -2 13 0 0.00 0.0 0 7.6 17 20 M M 1 1 23 20
23 64 35 50 -3 15 0 0.00 0.0 0 2.4 9 190 M M 0 1 12 190
24 72 38 55 2 10 0 0.00 0.0 0 5.7 14 160 M M 1 20 160
25 64 45 55 2 10 0 0.27 0.0 0 8.6 23 350 M M 8 1 31 350
26 54 34 44 -9 21 0 0.00 0.0 0 4.6 15 20 M M 0 19 10
27 55 28 42 -10 23 0 T 0.0 0 4.1 14 220 M M 3 1 16 220
28 66 41 54 2 11 0 0.13 0.0 0 3.5 10 10 M M 6 1 17 20
29 65 33 49 -3 16 0 0.00 0.0 0 2.2 9 230 M M 1 12 12 190
30 73 39 56 4 9 0 0.00 0.0 0 4.0 14 240 M M 0 17 240
================================================================================
SM 2042 1215 324 11 1.55 0.0 152.5 M 78
================================================================================
AV 68.1 40.5 5.1 FASTST M M 3 MAX(MPH)
MISC ----> 25 350 34 300
================================================================================
NOTES:
# LAST OF SEVERAL OCCURRENCES
COLUMN 17 PEAK WIND IN M.P.H.
PRELIMINARY LOCAL CLIMATOLOGICAL DATA (WS FORM: F-6) , PAGE 2
STATION: MONROE
MONTH: NOVEMBER
YEAR: 2021
LATITUDE: 32 30 N
LONGITUDE: 92 2 W
[TEMPERATURE DATA] [PRECIPITATION DATA] SYMBOLS USED IN COLUMN 16
AVERAGE MONTHLY: 54.3 TOTAL FOR MONTH: 1.55 1 = FOG OR MIST
DPTR FM NORMAL: -1.3 DPTR FM NORMAL: -2.61 2 = FOG REDUCING VISIBILITY
HIGHEST: 83 ON 17 GRTST 24HR 0.43 ON 21-21 TO 1/4 MILE OR LESS
LOWEST: 28 ON 27 3 = THUNDER
SNOW, ICE PELLETS, HAIL 4 = ICE PELLETS
TOTAL MONTH: 0.0 INCH 5 = HAIL
GRTST 24HR 0.0 6 = FREEZING RAIN OR DRIZZLE
GRTST DEPTH: 0 7 = DUSTSTORM OR SANDSTORM:
VSBY 1/2 MILE OR LESS
8 = SMOKE OR HAZE
[NO. OF DAYS WITH] [WEATHER - DAYS WITH] 9 = BLOWING SNOW
X = TORNADO
MAX 32 OR BELOW: 0 0.01 INCH OR MORE: 6
MAX 90 OR ABOVE: 0 0.10 INCH OR MORE: 6
MIN 32 OR BELOW: 2 0.50 INCH OR MORE: 0
MIN 0 OR BELOW: 0 1.00 INCH OR MORE: 0
[HDD (BASE 65) ]
TOTAL THIS MO. 324 CLEAR (SCALE 0-3) 19
DPTR FM NORMAL 22 PTCLDY (SCALE 4-7) 9
TOTAL FM JUL 1 361 CLOUDY (SCALE 8-10) 2
DPTR FM NORMAL -28
[CDD (BASE 65) ]
TOTAL THIS MO. 11
DPTR FM NORMAL -9 [PRESSURE DATA]
TOTAL FM JAN 1 2620 HIGHEST SLP 30.51 ON 19
DPTR FM NORMAL 133 LOWEST SLP 29.86 ON 11
[REMARKS]
#FINAL-11-21#