000
CXUS56 KPQR 011201
CF6MMV
PRELIMINARY LOCAL CLIMATOLOGICAL DATA (WS FORM: F-6)
STATION: MCMINNVILLE OR
MONTH: OCTOBER
YEAR: 2023
LATITUDE: 45 11 N
LONGITUDE: 123 8 W
TEMPERATURE IN F: :PCPN: SNOW: WIND :SUNSHINE: SKY :PK WND
================================================================================
1 2 3 4 5 6A 6B 7 8 9 10 11 12 13 14 15 16 17 18
12Z AVG MX 2MIN
DY MAX MIN AVG DEP HDD CDD WTR SNW DPTH SPD SPD DIR MIN PSBL S-S WX SPD DR
================================================================================
1 72 39 56 -2 9 0 0.00 M M 3.7 16 360 M M 0 1 20 10
2 60 45 53 -5 12 0 0.14 M M 5.0 16 190 M M 9 1 20 190
3 71 52 62 4 3 0 0.00 M M 4.0 12 230 M M 7 15 230
4 72 48 60 3 5 0 0.00 M M 2.1 13 40 M M 5 1 15 20
5 81 46 64 7 1 0 0.00 M M 6.3 14 340 M M 1 12 17 350
6 86 62 74 18 0 9 0.00 M M 10.5 15 20 M M 0 19 340
7 82 51 67 11 0 2 0.00 M M 3.6 12 250 M M 0 13 240
8 78 45 62 6 3 0 0.00 M M 3.0 12 170 M M 0 18 13 190
9 62 49 56 1 9 0 0.14 M M 5.2 17 190 M M 5 18 22 190
10 65 50 58 3 7 0 0.53 M M 12.0 25 190 M M 8 18 31 170
11 63 53 58 3 7 0 0.56 M M 11.1 21 180 M M 9 18 26 180
12 69 50 60 6 5 0 0.00 M M 5.3 12 340 M M 5 1 14 350
13 65 45 55 1 10 0 0.15 M M 3.6 9 250 M M 5 18 12 250
14 60 49 55 1 10 0 0.04 M M 1.1 6 350 M M 10 128 7 350
15 67 53 60 7 5 0 T M M 4.5 9 340 M M 2 1 12 10
16 68 50 59 6 6 0 0.53 M M 6.3 21 270 M M 6 1 27 270
17 65 45 55 2 10 0 0.00 M M 0.7 6 300 M M 5 12 7 310
18 69 43 56 4 9 0 0.00 M M 0.8 6 320 M M 5 128 7 330
19 67 47 57 5 8 0 0.00 M M 0.9 6 120 M M 6 128 7 150
20 66 49 58 6 7 0 0.00 M M 2.0 8 350 M M 8 12 11 330
21 60 55 58 7 7 0 0.00 M M 3.5 8 160 M M 10 18 11 130
22 62 55 59 8 6 0 T M M 1.1 8 20 M M 10 18 9 20
23 59 45 52 1 13 0 0.00 M M 3.0 12 300 M M 8 18 15 310
24 50 46 48 -3 17 0 0.44 M M 5.7 17 180 M M 9 1 22 180
25 48 37 43 -7 22 0 0.17 M M 6.6 17 210 M M 8 12 22 210
26 49 38 44 -6 21 0 0.00 M M 4.4 9 340 M M 10 12 12 340
27 54 36 45 -5 20 0 0.00 M M 6.8 15 10 M M 2 1 19 20
28 54 35 45 -5 20 0 0.00 M M 10.2 18 30 M M 0 25 30
29 59 37 48 -1 17 0 0.00 M M 8.4 13 10 M M 0 15 330
30 60 33 47 -2 18 0 0.00 M M 7.3 13 340 M M 0 14 340
31 57 32 45 -4 20 0 0.00 M M 1.3 9 350 M M 1 11 350
================================================================================
SM 2000 1420 307 11 2.70 M 150.0 M 154
================================================================================
AV 64.5 45.8 4.8 FASTST M M 5 MAX(MPH)
MISC ----> 25 190 31 170
================================================================================
NOTES:
# LAST OF SEVERAL OCCURRENCES
COLUMN 17 PEAK WIND IN M.P.H.
PRELIMINARY LOCAL CLIMATOLOGICAL DATA (WS FORM: F-6) , PAGE 2
STATION: MCMINNVILLE OR
MONTH: OCTOBER
YEAR: 2023
LATITUDE: 45 11 N
LONGITUDE: 123 8 W
[TEMPERATURE DATA] [PRECIPITATION DATA] SYMBOLS USED IN COLUMN 16
AVERAGE MONTHLY: 55.2 TOTAL FOR MONTH: 2.70 1 = FOG OR MIST
DPTR FM NORMAL: 2.0 DPTR FM NORMAL: -0.78 2 = FOG REDUCING VISIBILITY
HIGHEST: 86 ON 6 GRTST 24HR 0.84 ON 10-11 TO 1/4 MILE OR LESS
LOWEST: 32 ON 31 3 = THUNDER
SNOW, ICE PELLETS, HAIL 4 = ICE PELLETS
TOTAL MONTH: M 5 = HAIL
GRTST 24HR M ON M 6 = FREEZING RAIN OR DRIZZLE
GRTST DEPTH: M ON M 7 = DUSTSTORM OR SANDSTORM:
VSBY 1/2 MILE OR LESS
8 = SMOKE OR HAZE
[NO. OF DAYS WITH] [WEATHER - DAYS WITH] 9 = BLOWING SNOW
X = TORNADO
MAX 32 OR BELOW: 0 0.01 INCH OR MORE: 9
MAX 90 OR ABOVE: 0 0.10 INCH OR MORE: 8
MIN 32 OR BELOW: 1 0.50 INCH OR MORE: 3
MIN 0 OR BELOW: 0 1.00 INCH OR MORE: 0
[HDD (BASE 65) ]
TOTAL THIS MO. 307 CLEAR (SCALE 0-3) 11
DPTR FM NORMAL -62 PTCLDY (SCALE 4-7) 13
TOTAL FM JUL 1 425 CLOUDY (SCALE 8-10) 7
DPTR FM NORMAL -114
[CDD (BASE 65) ]
TOTAL THIS MO. 11
DPTR FM NORMAL 9 [PRESSURE DATA]
TOTAL FM JAN 1 484 HIGHEST SLP 30.48 ON 28
DPTR FM NORMAL 200 LOWEST SLP 29.49 ON 10
[REMARKS]
#FINAL-10-23#