000
CXUS56 KPQR 011551
CLMMMV
CLIMATE REPORT
NATIONAL WEATHER SERVICE PORTLAND OREGON
851 AM PDT TUE AUG 01 2023
...................................
...THE MCMINNVILLE OR CLIMATE SUMMARY FOR THE MONTH OF JULY 2023...
CLIMATE NORMAL PERIOD 1991 TO 2020
CLIMATE RECORD PERIOD 1894 TO 2023
WEATHER OBSERVED NORMAL DEPART LAST YEAR`S
VALUE DATE(S) VALUE FROM VALUE DATE(S)
NORMAL
................................................................
TEMPERATURE (F)
HIGHEST 98 102 07/30
LOWEST 46 45 07/18
AVG. MAXIMUM 85.9 82.7 3.2 85.2
AVG. MINIMUM 53.1 51.9 1.2 54.5
MEAN 69.5 67.3 2.2 69.9
DAYS MAX >= 90 8 6.8 1.2 12
DAYS MAX <= 32 0 0.0 0.0 0
DAYS MIN <= 32 0 0.0 0.0 0
DAYS MIN <= 0 0 0.0 0.0 0
PRECIPITATION (INCHES)
RECORD
MAXIMUM 2.22 1983
MINIMUM 0.00 1994
TOTALS T 0.25 -0.25 0.07
DAYS >= .01 0 2.4 -2.4 2
DAYS >= .10 0 0.7 -0.7 0
DAYS >= .50 0 0.0 0.0 0
DAYS >= 1.00 0 0.0 0.0 0
GREATEST
24 HR. TOTAL T 07/24 TO 07/24
DEGREE DAYS
HEATING TOTAL 2 30 -28 12
SINCE 7/1 2 26 -24 MM
COOLING TOTAL 151 101 50 169
SINCE 1/1 230 135 95 MM
................................................................
WIND (MPH)
AVERAGE WIND SPEED 5.5
RESULTANT WIND SPEED/DIRECTION 2/270
HIGHEST WIND SPEED/DIRECTION 22/220 DATE 07/19
HIGHEST GUST SPEED/DIRECTION 26/220 DATE 07/06
26/220 07/19
SKY COVER
POSSIBLE SUNSHINE (PERCENT) MM
AVERAGE SKY COVER 0.12
AVERAGE RH (PERCENT) 58
WEATHER CONDITIONS. NUMBER OF DAYS WITH
THUNDERSTORM 0 MIXED PRECIP 0
HEAVY RAIN 0 RAIN 0
LIGHT RAIN 1 FREEZING RAIN 0
LT FREEZING RAIN 0 HAIL 0
HEAVY SNOW 0 SNOW 0
LIGHT SNOW 0 SLEET 0
FOG 1 FOG W/VIS <= 1/4 MILE 0
HAZE 2
- INDICATES NEGATIVE NUMBERS.
R INDICATES RECORD WAS SET OR TIED.
MM INDICATES DATA IS MISSING.
T INDICATES TRACE AMOUNT.
$$