000
CXUS56 KPQR 011538
CLMMMV
CLIMATE REPORT
NATIONAL WEATHER SERVICE PORTLAND OREGON
738 AM PST FRI MAR 01 2024
...................................
...THE MCMINNVILLE OR CLIMATE SUMMARY FOR THE MONTH OF FEBRUARY 2024...
CLIMATE NORMAL PERIOD 1991 TO 2020
CLIMATE RECORD PERIOD 1894 TO 2024
WEATHER OBSERVED NORMAL DEPART LAST YEAR`S
VALUE DATE(S) VALUE FROM VALUE DATE(S)
NORMAL
................................................................
TEMPERATURE (F)
HIGHEST 60 56 02/10
LOWEST 27 18 02/25
AVG. MAXIMUM 51.3 51.0 0.3 47.1
AVG. MINIMUM 37.8 35.3 2.5 31.4
MEAN 44.6 43.2 1.4 39.3
DAYS MAX >= 90 0 0.0 0.0 0
DAYS MAX <= 32 0 0.1 -0.1 0
DAYS MIN <= 32 3 8.5 -5.5 15
DAYS MIN <= 0 0 0.0 0.0 0
PRECIPITATION (INCHES)
RECORD
MAXIMUM 13.34 1949
MINIMUM 0.02 1920
TOTALS 4.18 4.08 0.10 2.02
DAYS >= .01 21 16.1 4.9 16
DAYS >= .10 13 9.9 3.1 8
DAYS >= .50 3 2.2 0.8 0
DAYS >= 1.00 0 0.6 -0.6 0
GREATEST
24 HR. TOTAL 1.12 02/28 TO 02/29
DEGREE DAYS
HEATING TOTAL 588 612 -24 713
SINCE 7/1 2858 3281 -423 MM
COOLING TOTAL 0 0 0 0
SINCE 1/1 0 0 0 MM
................................................................
WIND (MPH)
AVERAGE WIND SPEED 6.5
RESULTANT WIND SPEED/DIRECTION 2/210
HIGHEST WIND SPEED/DIRECTION 23/180 DATE 02/14
23/310 02/26
23/190 02/28
HIGHEST GUST SPEED/DIRECTION 36/170 DATE 02/29
SKY COVER
POSSIBLE SUNSHINE (PERCENT) MM
AVERAGE SKY COVER 0.71
AVERAGE RH (PERCENT) 84
WEATHER CONDITIONS. NUMBER OF DAYS WITH
THUNDERSTORM 0 MIXED PRECIP 0
HEAVY RAIN 3 RAIN 5
LIGHT RAIN 20 FREEZING RAIN 0
LT FREEZING RAIN 0 HAIL 0
HEAVY SNOW 0 SNOW 0
LIGHT SNOW 0 SLEET 0
FOG 19 FOG W/VIS <= 1/4 MILE 2
HAZE 0
- INDICATES NEGATIVE NUMBERS.
R INDICATES RECORD WAS SET OR TIED.
MM INDICATES DATA IS MISSING.
T INDICATES TRACE AMOUNT.
$$