000
CXUS55 KBOU 010900
CF6MNH
PRELIMINARY LOCAL CLIMATOLOGICAL DATA (WS FORM: F-6)
STATION: ELBERT 6W CO
MONTH: JUNE
YEAR: 2023
LATITUDE: 39 13 N
LONGITUDE: 104 38 W
TEMPERATURE IN F: :PCPN: SNOW: WIND :SUNSHINE: SKY :PK WND
================================================================================
1 2 3 4 5 6A 6B 7 8 9 10 11 12 13 14 15 16 17 18
12Z AVG MX 2MIN
DY MAX MIN AVG DEP HDD CDD WTR SNW DPTH SPD SPD DIR MIN PSBL S-S WX SPD DR
================================================================================
1 50 46 48 M 17 0 M M M 7.6 9 250 M M 6 M M
2 64 39 52 M 13 0 M M M 7.7 16 290 M M 5 27 280
3 52 45 49 M 16 0 M M M 6.1 13 250 M M 9 M M
4 52 46 49 M 16 0 M M M 6.4 12 290 M M 10 1 16 290
5 61 45 53 M 12 0 M M M 7.0 15 160 M M 7 23 20 160
6 68 45 57 M 8 0 M M M 8.6 13 150 M M 2 3 21 190
7 66 46 56 M 9 0 M M M 5.7 13 230 M M 3 3 17 230
8 66 45 56 M 9 0 M M M 4.1 8 350 M M 4 3 23 350
9 70 45 58 M 7 0 M M M 6.8 13 270 M M 3 25 270
10 64 41 53 M 12 0 M M M 5.3 10 220 M M 4 M M
11 64 41 53 M 12 0 M M M 7.2 17 140 M M 7 3 22 150
12 52 41 47 M 18 0 M M M 8.2 17 140 M M 6 3 23 140
13 55 37 46 M 19 0 M M M 6.4 10 330 M M 5 13 M M
14 68 41 55 M 10 0 M M M 6.1 17 150 M M 1 21 150
15 68 45 57 M 8 0 M M M 6.1 15 230 M M 5 3 24 360
16 55 43 49 M 16 0 M M M 6.5 12 20 M M 8 3 22 20
17 59 41 50 M 15 0 M M M 5.6 10 340 M M 5 13 17 320
18 77 46 62 M 3 0 M M M 9.3 16 250 M M 1 22 250
19 79 50 65 M 0 0 M M M 11.9 20 150 M M 0 24 150
20 75 52 64 M 1 0 M M M 7.8 14 90 M M 0 20 90
21 72 46 59 M 6 0 M M M 7.7 16 110 M M 3 3 37 110
22 70 46 58 M 7 0 M M M 12.0 24 130 M M 5 3 31 130
23 77 52 65 M 0 0 M M M 11.5 21 170 M M 2 1 27 150
24 73 41 57 M 8 0 M M M 7.0 16 230 M M 0 24 230
25 70 45 58 M 7 0 M M M 10.5 18 180 M M 0 25 180
26 81 50 66 M 0 1 M M M 10.2 22 140 M M 1 29 140
27 81 55 68 M 0 3 M M M 10.1 20 180 M M 0 31 180
28 81 50 66 M 0 1 M M M 7.4 18 130 M M 2 24 160
29 73 52 63 M 2 0 M M M 11.7 30 160 M M 4 12 36 160
30 68 50 59 M 6 0 M M M 7.8 16 350 M M 5 3 37 320
================================================================================
SM 2011 1367 257 5 M M 236.2 M 113
================================================================================
AV 67.0 45.6 7.9 FASTST M M 4 MAX(MPH)
MISC ----> 30 160 37 320
================================================================================
NOTES:
# LAST OF SEVERAL OCCURRENCES
COLUMN 17 PEAK WIND IN M.P.H.
PRELIMINARY LOCAL CLIMATOLOGICAL DATA (WS FORM: F-6) , PAGE 2
STATION: ELBERT 6W CO
MONTH: JUNE
YEAR: 2023
LATITUDE: 39 13 N
LONGITUDE: 104 38 W
[TEMPERATURE DATA] [PRECIPITATION DATA] SYMBOLS USED IN COLUMN 16
AVERAGE MONTHLY: 56.3 TOTAL FOR MONTH: M 1 = FOG OR MIST
DPTR FM NORMAL: 0.0 DPTR FM NORMAL: M 2 = FOG REDUCING VISIBILITY
HIGHEST: 81 ON 27,26 GRTST 24HR M ON M TO 1/4 MILE OR LESS
LOWEST: 37 ON 13 3 = THUNDER
SNOW, ICE PELLETS, HAIL 4 = ICE PELLETS
TOTAL MONTH: M 5 = HAIL
GRTST 24HR M ON M 6 = FREEZING RAIN OR DRIZZLE
GRTST DEPTH: M ON M 7 = DUSTSTORM OR SANDSTORM:
VSBY 1/2 MILE OR LESS
8 = SMOKE OR HAZE
[NO. OF DAYS WITH] [WEATHER - DAYS WITH] 9 = BLOWING SNOW
X = TORNADO
MAX 32 OR BELOW: 0 0.01 INCH OR MORE: 0
MAX 90 OR ABOVE: 0 0.10 INCH OR MORE: 0
MIN 32 OR BELOW: 0 0.50 INCH OR MORE: 0
MIN 0 OR BELOW: 0 1.00 INCH OR MORE: 0
[HDD (BASE 65) ]
TOTAL THIS MO. 257 CLEAR (SCALE 0-3) 14
DPTR FM NORMAL M PTCLDY (SCALE 4-7) 13
TOTAL FM JUL 1 7424 CLOUDY (SCALE 8-10) 3
DPTR FM NORMAL M
[CDD (BASE 65) ]
TOTAL THIS MO. 5
DPTR FM NORMAL M [PRESSURE DATA]
TOTAL FM JAN 1 5 HIGHEST SLP M ON M
DPTR FM NORMAL M LOWEST SLP M ON M
[REMARKS]
#FINAL-06-23#