000
CXUS53 KBIS 021235
CF6MOT
PRELIMINARY LOCAL CLIMATOLOGICAL DATA (WS FORM: F-6)
STATION: MINOT ND
MONTH: SEPTEMBER
YEAR: 2023
LATITUDE: 48 15 N
LONGITUDE: 101 16 W
TEMPERATURE IN F: :PCPN: SNOW: WIND :SUNSHINE: SKY :PK WND
================================================================================
1 2 3 4 5 6A 6B 7 8 9 10 11 12 13 14 15 16 17 18
12Z AVG MX 2MIN
DY MAX MIN AVG DEP HDD CDD WTR SNW DPTH SPD SPD DIR MIN PSBL S-S WX SPD DR
================================================================================
1 87 61 74 8 0 9 0.00 M M 10.1 18 270 M M 0 8 25 230
2 95 59 77 11 0 12 0.00 M M 9.0 17 200 M M 0 31 210
3 90 56 73 8 0 8 0.00 M M 6.3 13 110 M M 0 8 16 120
4 87 59 73 8 0 8 0.09 M M 11.4 25 320 M M 5 138 38 310
5 66 46 56 -8 9 0 0.14 M M 13.3 22 320 M M 4 18 32 340
6 73 40 57 -7 8 0 0.00 M M 5.8 16 120 M M 0 8 21 110
7 81 49 65 1 0 0 0.04 M M 9.2 24 180 M M 1 18 33 180
8 73 51 62 -1 3 0 0.00 M M 5.5 15 300 M M 1 18 20 300
9 75 46 61 -2 4 0 0.00 M M 2.7 9 350 M M 6 14 330
10 76 45 61 -1 4 0 0.00 M M 5.6 20 220 M M 0 27 210
11 66 44 55 -7 10 0 0.00 M M 8.8 17 70 M M 5 1 24 70
12 72 35 54 -8 11 0 0.00 M M 8.3 17 100 M M 0 1 25 120
13 79 46 63 2 2 0 0.00 M M 8.2 21 110 M M 1 29 120
14 79 56 68 7 0 3 0.00 M M 12.0 21 300 M M 2 8 30 320
15 67 47 57 -3 8 0 0.00 M M 13.0 26 290 M M 3 8 36 300
16 71 42 57 -3 8 0 0.00 M M 4.9 10 120 M M 0 18 14 50
17 84 44 64 4 1 0 0.00 M M 11.3 24 170 M M 0 34 160
18 89 57 73 14 0 8 0.00 M M 11.1 23 220 M M 0 32 250
19 88 52 70 11 0 5 0.00 M M 11.4 24 280 M M 0 8 31 290
20 62 45 54 -4 11 0 0.40 M M 7.4 17 320 M M 4 1 20 310
21 72 50 61 3 4 0 0.00 M M 8.7 17 50 M M 4 23 50
22 62 51 57 0 8 0 0.24 M M 9.9 17 40 M M 10 1 25 50
23 67 59 63 6 2 0 0.44 M M 8.8 17 60 M M 10 1 23 50
24 62 58 60 4 5 0 0.18 M M 12.0 18 320 M M 10 1 26 330
25 70 52 61 5 4 0 0.00 M M 5.1 10 320 M M 7 1 16 310
26 65 46 56 0 9 0 0.00 M M 7.3 16 130 M M 8 12 25 130
27 73 51 62 7 3 0 0.00 M M 11.5 21 130 M M 6 30 130
28 74 50 62 7 3 0 0.00 M M 8.1 20 250 M M 2 25 250
29 75 49 62 8 3 0 0.00 M M 6.9 15 220 M M 0 19 220
30 76 43 60 6 5 0 0.00 M M 9.2 22 100 M M 1 30 90
================================================================================
SM 2256 1489 125 53 1.53 M 262.8 M 90
================================================================================
AV 75.2 49.6 8.8 FASTST M M 3 MAX(MPH)
MISC ----> 26 290 38 310
================================================================================
NOTES:
# LAST OF SEVERAL OCCURRENCES
COLUMN 17 PEAK WIND IN M.P.H.
PRELIMINARY LOCAL CLIMATOLOGICAL DATA (WS FORM: F-6) , PAGE 2
STATION: MINOT ND
MONTH: SEPTEMBER
YEAR: 2023
LATITUDE: 48 15 N
LONGITUDE: 101 16 W
[TEMPERATURE DATA] [PRECIPITATION DATA] SYMBOLS USED IN COLUMN 16
AVERAGE MONTHLY: 62.4 TOTAL FOR MONTH: 1.53 1 = FOG OR MIST
DPTR FM NORMAL: 2.3 DPTR FM NORMAL: -0.04 2 = FOG REDUCING VISIBILITY
HIGHEST: 95 ON 2 GRTST 24HR 0.62 ON 22-23 TO 1/4 MILE OR LESS
LOWEST: 35 ON 12 3 = THUNDER
SNOW, ICE PELLETS, HAIL 4 = ICE PELLETS
TOTAL MONTH: M 5 = HAIL
GRTST 24HR M ON M 6 = FREEZING RAIN OR DRIZZLE
GRTST DEPTH: M ON M 7 = DUSTSTORM OR SANDSTORM:
VSBY 1/2 MILE OR LESS
8 = SMOKE OR HAZE
[NO. OF DAYS WITH] [WEATHER - DAYS WITH] 9 = BLOWING SNOW
X = TORNADO
MAX 32 OR BELOW: 0 0.01 INCH OR MORE: 7
MAX 90 OR ABOVE: 2 0.10 INCH OR MORE: 5
MIN 32 OR BELOW: 0 0.50 INCH OR MORE: 0
MIN 0 OR BELOW: 0 1.00 INCH OR MORE: 0
[HDD (BASE 65) ]
TOTAL THIS MO. 125 CLEAR (SCALE 0-3) 18
DPTR FM NORMAL -69 PTCLDY (SCALE 4-7) 9
TOTAL FM JUL 1 184 CLOUDY (SCALE 8-10) 3
DPTR FM NORMAL -54
[CDD (BASE 65) ]
TOTAL THIS MO. 53
DPTR FM NORMAL 6 [PRESSURE DATA]
TOTAL FM JAN 1 611 HIGHEST SLP 30.34 ON 10
DPTR FM NORMAL 61 LOWEST SLP 29.46 ON 4
[REMARKS]
#FINAL-09-23#