000
CXUS51 KPHI 010915
CF6MPO
PRELIMINARY LOCAL CLIMATOLOGICAL DATA (WS FORM: F-6)
STATION: MOUNT POCONO PA
MONTH: JANUARY
YEAR: 2023
LATITUDE: 41 8 N
LONGITUDE: 75 24 W
TEMPERATURE IN F: :PCPN: SNOW: WIND :SUNSHINE: SKY :PK WND
================================================================================
1 2 3 4 5 6A 6B 7 8 9 10 11 12 13 14 15 16 17 18
12Z AVG MX 2MIN
DY MAX MIN AVG DEP HDD CDD WTR SNW DPTH SPD SPD DIR MIN PSBL S-S WX SPD DR
================================================================================
1 47 38 43 19 22 0 0.00 M M 11.1 23 300 M M 7 1 29 300
2 49 35 42 18 23 0 0.04 M M 6.6 17 260 M M 7 1 23 260
3 53 43 48 24 17 0 0.63 M M 7.2 16 250 M M 10 12 22 260
4 59 53 56 32 9 0 0.14 M M 8.7 21 270 M M 8 12 27 280
5 54 35 45 22 20 0 0.09 M M 6.9 18 270 M M 4 1 23 260
6 39 30 35 12 30 0 0.02 M M 7.7 20 300 M M 9 1 26 310
7 34 29 32 9 33 0 0.02 M M 10.0 29 310 M M 10 1 39 310
8 34 22 28 5 37 0 0.00 M M 7.8 22 320 M M 3 28 300
9 34 27 31 8 34 0 0.00 M M 12.1 22 310 M M 4 27 310
10 32 29 31 8 34 0 0.00 M M 8.6 20 300 M M 10 28 300
11 32 27 30 7 35 0 0.00 M M 6.9 16 150 M M 10 21 140
12 47 28 38 16 27 0 0.34 M M 8.5 15 140 M M 10 1246 20 150
13 48 24 36 14 29 0 0.32 M M 17.8 33 310 M M 10 1 41 310
14 24 18 21 -1 44 0 T M M 20.6 32 320 M M 10 1 40 330
15 30 17 24 2 41 0 0.00 M M 20.5 33 320 M M 3 44 320
16 37 15 26 4 39 0 0.00 M M 17.3 29 320 M M 0 35 310
17 44 25 35 13 30 0 0.03 M M 8.0 15 290 M M 8 1 20 260
18 44 35 40 18 25 0 0.01 M M 13.8 25 300 M M 9 36 290
19 35 32 34 12 31 0 0.95 M M 6.7 22 310 M M 10 12 29 320
20 36 31 34 12 31 0 0.06 M M 17.2 28 270 M M 10 1 36 300
21 31 26 29 7 36 0 0.01 M M 11.7 24 310 M M 10 1 31 320
22 32 26 29 7 36 0 0.21 M M 6.4 15 140 M M 10 146 19 150
23 33 26 30 8 35 0 0.28 M M 16.1 31 300 M M 10 16 39 320
24 30 20 25 3 40 0 0.00 M M 13.2 25 280 M M 8 34 270
25 40 17 29 7 36 0 0.81 M M 8.1 18 110 M M 7 126 28 110
26 41 29 35 13 30 0 0.01 M M 18.7 32 260 M M 10 12 42 250
27 30 24 27 5 38 0 T M M 9.4 17 280 M M 6 23 260
28 43 24 34 12 31 0 0.00 M M 8.6 25 270 M M 3 34 250
29 41 26 34 12 31 0 T M M 6.7 18 220 M M 6 26 230
30 46 32 39 16 26 0 0.03 M M 7.5 15 270 M M 8 12 18 270
31 32 19 26 3 39 0 0.01 M M 11.1 20 310 M M 6 14 26 320
================================================================================
SM 1211 862 969 0 4.01 M 341.5 M 236
================================================================================
AV 39.1 27.8 11.0 FASTST M M 8 MAX(MPH)
MISC ----> # 33 310 44 320
================================================================================
NOTES:
# LAST OF SEVERAL OCCURRENCES
COLUMN 17 PEAK WIND IN M.P.H.
PRELIMINARY LOCAL CLIMATOLOGICAL DATA (WS FORM: F-6) , PAGE 2
STATION: MOUNT POCONO PA
MONTH: JANUARY
YEAR: 2023
LATITUDE: 41 8 N
LONGITUDE: 75 24 W
[TEMPERATURE DATA] [PRECIPITATION DATA] SYMBOLS USED IN COLUMN 16
AVERAGE MONTHLY: 33.4 TOTAL FOR MONTH: 4.01 1 = FOG OR MIST
DPTR FM NORMAL: 10.8 DPTR FM NORMAL: 1.03 2 = FOG REDUCING VISIBILITY
HIGHEST: 59 ON 4 GRTST 24HR 1.10 ON 19-19 TO 1/4 MILE OR LESS
LOWEST: 15 ON 16 3 = THUNDER
SNOW, ICE PELLETS, HAIL 4 = ICE PELLETS
TOTAL MONTH: M 5 = HAIL
GRTST 24HR M ON M 6 = FREEZING RAIN OR DRIZZLE
GRTST DEPTH: M ON M 7 = DUSTSTORM OR SANDSTORM:
VSBY 1/2 MILE OR LESS
8 = SMOKE OR HAZE
[NO. OF DAYS WITH] [WEATHER - DAYS WITH] 9 = BLOWING SNOW
X = TORNADO
MAX 32 OR BELOW: 9 0.01 INCH OR MORE: 19
MAX 90 OR ABOVE: 0 0.10 INCH OR MORE: 8
MIN 32 OR BELOW: 25 0.50 INCH OR MORE: 3
MIN 0 OR BELOW: 0 1.00 INCH OR MORE: 0
[HDD (BASE 65) ]
TOTAL THIS MO. 969 CLEAR (SCALE 0-3) 3
DPTR FM NORMAL -344 PTCLDY (SCALE 4-7) 11
TOTAL FM JUL 1 3555 CLOUDY (SCALE 8-10) 17
DPTR FM NORMAL -527
[CDD (BASE 65) ]
TOTAL THIS MO. 0
DPTR FM NORMAL 0 [PRESSURE DATA]
TOTAL FM JAN 1 0 HIGHEST SLP 30.32 ON 8
DPTR FM NORMAL 0 LOWEST SLP 29.46 ON 26
[REMARKS]
#FINAL-01-23#