000
CXUS51 KBTV 010800
CF6MPV
PRELIMINARY LOCAL CLIMATOLOGICAL DATA (WS FORM: F-6)
STATION: MONTPELIER VT
MONTH: OCTOBER
YEAR: 2020
LATITUDE: 44 12 N
LONGITUDE: 72 34 W
TEMPERATURE IN F: :PCPN: SNOW: WIND :SUNSHINE: SKY :PK WND
================================================================================
1 2 3 4 5 6A 6B 7 8 9 10 11 12 13 14 15 16 17 18
12Z AVG MX 2MIN
DY MAX MIN AVG DEP HDD CDD WTR SNW DPTH SPD SPD DIR MIN PSBL S-S WX SPD DR
================================================================================
1 66 43 55 4 10 0 0.00 M M 7.5 18 270 M M 4 33 210
2 54 40 47 -4 18 0 0.39 M M 1.2 20 330 M M 8 12 28 330
3 56 38 47 -3 18 0 0.06 M M 1.2 10 320 M M 9 12 13 340
4 58 38 48 -2 17 0 0.00 M M 2.3 14 160 M M 6 12 15 160
5 62 39 51 1 14 0 0.00 M M 1.8 10 160 M M 9 1 14 140
6 64 43 54 5 11 0 0.00 M M 7.7 23 190 M M 8 33 190
7 60 47 54 5 11 0 0.62 M M 11.6 25 290 M M 7 1 40 360
8 47 31 39 -9 26 0 T M M 13.6 26 300 M M 7 36 300
9 54 26 40 -8 25 0 0.00 M M 5.3 13 170 M M 1 21 290
10 73 49 61 13 4 0 1.32 M M 12.5 22 310 M M 3 13 34 250
11 51 30 41 -6 24 0 0.00 M M 6.1 16 310 M M 4 22 310
12 55 28 42 -5 23 0 0.00 M M 5.7 17 170 M M 3 12 23 190
13 49 43 46 0 19 0 0.34 M M 4.7 16 170 M M 10 1 21 170
14 63 36 50 4 15 0 0.00 M M 5.7 18 300 M M 2 1 25 300
15 70 37 54 8 11 0 0.00 M M 9.9 26 160 M M 1 33 160
16 57 42 50 4 15 0 0.82 M M 2.7 13 310 M M 10 1 16 310
17 50 30 40 -5 25 0 0.48 M M 5.6 22 300 M M 5 1 30 300
18 55 26 41 -4 24 0 0.00 M M 8.1 24 160 M M 1 12 30 160
19 56 42 49 5 16 0 0.03 M M 6.4 16 160 M M 8 19 160
20 56 45 51 7 14 0 0.16 M M 5.2 13 190 M M 10 1 19 190
21 65 45 55 11 10 0 0.09 M M 5.8 17 190 M M 9 1 25 180
22 60 40 50 6 15 0 T M M 1.9 6 10 M M 6 12 8 30
23 62 48 55 12 10 0 0.00 M M 9.3 20 170 M M 7 1 25 160
24 60 39 50 7 15 0 0.12 M M 10.3 21 320 M M 8 1 28 310
25 43 28 36 -7 29 0 0.00 M M 5.4 14 340 M M 5 19 340
26 44 31 38 -4 27 0 0.33 M M 4.8 15 170 M M 10 1 20 160
27 43 32 38 -4 27 0 T M M 6.2 15 310 M M 9 1 18 290
28 47 31 39 -3 26 0 0.01 M M 5.0 15 170 M M 8 1 18 190
29 41 32 37 -4 28 0 0.24 M M 2.7 12 20 M M 6 1 16 40
30 36 19 28 -13 37 0 0.00 M M 4.8 12 40 M M 3 15 360
31 41 15 28 -13 37 0 0.00 M M 3.0 14 150 M M 1 12 17 160
================================================================================
SM 1698 1113 601 0 5.01 M 184.0 M 188
================================================================================
AV 54.8 35.9 5.9 FASTST M M 6 MAX(MPH)
MISC ----> # 26 300 40 360
================================================================================
NOTES:
# LAST OF SEVERAL OCCURRENCES
COLUMN 17 PEAK WIND IN M.P.H.
PRELIMINARY LOCAL CLIMATOLOGICAL DATA (WS FORM: F-6) , PAGE 2
STATION: MONTPELIER VT
MONTH: OCTOBER
YEAR: 2020
LATITUDE: 44 12 N
LONGITUDE: 72 34 W
[TEMPERATURE DATA] [PRECIPITATION DATA] SYMBOLS USED IN COLUMN 16
AVERAGE MONTHLY: 45.3 TOTAL FOR MONTH: 5.01 1 = FOG OR MIST
DPTR FM NORMAL: -0.3 DPTR FM NORMAL: 1.57 2 = FOG REDUCING VISIBILITY
HIGHEST: 73 ON 10 GRTST 24HR 1.32 ON 10-10 TO 1/4 MILE OR LESS
LOWEST: 15 ON 31 3 = THUNDER
SNOW, ICE PELLETS, HAIL 4 = ICE PELLETS
TOTAL MONTH: M 5 = HAIL
GRTST 24HR M ON M 6 = FREEZING RAIN OR DRIZZLE
GRTST DEPTH: M ON M 7 = DUSTSTORM OR SANDSTORM:
VSBY 1/2 MILE OR LESS
8 = SMOKE OR HAZE
[NO. OF DAYS WITH] [WEATHER - DAYS WITH] 9 = BLOWING SNOW
X = TORNADO
MAX 32 OR BELOW: 0 0.01 INCH OR MORE: 14
MAX 90 OR ABOVE: 0 0.10 INCH OR MORE: 10
MIN 32 OR BELOW: 13 0.50 INCH OR MORE: 3
MIN 0 OR BELOW: 0 1.00 INCH OR MORE: 1
[HDD (BASE 65) ]
TOTAL THIS MO. 601 CLEAR (SCALE 0-3) 7
DPTR FM NORMAL 0 PTCLDY (SCALE 4-7) 13
TOTAL FM JUL 1 898 CLOUDY (SCALE 8-10) 11
DPTR FM NORMAL -58
[CDD (BASE 65) ]
TOTAL THIS MO. 0
DPTR FM NORMAL -1 [PRESSURE DATA]
TOTAL FM JAN 1 402 HIGHEST SLP 30.57 ON 31
DPTR FM NORMAL 138 LOWEST SLP 29.41 ON 7
[REMARKS]
#FINAL-10-20#