000
CXUS53 KMPX 041800
CF6MPX
PRELIMINARY LOCAL CLIMATOLOGICAL DATA (WS FORM: F-6)
STATION: CHANHASSEN MN
MONTH: APRIL
YEAR: 2023
LATITUDE: 44 50 N
LONGITUDE: 93 34 W
TEMPERATURE IN F: :PCPN: SNOW: WIND :SUNSHINE: SKY :PK WND
================================================================================
1 2 3 4 5 6A 6B 7 8 9 10 11 12 13 14 15 16 17 18
12Z AVG MX 2MIN
DY MAX MIN AVG DEP HDD CDD WTR SNW DPTH SPD SPD DIR MIN PSBL S-S WX SPD DR
================================================================================
1 36 22 29 -10 36 0 0.39 3.0 9 M M M M M M M M
2 49 21 35 -4 30 0 T 0.0 7 M M M M M M M M
3 40 31 36 -4 29 0 0.00 0.0 5 M M M M M M M M
4 36 32 34 -6 31 0 0.08 T 3 M M M M M M M M
5 35 23 29 -11 36 0 0.01 T 2 M M M M M M M M
6 34 19 27 -14 38 0 0.00 0.0 2 M M M M M M M M
7 48 21 35 -6 30 0 0.00 0.0 2 M M M M M M M M
8 65 34 50 8 15 0 0.00 0.0 T M M M M M M M M
9 65 34 50 8 15 0 T 0.0 0 M M M M M M M M
10 68 36 52 9 13 0 0.00 0.0 0 M M M M M M M M
11 80 46 63 20 2 0 0.00 0.0 0 M M M M M M M M
12 86 60 73 29 0 8 0.00 0.0 0 M M M M M M M M
13 87 59 73 29 0 8 0.00 0.0 0 M M M M M M M M
14 82 50 66 22 0 1 0.06 0.0 0 M M M M M M M M
15 50 32 41 -4 24 0 0.48 T T M M M M M M M M
16 33 29 31 -14 34 0 0.42 2.9 2 M M M M M M M M
17 49 30 40 -6 25 0 0.00 0.0 2 M M M M M M M M
18 55 26 41 -5 24 0 0.00 0.0 0 M M M M M M M M
19 44 36 40 -7 25 0 1.05 0.1 0 M M M M M M M M
20 40 35 38 -9 27 0 0.49 T 0 M M M M M M M M
21 40 31 36 -11 29 0 0.04 0.2 0 M M M M M M M M
22 34 29 32 -16 33 0 0.01 0.2 T M M M M M M M M
23 43 28 36 -12 29 0 T T 0 M M M M M M M M
24 47 30 39 -10 26 0 0.00 0.0 0 M M M M M M M M
25 50 29 40 -9 25 0 0.00 0.0 0 M M M M M M M M
26 56 28 42 -8 23 0 0.01 0.0 0 M M M M M M M M
27 61 45 53 3 12 0 0.08 0.0 0 M M M M M M M M
28 49 37 43 -7 22 0 0.35 0.0 0 M M M M M M M M
29 53 35 44 -7 21 0 T 0.0 0 M M M M M M M M
30 52 36 44 -7 21 0 T 0.0 0 M M M M M M M M
================================================================================
SM 1567 1004 675 17 3.47 6.4 M M M
================================================================================
AV 52.2 33.5 M FASTST M M M MAX(MPH)
MISC ----> M M M M
================================================================================
NOTES:
# LAST OF SEVERAL OCCURRENCES
COLUMN 17 PEAK WIND IN M.P.H.
PRELIMINARY LOCAL CLIMATOLOGICAL DATA (WS FORM: F-6) , PAGE 2
STATION: CHANHASSEN MN
MONTH: APRIL
YEAR: 2023
LATITUDE: 44 50 N
LONGITUDE: 93 34 W
[TEMPERATURE DATA] [PRECIPITATION DATA] SYMBOLS USED IN COLUMN 16
AVERAGE MONTHLY: 42.9 TOTAL FOR MONTH: 3.47 1 = FOG OR MIST
DPTR FM NORMAL: -2.2 DPTR FM NORMAL: 0.31 2 = FOG REDUCING VISIBILITY
HIGHEST: 87 ON 13 GRTST 24HR 1.05 ON 19-19 TO 1/4 MILE OR LESS
LOWEST: 19 ON 6 3 = THUNDER
SNOW, ICE PELLETS, HAIL 4 = ICE PELLETS
TOTAL MONTH: 6.4 INCHES 5 = HAIL
GRTST 24HR 3.0 ON 1- 1 6 = FREEZING RAIN OR DRIZZLE
GRTST DEPTH: 9 ON 1 7 = DUSTSTORM OR SANDSTORM:
VSBY 1/2 MILE OR LESS
8 = SMOKE OR HAZE
[NO. OF DAYS WITH] [WEATHER - DAYS WITH] 9 = BLOWING SNOW
X = TORNADO
MAX 32 OR BELOW: 0 0.01 INCH OR MORE: 13
MAX 90 OR ABOVE: 0 0.10 INCH OR MORE: 6
MIN 32 OR BELOW: 17 0.50 INCH OR MORE: 1
MIN 0 OR BELOW: 0 1.00 INCH OR MORE: 1
[HDD (BASE 65) ]
TOTAL THIS MO. 675 CLEAR (SCALE 0-3) 0
DPTR FM NORMAL 73 PTCLDY (SCALE 4-7) 0
TOTAL FM JUL 1 7753 CLOUDY (SCALE 8-10) 30
DPTR FM NORMAL 86
[CDD (BASE 65) ]
TOTAL THIS MO. 17
DPTR FM NORMAL 15 [PRESSURE DATA]
TOTAL FM JAN 1 17 HIGHEST SLP M ON M
DPTR FM NORMAL 15 LOWEST SLP M ON M
[REMARKS]
#FINAL-04-23#