000
CXUS54 KMAF 011210
CF6MRF
PRELIMINARY LOCAL CLIMATOLOGICAL DATA (WS FORM: F-6)
STATION: MARFA
MONTH: FEBRUARY
YEAR: 2023
LATITUDE: 30 22 N
LONGITUDE: 104 1 W
TEMPERATURE IN F: :PCPN: SNOW: WIND :SUNSHINE: SKY :PK WND
================================================================================
1 2 3 4 5 6A 6B 7 8 9 10 11 12 13 14 15 16 17 18
12Z AVG MX 2MIN
DY MAX MIN AVG DEP HDD CDD WTR SNW DPTH SPD SPD DIR MIN PSBL S-S WX SPD DR
================================================================================
1 46 28 37 M 28 0 0.75 M M 6.3 13 330 M M 9 1 M M
2 58 32 45 M 20 0 0.15 M M 9.3 18 280 M M 4 1 28 310
3 56 26 41 M 24 0 M M M 5.9 13 150 M M 0 17 140
4 67 25 46 M 19 0 M M M 7.7 17 270 M M 0 M M
5 73 25 49 M 16 0 M M M 5.9 15 230 M M 0 21 230
6 77 32 55 M 10 0 M M M 7.9 17 240 M M 0 23 200
7 55 34 45 M 20 0 M M M 12.9 24 20 M M 0 33 10
8 54 21 38 M 27 0 M M M 10.4 23 270 M M 1 31 270
9 61 19 40 M 25 0 M M M 11.0 30 360 M M 0 38 360
10 46 18 32 M 33 0 M M M 11.0 28 360 M M 3 35 360
11 56 14 35 M 30 0 M M M 5.9 10 150 M M 0 M M
12 65 26 46 M 19 0 M M M 6.8 13 180 M M 0 M M
13 49 41 45 M 20 0 M M M 6.7 17 260 M M 1 23 260
14 58 33 46 M 19 0 M M M 16.6 33 250 M M 0 41 240
15 71 31 51 M 14 0 M M M 15.2 30 190 M M 0 41 210
16 46 23 35 M 30 0 M M M 10.2 16 10 M M 0 21 40
17 50 13 32 M 33 0 M M M 6.3 12 80 M M 0 17 80
18 61 34 48 M 17 0 T M M 5.4 14 200 M M 5 21 150
19 65 34 50 M 15 0 M M M 6.0 14 290 M M 1 M M
20 74 32 53 M 12 0 M M M 6.9 18 250 M M 1 24 250
21 73 38 56 M 9 0 T M M 10.6 25 190 M M 6 37 180
22 71 39 55 M 10 0 M M M 17.2 31 220 M M 0 41 230
23 72 32 52 M 13 0 M M M 8.5 21 210 M M 0 31 210
24 74 35 55 M 10 0 M M M 5.8 12 170 M M 0 M M
25 74 43 59 M 6 0 M M M 5.9 15 90 M M 1 M M
26 83 40 62 M 3 0 M M M 18.7 46 230 M M 2 8 59 230
27 69 33 51 M 14 0 M M M 14.5 21 250 M M 0 31 260
28 76 28 52 M 13 0 M M M 7.2 18 220 M M 0 31 230
================================================================================
SM 1780 829 509 0 0.90 M 262.7 M 34
================================================================================
AV 63.6 29.6 9.4 FASTST M M 1 MAX(MPH)
MISC ----> 46 230 59 230
================================================================================
NOTES:
# LAST OF SEVERAL OCCURRENCES
COLUMN 17 PEAK WIND IN M.P.H.
PRELIMINARY LOCAL CLIMATOLOGICAL DATA (WS FORM: F-6) , PAGE 2
STATION: MARFA
MONTH: FEBRUARY
YEAR: 2023
LATITUDE: 30 22 N
LONGITUDE: 104 1 W
[TEMPERATURE DATA] [PRECIPITATION DATA] SYMBOLS USED IN COLUMN 16
AVERAGE MONTHLY: 46.6 TOTAL FOR MONTH: 0.90 1 = FOG OR MIST
DPTR FM NORMAL: 0.0 DPTR FM NORMAL: 0.90 2 = FOG REDUCING VISIBILITY
HIGHEST: 83 ON 26 GRTST 24HR 0.75 ON 1- 1 TO 1/4 MILE OR LESS
LOWEST: 13 ON 17 3 = THUNDER
SNOW, ICE PELLETS, HAIL 4 = ICE PELLETS
TOTAL MONTH: M 5 = HAIL
GRTST 24HR M ON M 6 = FREEZING RAIN OR DRIZZLE
GRTST DEPTH: M ON M 7 = DUSTSTORM OR SANDSTORM:
VSBY 1/2 MILE OR LESS
8 = SMOKE OR HAZE
[NO. OF DAYS WITH] [WEATHER - DAYS WITH] 9 = BLOWING SNOW
X = TORNADO
MAX 32 OR BELOW: 0 0.01 INCH OR MORE: 2
MAX 90 OR ABOVE: 0 0.10 INCH OR MORE: 2
MIN 32 OR BELOW: 17 0.50 INCH OR MORE: 1
MIN 0 OR BELOW: 0 1.00 INCH OR MORE: 0
[HDD (BASE 65) ]
TOTAL THIS MO. 509 CLEAR (SCALE 0-3) 24
DPTR FM NORMAL M PTCLDY (SCALE 4-7) 3
TOTAL FM JUL 1 1665 CLOUDY (SCALE 8-10) 1
DPTR FM NORMAL M
[CDD (BASE 65) ]
TOTAL THIS MO. 0
DPTR FM NORMAL M [PRESSURE DATA]
TOTAL FM JAN 1 0 HIGHEST SLP M ON M
DPTR FM NORMAL M LOWEST SLP M ON M
[REMARKS]
#FINAL-02-23#