000
CXUS52 KMHX 031437
CF6MRH
PRELIMINARY LOCAL CLIMATOLOGICAL DATA (WS FORM: F-6)
STATION: BEAUFORT/SMITH FIELD NC
MONTH: OCTOBER
YEAR: 2021
LATITUDE: 34 43 N
LONGITUDE: 76 39 W
TEMPERATURE IN F: :PCPN: SNOW: WIND :SUNSHINE: SKY :PK WND
================================================================================
1 2 3 4 5 6A 6B 7 8 9 10 11 12 13 14 15 16 17 18
12Z AVG MX 2MIN
DY MAX MIN AVG DEP HDD CDD WTR SNW DPTH SPD SPD DIR MIN PSBL S-S WX SPD DR
================================================================================
1 78 59 69 -2 0 4 0.00 0.0 0 4.5 13 120 M M 2 17 130
2 79 61 70 -1 0 5 0.00 0.0 0 5.2 10 180 M M 1 8 15 160
3 81 63 72 2 0 7 0.00 0.0 0 6.4 13 190 M M 1 16 190
4 80 72 76 6 0 11 T 0.0 0 7.1 16 180 M M 5 3 21 170
5 84 69 77 7 0 12 0.01 0.0 0 5.4 13 150 M M 3 8 16 110
6 83 71 77 8 0 12 0.00 0.0 0 7.0 15 80 M M 1 23 60
7 75 70 73 4 0 8 0.87 0.0 0 8.5 14 20 M M 6 13 19 30
8 82 71 77 8 0 12 0.01 0.0 0 8.1 16 20 M M 8 13 21 20
9 75 69 72 4 0 7 1.37 0.0 0 11.6 21 10 M M 7 13 31 10
10 79 70 75 7 0 10 0.41 0.0 0 18.3 28 360 M M 10 1 36 360
11 72 67 70 2 0 5 0.20 0.0 0 9.2 20 350 M M 10 1 28 340
12 72 67 70 3 0 5 0.00 0.0 0 8.9 14 320 M M 10 18 16 310
13 74 66 70 3 0 5 0.00 0.0 0 5.4 13 10 M M 8 1 15 330
14 80 63 72 5 0 7 0.00 0.0 0 4.3 13 20 M M 2 128 18 10
15 78 62 70 4 0 5 0.00 0.0 0 3.9 12 110 M M 1 12 14 120
16 81 61 71 5 0 6 0.12 0.0 0 11.4 32 320 M M 2 1 41 320
17 69 54 62 -4 3 0 0.00 0.0 0 11.1 18 340 M M 2 25 330
18 72 52 62 -3 3 0 0.00 0.0 0 9.6 16 280 M M 0 19 280
19 73 51 62 -3 3 0 0.00 0.0 0 5.8 16 320 M M 0 18 320
20 77 57 67 3 0 2 0.00 0.0 0 7.5 15 220 M M 0 17 210
21 77 62 70 6 0 5 0.00 0.0 0 11.8 21 220 M M 0 28 220
22 80 72 76 12 0 11 0.00 0.0 0 12.6 22 220 M M 2 26 220
23 77 57 67 3 0 2 0.00 0.0 0 4.7 14 270 M M 3 1 19 230
24 77 54 66 3 0 1 0.00 0.0 0 5.7 10 100 M M 0 14 50
25 76 M M M M M M 0.0 0 4.8 12 90 M M 2 1 15 100
26 73 54 64 2 1 0 0.61 0.0 0 13.5 28 330 M M 2 138 36 330
27 68 49 59 -3 6 0 0.00 0.0 0 9.5 18 310 M M 1 24 310
28 72 54 63 1 2 0 0.06 0.0 0 7.3 18 150 M M 5 27 110
29 77 64 71 9 0 6 0.16 0.0 0 18.6 36 220 M M 7 1 47 220
30 67 56 62 1 3 0 0.00 0.0 0 8.3 17 270 M M 2 22 260
31 70 55 63 2 2 0 0.00 0.0 0 8.0 16 250 M M 1 21 260
================================================================================
SM 2358 1852 23 148 3.82 0.0 264.0 M 104
================================================================================
AV 76.1 61.7 8.5 FASTST M M 3 MAX(MPH)
MISC ----> 36 220 47 220
================================================================================
NOTES:
# LAST OF SEVERAL OCCURRENCES
COLUMN 17 PEAK WIND IN M.P.H.
PRELIMINARY LOCAL CLIMATOLOGICAL DATA (WS FORM: F-6) , PAGE 2
STATION: BEAUFORT/SMITH FIELD NC
MONTH: OCTOBER
YEAR: 2021
LATITUDE: 34 43 N
LONGITUDE: 76 39 W
[TEMPERATURE DATA] [PRECIPITATION DATA] SYMBOLS USED IN COLUMN 16
AVERAGE MONTHLY: 68.9 TOTAL FOR MONTH: 3.82 1 = FOG OR MIST
DPTR FM NORMAL: 2.9 DPTR FM NORMAL: -0.32 2 = FOG REDUCING VISIBILITY
HIGHEST: 84 ON 5 GRTST 24HR 1.61 ON 9-10 TO 1/4 MILE OR LESS
LOWEST: 49 ON 27 3 = THUNDER
SNOW, ICE PELLETS, HAIL 4 = ICE PELLETS
TOTAL MONTH: 0.0 INCH 5 = HAIL
GRTST 24HR 0.0 6 = FREEZING RAIN OR DRIZZLE
GRTST DEPTH: 0 7 = DUSTSTORM OR SANDSTORM:
VSBY 1/2 MILE OR LESS
8 = SMOKE OR HAZE
[NO. OF DAYS WITH] [WEATHER - DAYS WITH] 9 = BLOWING SNOW
X = TORNADO
MAX 32 OR BELOW: 0 0.01 INCH OR MORE: 10
MAX 90 OR ABOVE: 0 0.10 INCH OR MORE: 7
MIN 32 OR BELOW: 0 0.50 INCH OR MORE: 3
MIN 0 OR BELOW: 0 1.00 INCH OR MORE: 1
[HDD (BASE 65) ]
TOTAL THIS MO. 23 CLEAR (SCALE 0-3) 21
DPTR FM NORMAL -55 PTCLDY (SCALE 4-7) 6
TOTAL FM JUL 1 23 CLOUDY (SCALE 8-10) 4
DPTR FM NORMAL -57
[CDD (BASE 65) ]
TOTAL THIS MO. 148
DPTR FM NORMAL 40 [PRESSURE DATA]
TOTAL FM JAN 1 2016 HIGHEST SLP 30.26 ON 2
DPTR FM NORMAL 58 LOWEST SLP 29.53 ON 29
[REMARKS]
#FINAL-10-21#
PREVIOUSLY MISSING DATA FILLED USING DATA FROM COOP SITE IN MOREHEAD CITY, NC.