000
CXUS53 KMKX 010910
CF6MSN
PRELIMINARY LOCAL CLIMATOLOGICAL DATA (WS FORM: F-6)
STATION: MADISON WI
MONTH: FEBRUARY
YEAR: 2023
LATITUDE: 43 7 N
LONGITUDE: 89 20 W
TEMPERATURE IN F: :PCPN: SNOW: WIND :SUNSHINE: SKY :PK WND
================================================================================
1 2 3 4 5 6A 6B 7 8 9 10 11 12 13 14 15 16 17 18
12Z AVG MX 2MIN
DY MAX MIN AVG DEP HDD CDD WTR SNW DPTH SPD SPD DIR MIN PSBL S-S WX SPD DR
================================================================================
1 24 -4 10 -9 55 0 0.00 0.0 6 3.9 12 230 M M 2 18 240
2 27 2 15 -5 50 0 0.00 0.0 5 8.1 18 320 M M 1 29 330
3 6 -8 -1 -21 66 0 0.00 0.0 5 7.4 17 350 M M 5 24 350
4 33 5 19 -1 46 0 0.00 0.0 5 7.9 16 200 M M 7 24 200
5 36 16 26 6 39 0 T T 5 4.5 14 330 M M 3 1 20 340
6 42 8 25 5 40 0 0.02 0.0 4 11.1 31 170 M M 5 18 43 160
7 43 29 36 15 29 0 0.00 0.0 3 6.8 17 180 M M 6 27 290
8 45 23 34 13 31 0 0.00 0.0 1 3.9 12 170 M M 5 17 180
9 38 33 36 15 29 0 0.63 4.8 T 11.4 24 10 M M 10 12489 32 10
10 35 20 28 7 37 0 0.00 0.0 3 6.2 17 330 M M 1 26 330
11 42 18 30 8 35 0 0.00 0.0 3 5.8 13 240 M M 1 21 230
12 45 21 33 11 32 0 0.00 0.0 3 4.1 14 190 M M 4 19 210
13 45 28 37 15 28 0 0.00 0.0 2 4.9 10 300 M M 0 17 290
14 48 28 38 15 27 0 0.09 0.0 2 12.8 30 160 M M 7 40 170
15 48 32 40 17 25 0 T 0.0 0 9.0 20 230 M M 10 35 230
16 32 20 26 3 39 0 0.16 3.4 0 14.2 23 10 M M 10 19 33 20
17 24 12 18 -6 47 0 0.00 0.0 3 7.0 14 190 M M 3 20 200
18 38 18 28 4 37 0 0.00 0.0 2 6.9 15 180 M M 5 25 230
19 45 29 37 13 28 0 0.00 0.0 1 8.1 18 350 M M 4 26 350
20 42 20 31 6 34 0 0.00 0.0 0 6.5 17 280 M M 6 18 34 280
21 34 16 25 0 40 0 0.03 0.5 0 9.1 23 300 M M 7 1 38 300
22 30 26 28 3 37 0 0.42 1.5 T 16.4 24 60 M M 10 146 32 60
23 31 19 25 -1 40 0 0.05 T 1 8.8 23 70 M M 10 16 29 300
24 22 10 16 -10 49 0 0.03 0.6 1 5.8 13 150 M M 8 1 19 320
25 33 20 27 0 38 0 0.01 0.2 2 5.8 16 190 M M 5 1 22 230
26 40 18 29 2 36 0 0.00 0.0 2 4.4 15 120 M M 3 21 130
27 38 32 35 8 30 0 1.56 0.0 T 12.0 23 100 M M 9 13 33 100
28 44 31 38 10 27 0 0.00 0.0 T 5.3 15 310 M M 8 25 280
================================================================================
SM 1010 522 1051 0 3.00 11.0 218.1 M 155
================================================================================
AV 36.1 18.6 7.8 FASTST M M 6 MAX(MPH)
MISC ----> 31 170 43 160
================================================================================
NOTES:
# LAST OF SEVERAL OCCURRENCES
COLUMN 17 PEAK WIND IN M.P.H.
PRELIMINARY LOCAL CLIMATOLOGICAL DATA (WS FORM: F-6) , PAGE 2
STATION: MADISON WI
MONTH: FEBRUARY
YEAR: 2023
LATITUDE: 43 7 N
LONGITUDE: 89 20 W
[TEMPERATURE DATA] [PRECIPITATION DATA] SYMBOLS USED IN COLUMN 16
AVERAGE MONTHLY: 27.4 TOTAL FOR MONTH: 3.00 1 = FOG OR MIST
DPTR FM NORMAL: 4.4 DPTR FM NORMAL: 1.48 2 = FOG REDUCING VISIBILITY
HIGHEST: 48 ON 15,14 GRTST 24HR 1.56 ON 27-27 TO 1/4 MILE OR LESS
LOWEST: -8 ON 3 3 = THUNDER
SNOW, ICE PELLETS, HAIL 4 = ICE PELLETS
TOTAL MONTH: 11.0 INCHES 5 = HAIL
GRTST 24HR 4.8 ON 9- 9 6 = FREEZING RAIN OR DRIZZLE
GRTST DEPTH: 7 ON M 7 = DUSTSTORM OR SANDSTORM:
VSBY 1/2 MILE OR LESS
8 = SMOKE OR HAZE
[NO. OF DAYS WITH] [WEATHER - DAYS WITH] 9 = BLOWING SNOW
X = TORNADO
MAX 32 OR BELOW: 8 0.01 INCH OR MORE: 10
MAX 90 OR ABOVE: 0 0.10 INCH OR MORE: 4
MIN 32 OR BELOW: 27 0.50 INCH OR MORE: 2
MIN 0 OR BELOW: 2 1.00 INCH OR MORE: 1
[HDD (BASE 65) ]
TOTAL THIS MO. 1051 CLEAR (SCALE 0-3) 7
DPTR FM NORMAL -123 PTCLDY (SCALE 4-7) 13
TOTAL FM JUL 1 4845 CLOUDY (SCALE 8-10) 8
DPTR FM NORMAL -482
[CDD (BASE 65) ]
TOTAL THIS MO. 0
DPTR FM NORMAL 0 [PRESSURE DATA]
TOTAL FM JAN 1 0 HIGHEST SLP 30.71 ON 24
DPTR FM NORMAL 0 LOWEST SLP 29.13 ON 27
[REMARKS]
#FINAL-02-23#