000
CXUS55 KMSO 010900
CF6MSO
PRELIMINARY LOCAL CLIMATOLOGICAL DATA (WS FORM: F-6)
STATION: MISSOULA MT
MONTH: OCTOBER
YEAR: 2023
LATITUDE: 46 55 N
LONGITUDE: 114 5 W
TEMPERATURE IN F: :PCPN: SNOW: WIND :SUNSHINE: SKY :PK WND
================================================================================
1 2 3 4 5 6A 6B 7 8 9 10 11 12 13 14 15 16 17 18
12Z AVG MX 2MIN
DY MAX MIN AVG DEP HDD CDD WTR SNW DPTH SPD SPD DIR MIN PSBL S-S WX SPD DR
================================================================================
1 55 46 51 0 14 0 T 0.0 0 6.1 14 10 M M 10 20 10
2 60 48 54 3 11 0 0.00 0.0 0 2.2 7 310 M M 10 9 120
3 58 49 54 4 11 0 0.17 0.0 0 1.3 9 290 M M 10 1 12 320
4 68 46 57 7 8 0 0.00 0.0 0 4.4 23 250 M M 7 31 280
5 66 47 57 8 8 0 0.00 0.0 0 0.9 8 140 M M 9 11 130
6 71 42 57 8 8 0 0.00 0.0 0 1.2 7 360 M M 1 12 10 10
7 71 36 54 6 11 0 0.00 0.0 0 1.0 8 320 M M 1 12 11 330
8 73 38 56 8 9 0 0.00 0.0 0 1.6 6 290 M M 0 9 290
9 76 40 58 11 7 0 0.00 0.0 0 1.6 13 140 M M 1 15 140
10 66 46 56 9 9 0 0.21 0.0 0 4.2 17 310 M M 7 18 24 310
11 58 41 50 4 15 0 0.04 0.0 0 6.0 17 340 M M 7 1 25 350
12 54 38 46 0 19 0 0.00 0.0 0 4.0 16 340 M M 7 21 350
13 68 40 54 9 11 0 0.00 0.0 0 5.7 17 120 M M 2 21 130
14 63 38 51 6 14 0 0.00 0.0 0 1.6 9 180 M M 5 12 130
15 69 44 57 13 8 0 0.00 0.0 0 2.0 7 120 M M 9 9 120
16 67 41 54 10 11 0 0.00 0.0 0 1.7 13 330 M M 1 20 320
17 62 39 51 8 14 0 0.02 0.0 0 9.3 26 280 M M 4 36 280
18 69 34 52 9 13 0 0.00 0.0 0 0.4 6 330 M M 1 9 240
19 74 35 55 13 10 0 0.00 0.0 0 0.9 7 120 M M 0 8 8 220
20 76 39 58 16 7 0 0.00 0.0 0 1.3 7 330 M M 0 8 9 360
21 72 38 55 13 10 0 0.00 0.0 0 1.3 6 340 M M 0 7 330
22 66 40 53 12 12 0 T 0.0 0 2.5 10 30 M M 5 15 40
23 59 46 53 12 12 0 0.08 0.0 0 5.6 20 280 M M 8 1 26 280
24 52 38 45 5 20 0 0.19 0.0 0 4.4 13 340 M M 7 1 17 10
25 38 26 32 -8 33 0 0.12 0.6 T 13.1 23 80 M M 10 1 31 90
26 26 23 25 -15 40 0 0.06 1.9 2 9.6 18 120 M M 10 1 25 120
27 31 23 27 -12 38 0 0.03 0.5 1 3.7 12 350 M M 10 18 14 10
28 34 17 26 -13 39 0 0.00 0.0 0 3.9 9 20 M M 7 13 340
29 32 16 24 -14 41 0 0.00 0.0 0 1.6 7 250 M M 2 11 360
30 37 16 27 -11 38 0 0.00 0.0 0 1.3 7 120 M M 2 128 9 100
31 38 17 28 -10 37 0 0.00 0.0 0 2.3 7 120 M M 2 128 9 240
================================================================================
SM 1809 1127 538 0 0.92 3.0 106.7 M 155
================================================================================
AV 58.4 36.4 3.4 FASTST M M 5 MAX(MPH)
MISC ----> 26 280 36 280
================================================================================
NOTES:
# LAST OF SEVERAL OCCURRENCES
COLUMN 17 PEAK WIND IN M.P.H.
PRELIMINARY LOCAL CLIMATOLOGICAL DATA (WS FORM: F-6) , PAGE 2
STATION: MISSOULA MT
MONTH: OCTOBER
YEAR: 2023
LATITUDE: 46 55 N
LONGITUDE: 114 5 W
[TEMPERATURE DATA] [PRECIPITATION DATA] SYMBOLS USED IN COLUMN 16
AVERAGE MONTHLY: 47.4 TOTAL FOR MONTH: 0.92 1 = FOG OR MIST
DPTR FM NORMAL: 3.3 DPTR FM NORMAL: -0.26 2 = FOG REDUCING VISIBILITY
HIGHEST: 76 ON 20, 9 GRTST 24HR 0.48 ON 30- 1 TO 1/4 MILE OR LESS
LOWEST: 16 ON 30,29 3 = THUNDER
SNOW, ICE PELLETS, HAIL 4 = ICE PELLETS
TOTAL MONTH: 3.0 INCHES 5 = HAIL
GRTST 24HR 1.9 ON 26-26 6 = FREEZING RAIN OR DRIZZLE
GRTST DEPTH: 2 ON 26 7 = DUSTSTORM OR SANDSTORM:
VSBY 1/2 MILE OR LESS
8 = SMOKE OR HAZE
[NO. OF DAYS WITH] [WEATHER - DAYS WITH] 9 = BLOWING SNOW
X = TORNADO
MAX 32 OR BELOW: 3 0.01 INCH OR MORE: 9
MAX 90 OR ABOVE: 0 0.10 INCH OR MORE: 4
MIN 32 OR BELOW: 7 0.50 INCH OR MORE: 0
MIN 0 OR BELOW: 0 1.00 INCH OR MORE: 0
[HDD (BASE 65) ]
TOTAL THIS MO. 538 CLEAR (SCALE 0-3) 13
DPTR FM NORMAL -111 PTCLDY (SCALE 4-7) 10
TOTAL FM JUL 1 693 CLOUDY (SCALE 8-10) 8
DPTR FM NORMAL -283
[CDD (BASE 65) ]
TOTAL THIS MO. 0
DPTR FM NORMAL 0 [PRESSURE DATA]
TOTAL FM JAN 1 536 HIGHEST SLP M ON M
DPTR FM NORMAL 229 LOWEST SLP 29.48 ON 10
[REMARKS]
#FINAL-10-23#