000
CXUS54 KLIX 010810
CF6MSY
PRELIMINARY LOCAL CLIMATOLOGICAL DATA (WS FORM: F-6)
STATION: NEW ORLEANS
MONTH: JUNE
YEAR: 2022
LATITUDE: 29 58 N
LONGITUDE: 90 15 W
TEMPERATURE IN F: :PCPN: SNOW: WIND :SUNSHINE: SKY :PK WND
================================================================================
1 2 3 4 5 6A 6B 7 8 9 10 11 12 13 14 15 16 17 18
12Z AVG MX 2MIN
DY MAX MIN AVG DEP HDD CDD WTR SNW DPTH SPD SPD DIR MIN PSBL S-S WX SPD DR
================================================================================
1 88 76 82 2 0 17 0.01 0.0 M 5.9 17 150 M M 5 3 23 130
2 91 74 83 2 0 18 0.00 0.0 M 5.2 16 290 M M 6 3 20 270
3 90 76 83 2 0 18 T 0.0 M 5.8 21 130 M M 6 3 24 140
4 90 78 84 3 0 19 0.00 0.0 M 6.2 12 40 M M 4 16 30
5 90 73 82 1 0 17 1.00 0.0 M 4.5 33 140 M M 6 135 42 140
6 90 74 82 1 0 17 0.00 0.0 M 6.9 17 140 M M 4 21 150
7 91 77 84 2 0 19 0.00 0.0 M 6.8 14 180 M M 4 18 180
8 92 76 84 2 0 19 0.00 0.0 M 5.7 12 190 M M 4 15 130
9 93 78 86 4 0 21 0.01 0.0 M 5.1 14 280 M M 6 3 18 280
10 85 72 79 -3 0 14 0.92 0.0 M 6.5 25 120 M M 9 13 32 130
11 91 72 82 0 0 17 0.01 0.0 M 3.5 28 240 M M 7 3 40 230
12 94 77 86 4 0 21 0.00 0.0 M 6.9 15 220 M M 6 3 22 270
13 93 79 86 4 0 21 0.00 0.0 M 6.5 16 200 M M 4 13 22 190
14 93 78 86 4 0 21 T 0.0 M 6.0 14 190 M M 3 20 50
15 95 77 86 4 0 21 0.00 0.0 M 3.9 10 330 M M 4 18 13 350
16 97 80 89 6 0 24 T 0.0 M 6.9 22 140 M M 6 3 28 140
17 95 80 88 5 0 23 T 0.0 M 4.0 10 140 M M 5 14 10
18 97 79 88 5 0 23 0.00 0.0 M 5.1 12 300 M M 2 15 10
19 96 84 90 7 0 25 0.00 0.0 M 7.1 15 60 M M 2 19 20
20 96 79 88 5 0 23 0.00 0.0 M 6.2 16 100 M M 3 20 110
21 95 79 87 4 0 22 0.00 0.0 M 4.7 15 180 M M 4 3 18 170
22 96 78 87 4 0 22 0.00 0.0 M 5.6 13 360 M M 3 16 360
23 99 80 90 7 0 25 0.00 0.0 M 6.8 16 220 M M 2 20 230
24 99 81 90 7 0 25 0.00 0.0 M 6.9 13 230 M M 3 18 240
25 97 81 89 6 0 24 T 0.0 M 6.4 18 120 M M 6 3 25 110
26 86 79 83 0 0 18 0.01 0.0 M 6.5 18 10 M M 8 3 26 10
27 90 78 84 1 0 19 0.02 0.0 M 8.2 22 10 M M 8 13 29 10
28 93 79 86 3 0 21 0.00 0.0 M 7.6 22 10 M M 7 38 33 10
29 90 76 83 -1 0 18 1.86 0.0 M 6.4 20 140 M M 8 13 24 80
30 88 77 83 -1 0 18 0.18 0.0 M 5.3 16 80 M M 7 38 19 80
================================================================================
SM 2780 2327 0 610 4.02 0.0 179.1 M 152
================================================================================
AV 92.7 77.6 6.0 FASTST M M 5 MAX(MPH)
MISC ----> 33 140 42 140
================================================================================
NOTES:
# LAST OF SEVERAL OCCURRENCES
COLUMN 17 PEAK WIND IN M.P.H.
PRELIMINARY LOCAL CLIMATOLOGICAL DATA (WS FORM: F-6) , PAGE 2
STATION: NEW ORLEANS
MONTH: JUNE
YEAR: 2022
LATITUDE: 29 58 N
LONGITUDE: 90 15 W
[TEMPERATURE DATA] [PRECIPITATION DATA] SYMBOLS USED IN COLUMN 16
AVERAGE MONTHLY: 85.1 TOTAL FOR MONTH: 4.02 1 = FOG OR MIST
DPTR FM NORMAL: 2.7 DPTR FM NORMAL: -3.60 2 = FOG REDUCING VISIBILITY
HIGHEST: 99 ON 24,23 GRTST 24HR 1.86 ON 29-29 TO 1/4 MILE OR LESS
LOWEST: 72 ON 11,10 3 = THUNDER
SNOW, ICE PELLETS, HAIL 4 = ICE PELLETS
TOTAL MONTH: 0.0 INCH 5 = HAIL
GRTST 24HR 0.0 6 = FREEZING RAIN OR DRIZZLE
GRTST DEPTH: M ON M 7 = DUSTSTORM OR SANDSTORM:
VSBY 1/2 MILE OR LESS
8 = SMOKE OR HAZE
[NO. OF DAYS WITH] [WEATHER - DAYS WITH] 9 = BLOWING SNOW
X = TORNADO
MAX 32 OR BELOW: 0 0.01 INCH OR MORE: 9
MAX 90 OR ABOVE: 26 0.10 INCH OR MORE: 4
MIN 32 OR BELOW: 0 0.50 INCH OR MORE: 3
MIN 0 OR BELOW: 0 1.00 INCH OR MORE: 2
[HDD (BASE 65) ]
TOTAL THIS MO. 0 CLEAR (SCALE 0-3) 6
DPTR FM NORMAL 0 PTCLDY (SCALE 4-7) 22
TOTAL FM JUL 1 1000 CLOUDY (SCALE 8-10) 2
DPTR FM NORMAL -176
[CDD (BASE 65) ]
TOTAL THIS MO. 610
DPTR FM NORMAL 90 [PRESSURE DATA]
TOTAL FM JAN 1 1415 HIGHEST SLP M ON M
DPTR FM NORMAL 206 LOWEST SLP 29.76 ON 4
[REMARKS]
#FINAL-06-22#