000
CXUS52 KKEY 012048 CCB
CF6MTH
PRELIMINARY LOCAL CLIMATOLOGICAL DATA (WS FORM: F-6)...CORRECTED
STATION: MARATHON
MONTH: FEBRUARY
YEAR: 2024
LATITUDE: 24 43 N
LONGITUDE: 81 5 W
TEMPERATURE IN F: :PCPN: SNOW: WIND :SUNSHINE: SKY :PK WND
================================================================================
1 2 3 4 5 6A 6B 7 8 9 10 11 12 13 14 15 16 17 18
12Z AVG MX 2MIN
DY MAX MIN AVG DEP HDD CDD WTR SNW DPTH SPD SPD DIR MIN PSBL S-S WX SPD DR
================================================================================
1 74 58 66 -5 0 1 0.00 0.0 0 7.5 15 360 M M 1 24 340
2 79 62 71 0 0 6 0.00 0.0 0 5.9 12 40 M M 3 15 40
3 75 62 69 -2 0 4 0.00 0.0 0 6.7 12 120 M M 2 20 120
4 74 61 68 -3 0 3 0.75 0.0 0 7.4 25 270 M M 3 3 42 260
5 72 61 67 -4 0 2 0.14 0.0 0 6.7 16 280 M M 4 138 25 320
6 68 60 64 -7 1 0 0.00 0.0 0 15.6 22 330 M M 4 36 310
7 71 57 64 -8 1 0 0.00 0.0 0 10.7 21 350 M M 0 35 360
8 78 62 70 -2 0 5 T 0.0 0 9.4 15 50 M M 3 20 50
9 77 65 71 -1 0 6 0.00 0.0 0 7.6 14 120 M M 7 25 110
10 76 69 73 1 0 8 0.03 0.0 0 8.3 16 130 M M 7 8 29 130
11 82 72 77 5 0 12 0.02 0.0 0 8.4 14 140 M M 2 24 140
12 84 72 78 6 0 13 0.06 0.0 0 M 12 160 M M 2 8 20 140
13 75 64 70 -2 0 5 0.06 0.0 0 M M M M M M M M
14 75 61 68 -4 0 3 0.00 0.0 0 M M M M M M M M
15 80 70 75 3 0 10 0.00 0.0 0 M M M M M M M M
16 82 69 76 4 0 11 0.00 0.0 0 M 9 110 M M M 17 140
17 84 68 76 3 0 11 0.00 0.0 0 5.1 13 190 M M 1 18 190
18 78 67 73 0 0 8 1.71 0.0 0 7.4 20 300 M M 9 3 36 320
19 69 63 66 -7 0 1 0.04 0.0 0 11.5 18 320 M M 8 30 350
20 69 60 65 -8 0 0 0.00 0.0 0 8.5 14 310 M M 0 23 300
21 72 59 66 -7 0 1 0.00 0.0 0 7.6 13 350 M M 0 22 340
22 76 60 68 -5 0 3 0.00 0.0 0 5.1 12 20 M M 0 20 30
23 78 60 69 -4 0 4 0.00 0.0 0 6.4 15 230 M M 2 26 220
24 75 64 70 -3 0 5 0.11 0.0 0 10.3 20 320 M M 5 18 30 310
25 77 58 68 -5 0 3 0.00 0.0 0 7.2 16 330 M M 0 29 320
26 78 58 68 -5 0 3 0.00 0.0 0 6.9 14 110 M M 1 18 50
27 80 63 72 -1 0 7 0.00 0.0 0 8.5 16 110 M M 2 22 100
28 83 72 78 5 0 13 0.00 0.0 0 9.0 14 120 M M 1 22 130
29 82 68 75 2 0 10 0.00 0.0 0 7.8 14 70 M M 2 19 70
================================================================================
SM 2223 1845 2 158 2.92 0.0 195.5 M 69
================================================================================
AV 76.7 63.6 8.1 FASTST M M 3 MAX(MPH)
MISC ----> 25 270 42 260
================================================================================
NOTES:
# LAST OF SEVERAL OCCURRENCES
COLUMN 17 PEAK WIND IN M.P.H.
PRELIMINARY LOCAL CLIMATOLOGICAL DATA (WS FORM: F-6) , PAGE 2
STATION: MARATHON
MONTH: FEBRUARY
YEAR: 2024
LATITUDE: 24 43 N
LONGITUDE: 81 5 W
[TEMPERATURE DATA] [PRECIPITATION DATA] SYMBOLS USED IN COLUMN 16
AVERAGE MONTHLY: 70.1 TOTAL FOR MONTH: 2.92 1 = FOG OR MIST
DPTR FM NORMAL: -2.2 DPTR FM NORMAL: 1.22 2 = FOG REDUCING VISIBILITY
HIGHEST: 84 ON 17,12 GRTST 24HR 1.75 ON 18-19 TO 1/4 MILE OR LESS
LOWEST: 57 ON 7 3 = THUNDER
SNOW, ICE PELLETS, HAIL 4 = ICE PELLETS
TOTAL MONTH: 0.0 INCH 5 = HAIL
GRTST 24HR 0.0 6 = FREEZING RAIN OR DRIZZLE
GRTST DEPTH: 0 7 = DUSTSTORM OR SANDSTORM:
VSBY 1/2 MILE OR LESS
8 = SMOKE OR HAZE
[NO. OF DAYS WITH] [WEATHER - DAYS WITH] 9 = BLOWING SNOW
X = TORNADO
MAX 32 OR BELOW: 0 0.01 INCH OR MORE: 9
MAX 90 OR ABOVE: 0 0.10 INCH OR MORE: 4
MIN 32 OR BELOW: 0 0.50 INCH OR MORE: 2
MIN 0 OR BELOW: 0 1.00 INCH OR MORE: 1
[HDD (BASE 65) ]
TOTAL THIS MO. 2 CLEAR (SCALE 0-3) 18
DPTR FM NORMAL -13 PTCLDY (SCALE 4-7) 5
TOTAL FM JUL 1 8 CLOUDY (SCALE 8-10) 2
DPTR FM NORMAL -58
[CDD (BASE 65) ]
TOTAL THIS MO. 158
DPTR FM NORMAL -60 [PRESSURE DATA]
TOTAL FM JAN 1 405 HIGHEST SLP 30.27 ON 20
DPTR FM NORMAL -1 LOWEST SLP 29.49 ON 5
[REMARKS]
#FINAL-02-24#
SOME DATES THIS MONTH UTILIZED DATA FROM THE OFFICIAL BACKUP SITE
LOCATED AT CURRY HAMMOCK STATE PARK (SITE ID: MTEF1). THOSE DATES
ARE INDICATED BELOW, ALONG WITH THE OBSERVATION PARAMETER THAT WAS
BACKED UP (INDICATED BY AN X.)
TEMPERATURE :PCPN:
================================
1 2 3 4 5 6A 6B 7
DY MAX MIN AVG DEP HDD CDD WTR
================================
1 X X
2 X X
3 X X
4 X X
5 X X
6 X X
7 X X
8 X X
9 X X
10 X X
11 X X
12 X X
13 X X
14 X X
15 X X
16 X X
17 X X
18 X X
19 X X
20 X X
21 X X
22 X X
23 X X
24 X X
25 X X
26 X X
27 X X
28 X X
29 X X
CORRECTED ALIGNMENT OF SNOW, ICE PELLETS, AND HAIL TABLE
CORRECTED CLOUD COVER DAYS TABLE
CORRECTED HDD DEPARTURE FROM JUL 1
ROSS