000
CXUS53 KILX 011445
CLMMTO
CLIMATE REPORT
NATIONAL WEATHER SERVICE LINCOLN IL
845 AM CST FRI MAR 01 2024
...................................
...THE MATTOON IL AIRPORT CLIMATE SUMMARY FOR THE MONTH OF FEBRUARY 2024...
CLIMATE NORMAL PERIOD 1991 TO 2020
CLIMATE RECORD PERIOD 9999 TO 9999
WEATHER OBSERVED NORMAL DEPART LAST YEAR`S
VALUE DATE(S) VALUE FROM VALUE
NORMAL
..............................................................
TEMPERATURE (F)
RECORD
HIGH MM MM
LOW -7 02/17/2021
HIGHEST 73 02/26 MM MM 69
LOWEST 6 02/17 MM MM 9
AVG. MAXIMUM 50.9 40.3 10.6 49.4
AVG. MINIMUM 29.4 23.7 5.7 28.4
MEAN 40.2 32.0 8.2 38.9
DAYS MAX >= 90 0 0.0 0.0 0
DAYS MAX <= 32 1 7.4 -6.4 3
DAYS MIN <= 32 21 22.3 -1.3 18
DAYS MIN <= 0 0 1.1 -1.1 0
PRECIPITATION (INCHES)
RECORD
MAXIMUM 3.13 2022
MINIMUM 1.73 2021
TOTALS 0.26R 1.81 -1.55 1.84
DAILY AVG. 0.01 NAN NAN 0.07
DAYS >= .01 3 7.9 -4.9 7
DAYS >= .10 2 3.7 -1.7 5
DAYS >= .50 0 1.0 -1.0 0
DAYS >= 1.00 0 0.3 -0.3 0
GREATEST
24 HR. TOTAL 0.14 02/27 TO 02/28 0.74
DEGREE DAYS
HEATING TOTAL 712 924 -212 701
SINCE 7/1 3307 4165 -858 MM
COOLING TOTAL 0 0 0 0
SINCE 1/1 0 0 0 MM
..............................................................
WIND (MPH)
AVERAGE WIND SPEED 10.1
HIGHEST WIND SPEED/DIRECTION 36/280 DATE 02/28
HIGHEST GUST SPEED/DIRECTION 49/270 DATE 02/28
AVERAGE RH (PERCENT) 69
WEATHER CONDITIONS. NUMBER OF DAYS WITH
THUNDERSTORM 2 MIXED PRECIP 0
HEAVY RAIN 0 RAIN 1
LIGHT RAIN 3 FREEZING RAIN 1
LT FREEZING RAIN 1 HAIL 0
HEAVY SNOW 1 SNOW 1
LIGHT SNOW 1 SLEET 0
FOG 9 FOG W/VIS <= 1/4 MILE 3
HAZE 1
- INDICATES NEGATIVE NUMBERS.
R INDICATES RECORD WAS SET OR TIED.
MM INDICATES DATA IS MISSING.
T INDICATES TRACE AMOUNT.
$$