000
CXUS51 KBTV 010700
CF6MVL
PRELIMINARY LOCAL CLIMATOLOGICAL DATA (WS FORM: F-6)
STATION: MORRISVILLE VT
MONTH: JULY
YEAR: 2022
LATITUDE: 44 31 N
LONGITUDE: 72 37 W
TEMPERATURE IN F: :PCPN: SNOW: WIND :SUNSHINE: SKY :PK WND
================================================================================
1 2 3 4 5 6A 6B 7 8 9 10 11 12 13 14 15 16 17 18
12Z AVG MX 2MIN
DY MAX MIN AVG DEP HDD CDD WTR SNW DPTH SPD SPD DIR MIN PSBL S-S WX SPD DR
================================================================================
1 88 53 71 5 0 6 0.00 M M 4.3 17 210 M M 2 3 26 210
2 80 58 69 3 0 4 0.44 M M 4.0 14 310 M M 2 13 23 320
3 76 51 64 -2 1 0 0.00 M M 5.5 15 340 M M 1 19 340
4 77 47 62 -4 3 0 0.00 M M 3.3 16 360 M M 3 21 330
5 70 50 60 -6 5 0 0.31 M M 2.0 10 210 M M 6 1 14 210
6 74 51 63 -4 2 0 0.02 M M 6.4 17 340 M M 6 1 26 320
7 80 49 65 -2 0 0 0.00 M M 1.8 12 170 M M 6 12 19 130
8 80 51 66 -1 0 1 0.00 M M 3.5 14 340 M M 4 20 320
9 72 44 58 -9 7 0 0.00 M M 3.5 14 360 M M 0 19 360
10 79 40 60 -7 5 0 0.00 M M 3.5 12 210 M M 1 12 18 210
11 83 48 66 -1 0 1 0.00 M M 4.1 14 200 M M 0 1 19 170
12 83 59 71 4 0 6 0.51 M M 7.5 20 200 M M 4 12 30 190
13 80 60 70 3 0 5 T M M 4.0 15 10 M M 4 19 340
14 76 52 64 -3 1 0 T M M 2.8 13 330 M M 7 1 17 330
15 81 49 65 -2 0 0 0.00 M M 2.3 14 360 M M 3 12 18 360
16 84 50 67 0 0 2 0.00 M M 2.8 15 200 M M 2 21 200
17 88 54 71 4 0 6 0.00 0.0 0 2.1 9 360 M M 2 12 12 360
18 75 55 65 -2 0 0 0.61 M M 1.9 9 160 M M 6 13 12 160
19 85 66 76 9 0 11 0.45 M M 3.6 17 340 M M 6 1 26 300
20 89 62 76 9 0 11 T M M 2.8 13 200 M M 3 13 19 200
21 89 67 78 11 0 13 T M M 6.1 17 190 M M 3 13 26 200
22 87 58 73 6 0 8 0.00 M M 5.0 15 210 M M 1 21 220
23 88 56 72 5 0 7 T M M 4.4 18 200 M M 2 25 200
24 88 61 75 8 0 10 T M M 6.3 18 190 M M 1 1 27 210
25 82 62 72 5 0 7 0.42 M M 5.5 18 190 M M 6 13 28 210
26 76 54 65 -2 0 0 0.00 M M 4.0 12 190 M M 4 17 190
27 81 50 66 -1 0 1 0.00 M M 2.2 9 360 M M 2 12 12 320
28 85 53 69 2 0 4 0.50 M M 3.5 14 200 M M 4 123 19 210
29 80 55 68 1 0 3 T M M 4.3 14 230 M M 4 12 21 240
30 75 52 64 -3 1 0 T M M 3.2 15 310 M M 6 23 320
31 81 52 67 0 0 2 0.00 M M 2.0 14 190 M M 5 1 17 200
================================================================================
SM 2512 1669 25 108 3.26 0.0 118.2 M 106
================================================================================
AV 81.0 53.8 3.8 FASTST M M 3 MAX(MPH)
MISC ----> 20 200 30 190
================================================================================
NOTES:
# LAST OF SEVERAL OCCURRENCES
COLUMN 17 PEAK WIND IN M.P.H.
PRELIMINARY LOCAL CLIMATOLOGICAL DATA (WS FORM: F-6) , PAGE 2
STATION: MORRISVILLE VT
MONTH: JULY
YEAR: 2022
LATITUDE: 44 31 N
LONGITUDE: 72 37 W
[TEMPERATURE DATA] [PRECIPITATION DATA] SYMBOLS USED IN COLUMN 16
AVERAGE MONTHLY: 67.4 TOTAL FOR MONTH: 3.26 1 = FOG OR MIST
DPTR FM NORMAL: 0.5 DPTR FM NORMAL: -0.95 2 = FOG REDUCING VISIBILITY
HIGHEST: 89 ON 21,20 GRTST 24HR 1.06 ON 18-19 TO 1/4 MILE OR LESS
LOWEST: 40 ON 10 3 = THUNDER
SNOW, ICE PELLETS, HAIL 4 = ICE PELLETS
TOTAL MONTH: 0.0 INCH 5 = HAIL
GRTST 24HR 0.0 6 = FREEZING RAIN OR DRIZZLE
GRTST DEPTH: 0 7 = DUSTSTORM OR SANDSTORM:
VSBY 1/2 MILE OR LESS
8 = SMOKE OR HAZE
[NO. OF DAYS WITH] [WEATHER - DAYS WITH] 9 = BLOWING SNOW
X = TORNADO
MAX 32 OR BELOW: 0 0.01 INCH OR MORE: 8
MAX 90 OR ABOVE: 0 0.10 INCH OR MORE: 7
MIN 32 OR BELOW: 0 0.50 INCH OR MORE: 3
MIN 0 OR BELOW: 0 1.00 INCH OR MORE: 0
[HDD (BASE 65) ]
TOTAL THIS MO. 25 CLEAR (SCALE 0-3) 15
DPTR FM NORMAL -13 PTCLDY (SCALE 4-7) 16
TOTAL FM JUL 1 25 CLOUDY (SCALE 8-10) 0
DPTR FM NORMAL -11
[CDD (BASE 65) ]
TOTAL THIS MO. 108
DPTR FM NORMAL 10 [PRESSURE DATA]
TOTAL FM JAN 1 176 HIGHEST SLP M ON M
DPTR FM NORMAL 25 LOWEST SLP 29.49 ON 21
[REMARKS]
#FINAL-07-22#