000
CXUS51 KBTV 010700
CF6MVL
PRELIMINARY LOCAL CLIMATOLOGICAL DATA (WS FORM: F-6)
STATION: MORRISVILLE VT
MONTH: JUNE
YEAR: 2020
LATITUDE: 44 31 N
LONGITUDE: 72 37 W
TEMPERATURE IN F: :PCPN: SNOW: WIND :SUNSHINE: SKY :PK WND
================================================================================
1 2 3 4 5 6A 6B 7 8 9 10 11 12 13 14 15 16 17 18
12Z AVG MX 2MIN
DY MAX MIN AVG DEP HDD CDD WTR SNW DPTH SPD SPD DIR MIN PSBL S-S WX SPD DR
================================================================================
1 58 34 46 -12 19 0 0.02 M M 3.1 15 320 M M 7 12 23 330
2 65 38 52 -7 13 0 0.01 M M 1.9 7 30 M M 10 12 9 10
3 61 53 57 -2 8 0 0.01 M M 2.1 12 20 M M 10 1 14 10
4 80 55 68 9 0 3 T M M 3.9 14 220 M M 7 20 220
5 87 52 70 10 0 5 0.00 M M 4.3 14 350 M M 3 13 19 300
6 79 55 67 7 0 2 0.15 M M 6.9 21 350 M M 6 13 32 310
7 68 46 57 -3 8 0 0.00 M M 6.9 21 10 M M 8 26 20
8 71 38 55 -5 10 0 0.00 M M 4.7 16 360 M M 2 1 22 360
9 70 50 60 -1 5 0 T M M 1.9 9 360 M M 8 1 11 350
10 77 48 63 2 2 0 T M M 8.5 23 180 M M 4 12 33 200
11 83 50 67 6 0 2 0.31 M M 5.2 15 210 M M 6 1 22 240
12 76 48 62 0 3 0 0.00 M M 6.9 18 190 M M 4 27 220
13 58 46 52 -10 13 0 T M M 5.6 16 20 M M 10 20 340
14 65 47 56 -6 9 0 0.00 M M 2.1 12 30 M M 9 15 360
15 75 40 58 -4 7 0 0.00 M M 2.6 13 360 M M 3 1 17 10
16 82 39 61 -2 4 0 0.00 M M 1.9 10 220 M M 0 1 13 220
17 88 45 67 4 0 2 0.00 M M 1.5 10 10 M M 0 1 13 20
18 91 48 70 7 0 5 0.00 M M 2.4 10 220 M M 0 1 13 210
19 91 53 72 8 0 7 0.00 M M 2.5 8 320 M M 1 14 100
20 93 58 76 12 0 11 0.06 M M 3.0 16 210 M M 2 13 20 210
21 91 61 76 12 0 11 0.00 M M 2.3 16 150 M M 4 123 21 160
22 91 61 76 12 0 11 0.27 M M 4.3 23 210 M M 2 13 32 200
23 89 62 76 11 0 11 0.04 M M 4.7 18 200 M M 3 123 27 180
24 79 56 68 3 0 3 0.24 M M 3.7 17 220 M M 6 1 23 220
25 78 49 64 -1 1 0 0.00 M M 6.1 18 210 M M 3 25 220
26 81 50 66 1 0 1 T M M 2.7 15 200 M M 3 22 270
27 80 53 67 1 0 2 T M M 2.1 14 200 M M 3 20 200
28 80 58 69 3 0 4 1.22 M M 2.1 16 170 M M 6 13 19 170
29 70 61 66 0 0 1 0.33 M M 5.2 12 20 M M 10 12 15 10
30 77 62 70 4 0 5 0.17 M M 3.9 16 50 M M 8 13 23 60
================================================================================
SM 2334 1516 102 86 2.83 M 115.0 M 148
================================================================================
AV 77.8 50.5 3.8 FASTST M M 5 MAX(MPH)
MISC ----> # 23 180 33 200
================================================================================
NOTES:
# LAST OF SEVERAL OCCURRENCES
COLUMN 17 PEAK WIND IN M.P.H.
PRELIMINARY LOCAL CLIMATOLOGICAL DATA (WS FORM: F-6) , PAGE 2
STATION: MORRISVILLE VT
MONTH: JUNE
YEAR: 2020
LATITUDE: 44 31 N
LONGITUDE: 72 37 W
[TEMPERATURE DATA] [PRECIPITATION DATA] SYMBOLS USED IN COLUMN 16
AVERAGE MONTHLY: 64.2 TOTAL FOR MONTH: 2.83 1 = FOG OR MIST
DPTR FM NORMAL: 1.7 DPTR FM NORMAL: -1.15 2 = FOG REDUCING VISIBILITY
HIGHEST: 93 ON 20 GRTST 24HR 1.22 ON 27-28 TO 1/4 MILE OR LESS
LOWEST: 34 ON 1 3 = THUNDER
SNOW, ICE PELLETS, HAIL 4 = ICE PELLETS
TOTAL MONTH: M 5 = HAIL
GRTST 24HR M ON M 6 = FREEZING RAIN OR DRIZZLE
GRTST DEPTH: M ON M 7 = DUSTSTORM OR SANDSTORM:
VSBY 1/2 MILE OR LESS
8 = SMOKE OR HAZE
[NO. OF DAYS WITH] [WEATHER - DAYS WITH] 9 = BLOWING SNOW
X = TORNADO
MAX 32 OR BELOW: 0 0.01 INCH OR MORE: 12
MAX 90 OR ABOVE: 5 0.10 INCH OR MORE: 7
MIN 32 OR BELOW: 0 0.50 INCH OR MORE: 1
MIN 0 OR BELOW: 0 1.00 INCH OR MORE: 1
[HDD (BASE 65) ]
TOTAL THIS MO. 102 CLEAR (SCALE 0-3) 10
DPTR FM NORMAL -21 PTCLDY (SCALE 4-7) 14
TOTAL FM JUL 1 7983 CLOUDY (SCALE 8-10) 6
DPTR FM NORMAL -273
[CDD (BASE 65) ]
TOTAL THIS MO. 86
DPTR FM NORMAL 38 [PRESSURE DATA]
TOTAL FM JAN 1 121 HIGHEST SLP M ON M
DPTR FM NORMAL 65 LOWEST SLP 29.54 ON 3
[REMARKS]
#FINAL-06-20#