000
CXUS56 KOTX 010910
CF6MWH
PRELIMINARY LOCAL CLIMATOLOGICAL DATA (WS FORM: F-6)
STATION: MOSES LAKE WA AIRPORT
MONTH: JULY
YEAR: 2022
LATITUDE: 47 12 N
LONGITUDE: 119 19 W
TEMPERATURE IN F: :PCPN: SNOW: WIND :SUNSHINE: SKY :PK WND
================================================================================
1 2 3 4 5 6A 6B 7 8 9 10 11 12 13 14 15 16 17 18
12Z AVG MX 2MIN
DY MAX MIN AVG DEP HDD CDD WTR SNW DPTH SPD SPD DIR MIN PSBL S-S WX SPD DR
================================================================================
1 90 53 72 2 0 7 0.00 M M 7.0 15 250 M M 0 19 240
2 90 56 73 3 0 8 0.00 M M 6.2 29 130 M M 1 34 130
3 78 59 69 -2 0 4 0.18 M M 8.2 20 160 M M 3 13 23 150
4 79 57 68 -3 0 3 0.00 M M 9.8 20 10 M M 2 24 170
5 85 52 69 -2 0 4 T M M 8.4 15 340 M M 2 18 340
6 82 62 72 0 0 7 0.38 M M 6.6 15 340 M M 6 13 18 330
7 80 60 70 -2 0 5 0.99 M M 5.8 13 200 M M 5 13 17 200
8 85 56 71 -1 0 6 0.00 M M 4.5 15 250 M M 0 19 240
9 85 59 72 0 0 7 0.00 M M 8.2 18 250 M M 0 22 250
10 86 60 73 0 0 8 0.00 M M 8.8 16 230 M M 0 19 220
11 92 55 74 1 0 9 0.00 M M 4.1 15 200 M M 0 19 210
12 97 58 78 5 0 13 0.00 M M 6.1 17 10 M M 0 20 360
13 92 66 79 6 0 14 0.00 M M 6.5 15 240 M M 0 18 240
14 91 58 75 1 0 10 0.00 M M 5.1 13 200 M M 0 16 200
15 93 55 74 0 0 9 0.00 M M 7.6 17 180 M M 0 23 180
16 92 59 76 2 0 11 0.00 M M 6.4 14 150 M M 0 23 190
17 85 60 73 -1 0 8 0.00 M M 9.5 17 210 M M 0 23 190
18 85 56 71 -3 0 6 0.00 M M 8.9 16 210 M M 1 22 170
19 92 54 73 -1 0 8 0.00 M M 6.3 14 180 M M 0 20 180
20 97 59 78 3 0 13 0.00 M M 5.0 15 170 M M 0 19 180
21 97 58 78 3 0 13 0.00 M M 5.0 16 220 M M 0 19 220
22 92 63 78 3 0 13 0.00 M M 7.8 17 150 M M 0 23 170
23 91 57 74 -1 0 9 0.00 M M 4.6 12 360 M M 0 16 10
24 99 60 80 5 0 15 0.00 M M 5.1 18 220 M M 0 21 220
25 100 62 81 6 0 16 0.00 M M 5.8 14 210 M M 0 18 210
26 102 66 84 9 0 19 0.00 M M 6.0 13 220 M M 0 18 40
27 105 69 87 12 0 22 0.00 M M 6.4 15 230 M M 0 19 20
28 107 68 88 13 0 23 0.00 M M 5.3 12 190 M M 0 15 220
29 107 69 88 13 0 23 0.00 M M 6.5 14 200 M M 0 17 230
30 105 68 87 12 0 22 0.00 M M 4.9 16 210 M M 0 20 200
31 105 62 84 9 0 19 0.00 M M 5.4 14 190 M M 0 18 210
================================================================================
SM 2866 1856 0 354 1.55 M 201.8 M 20
================================================================================
AV 92.5 59.9 6.5 FASTST M M 1 MAX(MPH)
MISC ----> 29 130 34 130
================================================================================
NOTES:
# LAST OF SEVERAL OCCURRENCES
COLUMN 17 PEAK WIND IN M.P.H.
PRELIMINARY LOCAL CLIMATOLOGICAL DATA (WS FORM: F-6) , PAGE 2
STATION: MOSES LAKE WA AIRPORT
MONTH: JULY
YEAR: 2022
LATITUDE: 47 12 N
LONGITUDE: 119 19 W
[TEMPERATURE DATA] [PRECIPITATION DATA] SYMBOLS USED IN COLUMN 16
AVERAGE MONTHLY: 76.2 TOTAL FOR MONTH: 1.55 1 = FOG OR MIST
DPTR FM NORMAL: 2.8 DPTR FM NORMAL: 1.29 2 = FOG REDUCING VISIBILITY
HIGHEST: 107 ON 29,28 GRTST 24HR 1.17 ON 6- 7 TO 1/4 MILE OR LESS
LOWEST: 52 ON 5 3 = THUNDER
SNOW, ICE PELLETS, HAIL 4 = ICE PELLETS
TOTAL MONTH: M 5 = HAIL
GRTST 24HR M ON M 6 = FREEZING RAIN OR DRIZZLE
GRTST DEPTH: M ON M 7 = DUSTSTORM OR SANDSTORM:
VSBY 1/2 MILE OR LESS
8 = SMOKE OR HAZE
[NO. OF DAYS WITH] [WEATHER - DAYS WITH] 9 = BLOWING SNOW
X = TORNADO
MAX 32 OR BELOW: 0 0.01 INCH OR MORE: 3
MAX 90 OR ABOVE: 21 0.10 INCH OR MORE: 3
MIN 32 OR BELOW: 0 0.50 INCH OR MORE: 1
MIN 0 OR BELOW: 0 1.00 INCH OR MORE: 0
[HDD (BASE 65) ]
TOTAL THIS MO. 0 CLEAR (SCALE 0-3) 29
DPTR FM NORMAL -6 PTCLDY (SCALE 4-7) 2
TOTAL FM JUL 1 0 CLOUDY (SCALE 8-10) 0
DPTR FM NORMAL -3
[CDD (BASE 65) ]
TOTAL THIS MO. 354
DPTR FM NORMAL 86 [PRESSURE DATA]
TOTAL FM JAN 1 441 HIGHEST SLP M ON M
DPTR FM NORMAL 50 LOWEST SLP 29.66 ON 2
[REMARKS]
#FINAL-07-22#