000
CXUS56 KOTX 010910
CF6MWH
PRELIMINARY LOCAL CLIMATOLOGICAL DATA (WS FORM: F-6)
STATION: MOSES LAKE WA AIRPORT
MONTH: MARCH
YEAR: 2022
LATITUDE: 47 12 N
LONGITUDE: 119 19 W
TEMPERATURE IN F: :PCPN: SNOW: WIND :SUNSHINE: SKY :PK WND
================================================================================
1 2 3 4 5 6A 6B 7 8 9 10 11 12 13 14 15 16 17 18
12Z AVG MX 2MIN
DY MAX MIN AVG DEP HDD CDD WTR SNW DPTH SPD SPD DIR MIN PSBL S-S WX SPD DR
================================================================================
1 64 34 49 10 16 0 T M M 4.7 17 240 M M 4 1 22 240
2 53 38 46 6 19 0 0.00 M M 2.3 10 340 M M 8 12 330
3 55 32 44 4 21 0 0.10 M M 4.4 18 10 M M 5 12 21 10
4 53 27 40 0 25 0 0.00 M M 4.6 17 30 M M 3 20 30
5 53 29 41 1 24 0 0.00 M M 10.6 24 360 M M 0 28 10
6 54 31 43 2 22 0 0.00 M M 9.8 24 360 M M 0 33 360
7 60 30 45 4 20 0 0.00 M M 6.6 21 330 M M 0 25 330
8 49 33 41 0 24 0 0.00 M M 10.1 20 310 M M 8 26 340
9 42 23 33 -9 32 0 0.00 M M 7.6 20 10 M M 2 26 30
10 44 20 32 -10 33 0 0.00 M M 4.2 12 170 M M 2 13 160
11 45 26 36 -6 29 0 0.00 M M 3.5 8 350 M M 4 9 350
12 59 30 45 3 20 0 0.02 M M 3.8 13 230 M M 2 24 340
13 58 40 49 6 16 0 0.01 M M 9.3 17 240 M M 4 22 220
14 57 43 50 7 15 0 0.15 M M 10.2 17 180 M M 9 23 220
15 59 39 49 6 16 0 0.00 M M 11.3 24 260 M M 2 33 240
16 58 34 46 2 19 0 0.00 M M 7.6 16 250 M M 1 21 170
17 50 27 39 -5 26 0 0.00 M M 4.5 9 190 M M 3 12 190
18 56 30 43 -1 22 0 0.00 M M 5.8 15 180 M M 1 21 160
19 57 37 47 3 18 0 0.04 M M 9.0 21 270 M M 4 27 260
20 53 29 41 -3 24 0 0.00 M M 9.1 22 250 M M 3 26 250
21 52 39 46 1 19 0 0.02 M M 7.7 15 150 M M 9 18 160
22 63 43 53 8 12 0 T M M 4.3 9 10 M M 5 12 180
23 66 40 53 8 12 0 0.00 M M 7.7 22 290 M M 2 27 290
24 60 31 46 1 19 0 0.00 M M 5.9 18 310 M M 0 22 310
25 61 36 49 3 16 0 0.00 M M 3.5 9 130 M M 0 12 250
26 65 38 52 6 13 0 0.00 M M 4.3 10 350 M M 2 12 180
27 72 46 59 13 6 0 0.00 M M 7.2 13 180 M M 0 16 10
28 72 40 56 10 9 0 0.00 M M 7.3 18 330 M M 2 23 330
29 66 41 54 8 11 0 0.00 M M 8.5 18 350 M M 0 22 320
30 63 42 53 7 12 0 0.00 M M 11.0 24 300 M M 1 32 300
31 58 34 46 -1 19 0 0.00 M M 6.9 17 240 M M 2 21 250
================================================================================
SM 1777 1062 589 0 0.34 M 213.3 M 88
================================================================================
AV 57.3 34.3 6.9 FASTST M M 3 MAX(MPH)
MISC ----> # 24 360 # 33 360
================================================================================
NOTES:
# LAST OF SEVERAL OCCURRENCES
COLUMN 17 PEAK WIND IN M.P.H.
PRELIMINARY LOCAL CLIMATOLOGICAL DATA (WS FORM: F-6) , PAGE 2
STATION: MOSES LAKE WA AIRPORT
MONTH: MARCH
YEAR: 2022
LATITUDE: 47 12 N
LONGITUDE: 119 19 W
[TEMPERATURE DATA] [PRECIPITATION DATA] SYMBOLS USED IN COLUMN 16
AVERAGE MONTHLY: 45.8 TOTAL FOR MONTH: 0.34 1 = FOG OR MIST
DPTR FM NORMAL: 2.5 DPTR FM NORMAL: -0.39 2 = FOG REDUCING VISIBILITY
HIGHEST: 72 ON 28,27 GRTST 24HR 0.15 ON 14-14 TO 1/4 MILE OR LESS
LOWEST: 20 ON 10 3 = THUNDER
SNOW, ICE PELLETS, HAIL 4 = ICE PELLETS
TOTAL MONTH: M 5 = HAIL
GRTST 24HR M ON M 6 = FREEZING RAIN OR DRIZZLE
GRTST DEPTH: M ON M 7 = DUSTSTORM OR SANDSTORM:
VSBY 1/2 MILE OR LESS
8 = SMOKE OR HAZE
[NO. OF DAYS WITH] [WEATHER - DAYS WITH] 9 = BLOWING SNOW
X = TORNADO
MAX 32 OR BELOW: 0 0.01 INCH OR MORE: 6
MAX 90 OR ABOVE: 0 0.10 INCH OR MORE: 2
MIN 32 OR BELOW: 13 0.50 INCH OR MORE: 0
MIN 0 OR BELOW: 0 1.00 INCH OR MORE: 0
[HDD (BASE 65) ]
TOTAL THIS MO. 589 CLEAR (SCALE 0-3) 21
DPTR FM NORMAL -84 PTCLDY (SCALE 4-7) 7
TOTAL FM JUL 1 5103 CLOUDY (SCALE 8-10) 3
DPTR FM NORMAL 3
[CDD (BASE 65) ]
TOTAL THIS MO. 0
DPTR FM NORMAL 0 [PRESSURE DATA]
TOTAL FM JAN 1 0 HIGHEST SLP M ON M
DPTR FM NORMAL 0 LOWEST SLP 29.57 ON 27
[REMARKS]
#FINAL-03-22#