000
CXUS54 KFWD 072153
CF6MWL
PRELIMINARY LOCAL CLIMATOLOGICAL DATA (WS FORM: F-6)
STATION: MINERAL WELLS
MONTH: AUGUST
YEAR: 2022
LATITUDE: 32 46 N
LONGITUDE: 98 4 W
TEMPERATURE IN F: :PCPN: SNOW: WIND :SUNSHINE: SKY :PK WND
================================================================================
1 2 3 4 5 6A 6B 7 8 9 10 11 12 13 14 15 16 17 18
12Z AVG MX 2MIN
DY MAX MIN AVG DEP HDD CDD WTR SNW DPTH SPD SPD DIR MIN PSBL S-S WX SPD DR
================================================================================
1 103 81 92 7 0 27 0.00 M M 9.6 18 130 M M 0 25 130
2 106 76 91 6 0 26 0.00 M M 10.0 20 220 M M 0 29 220
3 107 81 94 9 0 29 0.00 M M 10.3 20 190 M M 0 28 210
4 106 79 93 8 0 28 0.00 M M 9.1 17 120 M M 0 25 100
5 106 76 91 6 0 26 T M M 9.4 18 130 M M 0 24 140
6 102 78 90 5 0 25 0.00 M M 10.5 18 120 M M 0 24 110
7 102 77 90 5 0 25 0.00 M M 10.5 21 140 M M 1 35 150
8 104 77 91 6 0 26 0.00 M M 7.7 15 140 M M 1 22 200
9 101 79 90 5 0 25 T M M 5.9 20 130 M M 2 3 26 140
10 96 73 85 1 0 20 0.15 M M 5.8 24 330 M M 3 3 32 330
11 102 72 87 3 0 22 0.00 M M 4.7 18 50 M M 0 27 60
12 100 74 87 3 0 22 0.00 M M 6.1 17 60 M M 2 24 50
13 103 77 90 6 0 25 0.00 M M 6.8 16 80 M M 1 26 40
14 102 74 88 4 0 23 0.00 M M 7.7 18 130 M M 1 27 120
15 101 73 87 3 0 22 0.00 M M 7.9 18 150 M M 0 24 160
16 102 75 89 5 0 24 0.00 M M 6.4 16 170 M M 0 20 170
17 105 73 89 5 0 24 0.01 M M 8.3 33 120 M M 1 3 48 120
18 89 71 80 -4 0 15 0.00 M M 5.6 17 360 M M 2 22 350
19 98 71 85 2 0 20 0.00 M M 6.0 16 110 M M 3 18 21 120
20 92 73 83 0 0 18 0.00 M M 10.4 20 120 M M 2 28 110
21 93 76 85 2 0 20 0.03 M M 9.5 18 80 M M 5 1 24 80
22 83 74 79 -4 0 14 1.03 M M 7.4 15 30 M M 9 13 20 50
23 85 72 79 -4 0 14 0.02 M M 6.4 17 20 M M 8 24 30
24 92 74 83 1 0 18 T M M 5.7 15 60 M M 6 21 60
25 96 70 83 1 0 18 0.00 M M 5.6 16 70 M M 1 23 40
26 95 71 83 1 0 18 0.00 M M 5.5 14 120 M M 2 20 150
27 100 73 87 5 0 22 0.00 M M 7.0 15 110 M M 1 21 150
28 100 75 88 6 0 23 0.00 M M 11.5 22 120 M M 1 29 120
29 97 75 86 5 0 21 T M M 9.7 24 20 M M 2 3 33 40
30 88 73 81 0 0 16 0.03 M M 5.3 15 90 M M 4 3 19 90
31 87 73 80 -1 0 15 0.14 M M 4.6 17 150 M M 6 123 22 160
================================================================================
SM 3043 2316 0 671 1.41 M 236.9 M 64
================================================================================
AV 98.2 74.7 7.6 FASTST M M 2 MAX(MPH)
MISC ----> 33 120 48 120
================================================================================
NOTES:
# LAST OF SEVERAL OCCURRENCES
COLUMN 17 PEAK WIND IN M.P.H.
PRELIMINARY LOCAL CLIMATOLOGICAL DATA (WS FORM: F-6) , PAGE 2
STATION: MINERAL WELLS
MONTH: AUGUST
YEAR: 2022
LATITUDE: 32 46 N
LONGITUDE: 98 4 W
[TEMPERATURE DATA] [PRECIPITATION DATA] SYMBOLS USED IN COLUMN 16
AVERAGE MONTHLY: 86.4 TOTAL FOR MONTH: 1.41 1 = FOG OR MIST
DPTR FM NORMAL: 2.9 DPTR FM NORMAL: -1.08 2 = FOG REDUCING VISIBILITY
HIGHEST: 107 ON 3 GRTST 24HR 1.06 ON 21-22 TO 1/4 MILE OR LESS
LOWEST: 70 ON 25 3 = THUNDER
SNOW, ICE PELLETS, HAIL 4 = ICE PELLETS
TOTAL MONTH: M 5 = HAIL
GRTST 24HR M ON M 6 = FREEZING RAIN OR DRIZZLE
GRTST DEPTH: M ON M 7 = DUSTSTORM OR SANDSTORM:
VSBY 1/2 MILE OR LESS
8 = SMOKE OR HAZE
[NO. OF DAYS WITH] [WEATHER - DAYS WITH] 9 = BLOWING SNOW
X = TORNADO
MAX 32 OR BELOW: 0 0.01 INCH OR MORE: 7
MAX 90 OR ABOVE: 26 0.10 INCH OR MORE: 3
MIN 32 OR BELOW: 0 0.50 INCH OR MORE: 1
MIN 0 OR BELOW: 0 1.00 INCH OR MORE: 1
[HDD (BASE 65) ]
TOTAL THIS MO. 0 CLEAR (SCALE 0-3) 24
DPTR FM NORMAL 0 PTCLDY (SCALE 4-7) 5
TOTAL FM JUL 1 0 CLOUDY (SCALE 8-10) 2
DPTR FM NORMAL 0
[CDD (BASE 65) ]
TOTAL THIS MO. 671
DPTR FM NORMAL 98 [PRESSURE DATA]
TOTAL FM JAN 1 2668 HIGHEST SLP 30.09 ON 10
DPTR FM NORMAL 671 LOWEST SLP 29.68 ON 28
[REMARKS]
#FINAL-08-22#