000
CXUS54 KFWD 010830
CF6MWL
PRELIMINARY LOCAL CLIMATOLOGICAL DATA (WS FORM: F-6)
STATION: MINERAL WELLS
MONTH: FEBRUARY
YEAR: 2021
LATITUDE: 32 46 N
LONGITUDE: 98 4 W
TEMPERATURE IN F: :PCPN: SNOW: WIND :SUNSHINE: SKY :PK WND
================================================================================
1 2 3 4 5 6A 6B 7 8 9 10 11 12 13 14 15 16 17 18
12Z AVG MX 2MIN
DY MAX MIN AVG DEP HDD CDD WTR SNW DPTH SPD SPD DIR MIN PSBL S-S WX SPD DR
================================================================================
1 62 31 47 0 18 0 0.00 M M 5.8 12 340 M M 0 17 340
2 67 32 50 3 15 0 0.00 M M 9.3 18 150 M M 0 24 180
3 77 41 59 12 6 0 0.00 M M 14.3 22 170 M M 0 31 170
4 62 41 52 5 13 0 0.00 M M 12.4 29 330 M M 0 38 330
5 60 35 48 1 17 0 0.00 M M 5.6 14 130 M M 4 20 130
6 62 38 50 3 15 0 0.00 M M 11.3 25 320 M M 3 34 300
7 64 30 47 -1 18 0 0.00 M M 9.9 20 140 M M 3 12 26 150
8 67 34 51 3 14 0 0.00 M M 12.2 18 340 M M 5 23 340
9 34 26 30 -18 35 0 0.00 M M 10.1 17 320 M M 10 1 21 330
10 30 25 28 -20 37 0 T M M 12.4 20 350 M M 10 16 24 350
11 29 22 26 -22 39 0 0.00 0.0 0 13.8 21 350 M M 10 1 28 350
12 28 20 24 -24 41 0 T 0.0 0 13.2 20 360 M M 10 18 27 360
13 31 18 25 -24 40 0 0.00 M M 13.4 22 350 M M 10 1 28 360
14 24 5 15 -34 50 0 0.02 M M 15.9 25 340 M M 10 128 32 340
15 13 1 7 -42 58 0 T M M 14.0 26 320 M M 2 35 350
16 18 -4 7 -42 58 0 T M M 7.0 22 120 M M 4 18 27 130
17 27 18 23 -27 42 0 T M M 8.9 14 350 M M 10 18 19 340
18 30 18 24 -26 41 0 0.00 M M 12.6 22 350 M M 4 28 350
19 46 12 29 -21 36 0 0.00 M M 6.4 15 140 M M 0 19 140
20 62 25 44 -6 21 0 0.00 M M 12.5 23 140 M M 0 1 30 160
21 71 43 57 7 8 0 0.00 M M 12.9 28 160 M M 3 39 180
22 74 30 52 1 13 0 0.00 M M 6.7 21 220 M M 0 27 220
23 82 37 60 9 5 0 0.00 0.0 M 12.4 25 200 M M 0 35 190
24 69 46 58 7 7 0 0.00 M M 11.1 24 330 M M 0 31 350
25 50 44 47 -5 18 0 0.33 M M 7.3 16 50 M M 7 13 20 50
26 62 44 53 1 12 0 0.19 M M 6.2 13 140 M M 7 13 16 140
27 67 50 59 7 6 0 0.01 M M 8.6 14 140 M M 7 12 17 140
28 65 49 57 5 8 0 0.24 M M 9.3 22 320 M M 6 13 28 320
================================================================================
SM 1433 811 691 0 0.79 0.0 295.5 M 125
================================================================================
AV 51.2 29.0 10.6 FASTST M M 4 MAX(MPH)
MISC ----> 29 330 39 180
================================================================================
NOTES:
# LAST OF SEVERAL OCCURRENCES
COLUMN 17 PEAK WIND IN M.P.H.
PRELIMINARY LOCAL CLIMATOLOGICAL DATA (WS FORM: F-6) , PAGE 2
STATION: MINERAL WELLS
MONTH: FEBRUARY
YEAR: 2021
LATITUDE: 32 46 N
LONGITUDE: 98 4 W
[TEMPERATURE DATA] [PRECIPITATION DATA] SYMBOLS USED IN COLUMN 16
AVERAGE MONTHLY: 40.1 TOTAL FOR MONTH: 0.79 1 = FOG OR MIST
DPTR FM NORMAL: -9.1 DPTR FM NORMAL: -1.35 2 = FOG REDUCING VISIBILITY
HIGHEST: 82 ON 23 GRTST 24HR 0.52 ON 25-26 TO 1/4 MILE OR LESS
LOWEST: -4 ON 16 3 = THUNDER
SNOW, ICE PELLETS, HAIL 4 = ICE PELLETS
TOTAL MONTH: 0.0 INCH 5 = HAIL
GRTST 24HR 0.0 6 = FREEZING RAIN OR DRIZZLE
GRTST DEPTH: 0 7 = DUSTSTORM OR SANDSTORM:
VSBY 1/2 MILE OR LESS
8 = SMOKE OR HAZE
[NO. OF DAYS WITH] [WEATHER - DAYS WITH] 9 = BLOWING SNOW
X = TORNADO
MAX 32 OR BELOW: 9 0.01 INCH OR MORE: 5
MAX 90 OR ABOVE: 0 0.10 INCH OR MORE: 3
MIN 32 OR BELOW: 16 0.50 INCH OR MORE: 0
MIN 0 OR BELOW: 1 1.00 INCH OR MORE: 0
[HDD (BASE 65) ]
TOTAL THIS MO. 691 CLEAR (SCALE 0-3) 13
DPTR FM NORMAL 243 PTCLDY (SCALE 4-7) 8
TOTAL FM JUL 1 2198 CLOUDY (SCALE 8-10) 7
DPTR FM NORMAL 101
[CDD (BASE 65) ]
TOTAL THIS MO. 0
DPTR FM NORMAL -4 [PRESSURE DATA]
TOTAL FM JAN 1 0 HIGHEST SLP 30.56 ON 19
DPTR FM NORMAL -1 LOWEST SLP 29.61 ON 4
[REMARKS]
#FINAL-02-21#