000
CXUS54 KLZK 011230
CF6MWT
PRELIMINARY LOCAL CLIMATOLOGICAL DATA (WS FORM: F-6)
STATION: MOUNT IDA
MONTH: OCTOBER
YEAR: 2022
LATITUDE: 34 32 N
LONGITUDE: 93 35 W
TEMPERATURE IN F: :PCPN: SNOW: WIND :SUNSHINE: SKY :PK WND
================================================================================
1 2 3 4 5 6A 6B 7 8 9 10 11 12 13 14 15 16 17 18
12Z AVG MX 2MIN
DY MAX MIN AVG DEP HDD CDD WTR SNW DPTH SPD SPD DIR MIN PSBL S-S WX SPD DR
================================================================================
1 84 40 62 -6 3 0 0.00 0.0 0 1.2 9 10 M M 0 15 360
2 85 41 63 -4 2 0 0.00 0.0 0 1.2 9 110 M M 0 13 120
3 86 45 66 -1 0 1 0.00 0.0 0 1.1 9 90 M M 0 8 15 100
4 84 46 65 -2 0 0 0.00 0.0 M 1.1 9 100 M M 0 15 110
5 88 45 67 1 0 2 0.00 0.0 M 0.9 7 50 M M 0 13 10
6 90 51 71 5 0 6 0.00 0.0 0 1.6 12 320 M M 0 19 290
7 87 50 69 3 0 4 0.00 0.0 0 1.5 9 110 M M 3 13 50
8 78 51 65 0 0 0 T 0.0 0 2.0 8 110 M M 2 13 30
9 82 48 65 0 0 0 0.00 0.0 M 1.0 10 300 M M 3 16 270
10 84 52 68 4 0 3 0.00 0.0 M 0.8 7 260 M M 2 10 270
11 84 61 73 9 0 8 T 0.0 0 2.8 12 130 M M 2 18 130
12 87 56 72 8 0 7 T 0.0 0 4.1 12 240 M M 2 20 200
13 80 45 63 0 2 0 0.00 0.0 M 2.3 12 310 M M 0 18 310
14 87 40 64 1 1 0 0.00 0.0 0 2.6 13 270 M M 0 23 240
15 91 58 75 13 0 10 0.00 0.0 M 4.2 12 230 M M 1 22 230
16 81 57 69 7 0 4 0.89 0.0 0 3.0 15 310 M M 3 28 320
17 67 41 54 -8 11 0 0.00 0.0 0 3.1 14 300 M M 1 22 320
18 57 31 44 -17 21 0 0.00 0.0 0 2.4 12 300 M M 0 19 330
19 62 26 44 -17 21 0 0.00 0.0 0 1.9 8 330 M M 0 12 320
20 76 30 53 -8 12 0 0.00 0.0 0 0.9 9 110 M M 0 14 140
21 83 39 61 1 4 0 0.00 0.0 0 1.5 10 220 M M 0 17 110
22 81 64 73 13 0 8 0.00 0.0 0 5.0 16 140 M M 1 28 130
23 83 68 76 16 0 11 0.00 0.0 M 5.6 14 120 M M 7 26 110
24 81 61 71 12 0 6 0.97 0.0 0 5.6 14 120 M M 9 1 25 170
25 68 42 55 -4 10 0 0.87 0.0 0 5.0 17 290 M M 5 1 29 260
26 71 36 54 -5 11 0 0.00 0.0 0 1.4 9 110 M M 0 12 120
27 67 34 51 -7 14 0 0.00 0.0 0 1.2 9 110 M M 0 13 110
28 66 44 55 -3 10 0 0.15 0.0 0 0.4 6 50 M M 3 1 10 30
29 59 56 58 0 7 0 2.26 0.0 0 0.3 7 10 M M 10 1 11 350
30 64 56 60 3 5 0 0.14 0.0 0 0.8 8 290 M M 10 1 14 310
31 76 48 62 5 3 0 0.00 0.0 0 1.1 8 300 M M 1 1 12 280
================================================================================
SM 2419 1462 137 70 5.28 0.0 67.6 M 65
================================================================================
AV 78.0 47.2 2.2 FASTST M M 2 MAX(MPH)
MISC ----> 17 290 29 260
================================================================================
NOTES:
# LAST OF SEVERAL OCCURRENCES
COLUMN 17 PEAK WIND IN M.P.H.
PRELIMINARY LOCAL CLIMATOLOGICAL DATA (WS FORM: F-6) , PAGE 2
STATION: MOUNT IDA
MONTH: OCTOBER
YEAR: 2022
LATITUDE: 34 32 N
LONGITUDE: 93 35 W
[TEMPERATURE DATA] [PRECIPITATION DATA] SYMBOLS USED IN COLUMN 16
AVERAGE MONTHLY: 62.6 TOTAL FOR MONTH: 5.28 1 = FOG OR MIST
DPTR FM NORMAL: 0.4 DPTR FM NORMAL: 0.84 2 = FOG REDUCING VISIBILITY
HIGHEST: 91 ON 15 GRTST 24HR 2.38 ON 28-29 TO 1/4 MILE OR LESS
LOWEST: 26 ON 19 3 = THUNDER
SNOW, ICE PELLETS, HAIL 4 = ICE PELLETS
TOTAL MONTH: 0.0 INCH 5 = HAIL
GRTST 24HR 0.0 6 = FREEZING RAIN OR DRIZZLE
GRTST DEPTH: 0 7 = DUSTSTORM OR SANDSTORM:
VSBY 1/2 MILE OR LESS
8 = SMOKE OR HAZE
[NO. OF DAYS WITH] [WEATHER - DAYS WITH] 9 = BLOWING SNOW
X = TORNADO
MAX 32 OR BELOW: 0 0.01 INCH OR MORE: 6
MAX 90 OR ABOVE: 2 0.10 INCH OR MORE: 6
MIN 32 OR BELOW: 3 0.50 INCH OR MORE: 4
MIN 0 OR BELOW: 0 1.00 INCH OR MORE: 1
[HDD (BASE 65) ]
TOTAL THIS MO. 137 CLEAR (SCALE 0-3) 24
DPTR FM NORMAL -19 PTCLDY (SCALE 4-7) 4
TOTAL FM JUL 1 143 CLOUDY (SCALE 8-10) 3
DPTR FM NORMAL -24
[CDD (BASE 65) ]
TOTAL THIS MO. 70
DPTR FM NORMAL 1 [PRESSURE DATA]
TOTAL FM JAN 1 2272 HIGHEST SLP 30.40 ON 8
DPTR FM NORMAL 353 LOWEST SLP 29.52 ON 25
[REMARKS]
#FINAL-10-22#