000
CXUS56 KSGX 011045
CF6MYF
PRELIMINARY LOCAL CLIMATOLOGICAL DATA (WS FORM: F-6)
STATION: SAN DIEGO/MONTGOMERY FLD CA
MONTH: MAY
YEAR: 2021
LATITUDE: 32 49 N
LONGITUDE: 117 9 W
TEMPERATURE IN F: :PCPN: SNOW: WIND :SUNSHINE: SKY :PK WND
================================================================================
1 2 3 4 5 6A 6B 7 8 9 10 11 12 13 14 15 16 17 18
12Z AVG MX 2MIN
DY MAX MIN AVG DEP HDD CDD WTR SNW DPTH SPD SPD DIR MIN PSBL S-S WX SPD DR
================================================================================
1 72 58 65 2 0 0 0.00 M M 6.9 15 220 M M 6 18 18 200
2 62 56 59 -4 6 0 0.06 M M 8.0 15 210 M M 10 18 21 200
3 72 58 65 1 0 0 0.00 M M 5.3 14 300 M M 5 21 290
4 78 59 69 5 0 4 0.00 M M 4.0 13 230 M M 3 18 16 240
5 80 57 69 5 0 4 0.00 M M 4.3 15 220 M M 4 18 19 250
6 69 58 64 0 1 0 0.00 M M 4.9 15 230 M M 7 21 230
7 69 58 64 0 1 0 0.00 M M 5.6 13 250 M M 6 22 250
8 68 59 64 0 1 0 0.00 M M 6.6 14 240 M M 6 20 250
9 71 58 65 1 0 0 0.00 M M 5.0 13 240 M M 7 8 18 270
10 67 58 63 -1 2 0 0.00 M M 5.4 15 190 M M 8 19 190
11 69 57 63 -1 2 0 0.00 M M 4.6 14 230 M M 6 19 280
12 71 59 65 1 0 0 0.00 M M 5.9 14 250 M M 9 18 260
13 72 60 66 2 0 1 0.00 M M 5.6 13 290 M M 6 8 18 290
14 72 60 66 2 0 1 0.00 M M 5.5 15 250 M M 7 19 250
15 68 59 64 0 1 0 0.00 M M 7.1 16 240 M M 9 20 260
16 64 57 61 -3 4 0 0.02 M M 7.3 13 260 M M 10 18 17 240
17 67 57 62 -2 3 0 T M M 7.2 15 280 M M 10 18 18 270
18 70 58 64 0 1 0 0.00 M M 5.6 15 250 M M 7 20 240
19 72 60 66 1 0 1 0.00 M M 5.9 15 250 M M 7 8 19 250
20 65 57 61 -4 4 0 0.00 M M 7.9 16 200 M M 9 21 210
21 66 55 61 -4 4 0 0.00 M M 9.6 20 230 M M 6 25 230
22 65 53 59 -6 6 0 0.00 M M 6.9 16 260 M M 3 22 230
23 73 50 62 -3 3 0 0.00 M M 6.7 16 300 M M 0 20 300
24 81 55 68 3 0 3 0.00 M M 5.4 16 280 M M 0 19 280
25 82 57 70 5 0 5 0.00 M M 4.9 12 250 M M 0 19 260
26 70 58 64 -1 1 0 0.00 M M 7.5 15 210 M M 5 21 200
27 69 58 64 -1 1 0 0.00 M M 5.2 13 240 M M 4 18 250
28 72 59 66 1 0 1 0.00 M M 5.0 13 270 M M 5 17 240
29 67 57 62 -3 3 0 0.00 M M 6.0 15 190 M M 7 18 19 190
30 69 59 64 -1 1 0 T M M 5.5 14 270 M M 8 18 17 230
31 72 59 66 1 0 1 0.00 M M 4.2 13 220 M M 7 17 240
================================================================================
SM 2184 1783 45 21 0.08 M 185.5 M 187
================================================================================
AV 70.5 57.5 6.0 FASTST M M 6 MAX(MPH)
MISC ----> 20 230 25 230
================================================================================
NOTES:
# LAST OF SEVERAL OCCURRENCES
COLUMN 17 PEAK WIND IN M.P.H.
PRELIMINARY LOCAL CLIMATOLOGICAL DATA (WS FORM: F-6) , PAGE 2
STATION: SAN DIEGO/MONTGOMERY FLD CA
MONTH: MAY
YEAR: 2021
LATITUDE: 32 49 N
LONGITUDE: 117 9 W
[TEMPERATURE DATA] [PRECIPITATION DATA] SYMBOLS USED IN COLUMN 16
AVERAGE MONTHLY: 64.0 TOTAL FOR MONTH: 0.08 1 = FOG OR MIST
DPTR FM NORMAL: -0.4 DPTR FM NORMAL: -0.20 2 = FOG REDUCING VISIBILITY
HIGHEST: 82 ON 25 GRTST 24HR 0.06 ON 2- 2 TO 1/4 MILE OR LESS
LOWEST: 50 ON 23 3 = THUNDER
SNOW, ICE PELLETS, HAIL 4 = ICE PELLETS
TOTAL MONTH: M 5 = HAIL
GRTST 24HR M ON M 6 = FREEZING RAIN OR DRIZZLE
GRTST DEPTH: M ON M 7 = DUSTSTORM OR SANDSTORM:
VSBY 1/2 MILE OR LESS
8 = SMOKE OR HAZE
[NO. OF DAYS WITH] [WEATHER - DAYS WITH] 9 = BLOWING SNOW
X = TORNADO
MAX 32 OR BELOW: 0 0.01 INCH OR MORE: 2
MAX 90 OR ABOVE: 0 0.10 INCH OR MORE: 0
MIN 32 OR BELOW: 0 0.50 INCH OR MORE: 0
MIN 0 OR BELOW: 0 1.00 INCH OR MORE: 0
[HDD (BASE 65) ]
TOTAL THIS MO. 45 CLEAR (SCALE 0-3) 4
DPTR FM NORMAL -14 PTCLDY (SCALE 4-7) 21
TOTAL FM JUL 1 1245 CLOUDY (SCALE 8-10) 6
DPTR FM NORMAL -61
[CDD (BASE 65) ]
TOTAL THIS MO. 21
DPTR FM NORMAL -18 [PRESSURE DATA]
TOTAL FM JAN 1 72 HIGHEST SLP 30.12 ON 23
DPTR FM NORMAL -8 LOWEST SLP 29.82 ON 3
[REMARKS]
#FINAL-05-21#